{"id":3151,"date":"2021-07-05T19:10:46","date_gmt":"2021-07-05T19:10:46","guid":{"rendered":"http:\/\/museojudiodecordoba.org\/?post_type=galeriaitinerante&#038;p=3151"},"modified":"2021-07-05T19:10:46","modified_gmt":"2021-07-05T19:10:46","slug":"atrapar-la-memoria","status":"publish","type":"galeriaitinerante","link":"https:\/\/museojudiodecordoba.org\/en\/galeriaitinerante\/atrapar-la-memoria\/","title":{"rendered":"Atrapar la memoria"},"content":{"rendered":"","protected":false},"featured_media":3146,"template":"","artista":[196],"class_list":["post-3151","galeriaitinerante","type-galeriaitinerante","status-publish","has-post-thumbnail","hentry","artista-sara-goldman"],"yoast_head":"<!-- This site is optimized with the Yoast SEO plugin v23.3 - https:\/\/yoast.com\/wordpress\/plugins\/seo\/ -->\n<title><\/title>\n<meta name=\"robots\" content=\"index, follow, max-snippet:-1, max-image-preview:large, max-video-preview:-1\" \/>\n<link rel=\"canonical\" href=\"https:\/\/museojudiodecordoba.org\/galeriaitinerante\/atrapar-la-memoria\/\" \/>\n<meta property=\"og:locale\" content=\"en_US\" \/>\n<meta property=\"og:type\" content=\"article\" \/>\n<meta property=\"og:title\" content=\"[:es]Atrapar la memoria[:] - MUJU\" \/>\n<meta property=\"og:description\" content=\"[...]Read More...\" \/>\n<meta property=\"og:url\" content=\"https:\/\/museojudiodecordoba.org\/galeriaitinerante\/atrapar-la-memoria\/\" \/>\n<meta property=\"og:site_name\" content=\"MUJU\" \/>\n<meta property=\"og:image\" content=\"https:\/\/museojudiodecordoba.org\/wp-content\/uploads\/2021\/07\/atrapar.jpg\" \/>\n\t<meta property=\"og:image:width\" content=\"1920\" \/>\n\t<meta property=\"og:image:height\" content=\"1371\" \/>\n\t<meta property=\"og:image:type\" content=\"image\/jpeg\" \/>\n<meta name=\"twitter:card\" content=\"summary_large_image\" \/>\n<script type=\"application\/ld+json\" class=\"yoast-schema-graph\">{\"@context\":\"https:\/\/schema.org\",\"@graph\":[{\"@type\":\"WebPage\",\"@id\":\"https:\/\/museojudiodecordoba.org\/galeriaitinerante\/atrapar-la-memoria\/\",\"url\":\"https:\/\/museojudiodecordoba.org\/galeriaitinerante\/atrapar-la-memoria\/\",\"name\":\"[:es]Atrapar la memoria[:] - MUJU\",\"isPartOf\":{\"@id\":\"https:\/\/museojudiodecordoba.org\/en\/#website\"},\"primaryImageOfPage\":{\"@id\":\"https:\/\/museojudiodecordoba.org\/galeriaitinerante\/atrapar-la-memoria\/#primaryimage\"},\"image\":{\"@id\":\"https:\/\/museojudiodecordoba.org\/galeriaitinerante\/atrapar-la-memoria\/#primaryimage\"},\"thumbnailUrl\":\"https:\/\/museojudiodecordoba.org\/wp-content\/uploads\/2021\/07\/atrapar.jpg\",\"datePublished\":\"2021-07-05T19:10:46+00:00\",\"dateModified\":\"2021-07-05T19:10:46+00:00\",\"breadcrumb\":{\"@id\":\"https:\/\/museojudiodecordoba.org\/galeriaitinerante\/atrapar-la-memoria\/#breadcrumb\"},\"inLanguage\":\"en-US\",\"potentialAction\":[{\"@type\":\"ReadAction\",\"target\":[\"https:\/\/museojudiodecordoba.org\/galeriaitinerante\/atrapar-la-memoria\/\"]}]},{\"@type\":\"ImageObject\",\"inLanguage\":\"en-US\",\"@id\":\"https:\/\/museojudiodecordoba.org\/galeriaitinerante\/atrapar-la-memoria\/#primaryimage\",\"url\":\"https:\/\/museojudiodecordoba.org\/wp-content\/uploads\/2021\/07\/atrapar.jpg\",\"contentUrl\":\"https:\/\/museojudiodecordoba.org\/wp-content\/uploads\/2021\/07\/atrapar.jpg\",\"width\":1920,\"height\":1371},{\"@type\":\"BreadcrumbList\",\"@id\":\"https:\/\/museojudiodecordoba.org\/galeriaitinerante\/atrapar-la-memoria\/#breadcrumb\",\"itemListElement\":[{\"@type\":\"ListItem\",\"position\":1,\"name\":\"Portada\",\"item\":\"https:\/\/museojudiodecordoba.org\/en\/\"},{\"@type\":\"ListItem\",\"position\":2,\"name\":\"Atrapar la memoria\"}]},{\"@type\":\"WebSite\",\"@id\":\"https:\/\/museojudiodecordoba.org\/en\/#website\",\"url\":\"https:\/\/museojudiodecordoba.org\/en\/\",\"name\":\"MUJU\",\"description\":\"\",\"potentialAction\":[{\"@type\":\"SearchAction\",\"target\":{\"@type\":\"EntryPoint\",\"urlTemplate\":\"https:\/\/museojudiodecordoba.org\/en\/?s={search_term_string}\"},\"query-input\":\"required name=search_term_string\"}],\"inLanguage\":\"en-US\"}]}<\/script>\n<!-- \/ Yoast SEO plugin. -->","yoast_head_json":{"title":"[:es]Atrapar la memoria[:] - MUJU","robots":{"index":"index","follow":"follow","max-snippet":"max-snippet:-1","max-image-preview":"max-image-preview:large","max-video-preview":"max-video-preview:-1"},"canonical":"https:\/\/museojudiodecordoba.org\/galeriaitinerante\/atrapar-la-memoria\/","og_locale":"en_US","og_type":"article","og_title":"[:es]Atrapar la memoria[:] - MUJU","og_description":"[...]Read More...","og_url":"https:\/\/museojudiodecordoba.org\/galeriaitinerante\/atrapar-la-memoria\/","og_site_name":"MUJU","og_image":[{"width":1920,"height":1371,"url":"https:\/\/museojudiodecordoba.org\/wp-content\/uploads\/2021\/07\/atrapar.jpg","type":"image\/jpeg"}],"twitter_card":"summary_large_image","schema":{"@context":"https:\/\/schema.org","@graph":[{"@type":"WebPage","@id":"https:\/\/museojudiodecordoba.org\/galeriaitinerante\/atrapar-la-memoria\/","url":"https:\/\/museojudiodecordoba.org\/galeriaitinerante\/atrapar-la-memoria\/","name":"[:es]Atrapar la memoria[:] - MUJU","isPartOf":{"@id":"https:\/\/museojudiodecordoba.org\/en\/#website"},"primaryImageOfPage":{"@id":"https:\/\/museojudiodecordoba.org\/galeriaitinerante\/atrapar-la-memoria\/#primaryimage"},"image":{"@id":"https:\/\/museojudiodecordoba.org\/galeriaitinerante\/atrapar-la-memoria\/#primaryimage"},"thumbnailUrl":"https:\/\/museojudiodecordoba.org\/wp-content\/uploads\/2021\/07\/atrapar.jpg","datePublished":"2021-07-05T19:10:46+00:00","dateModified":"2021-07-05T19:10:46+00:00","breadcrumb":{"@id":"https:\/\/museojudiodecordoba.org\/galeriaitinerante\/atrapar-la-memoria\/#breadcrumb"},"inLanguage":"en-US","potentialAction":[{"@type":"ReadAction","target":["https:\/\/museojudiodecordoba.org\/galeriaitinerante\/atrapar-la-memoria\/"]}]},{"@type":"ImageObject","inLanguage":"en-US","@id":"https:\/\/museojudiodecordoba.org\/galeriaitinerante\/atrapar-la-memoria\/#primaryimage","url":"https:\/\/museojudiodecordoba.org\/wp-content\/uploads\/2021\/07\/atrapar.jpg","contentUrl":"https:\/\/museojudiodecordoba.org\/wp-content\/uploads\/2021\/07\/atrapar.jpg","width":1920,"height":1371},{"@type":"BreadcrumbList","@id":"https:\/\/museojudiodecordoba.org\/galeriaitinerante\/atrapar-la-memoria\/#breadcrumb","itemListElement":[{"@type":"ListItem","position":1,"name":"Portada","item":"https:\/\/museojudiodecordoba.org\/en\/"},{"@type":"ListItem","position":2,"name":"Atrapar la memoria"}]},{"@type":"WebSite","@id":"https:\/\/museojudiodecordoba.org\/en\/#website","url":"https:\/\/museojudiodecordoba.org\/en\/","name":"MUJU","description":"","potentialAction":[{"@type":"SearchAction","target":{"@type":"EntryPoint","urlTemplate":"https:\/\/museojudiodecordoba.org\/en\/?s={search_term_string}"},"query-input":"required name=search_term_string"}],"inLanguage":"en-US"}]}},"acf":{"texto_previo_obras":"<p><strong>ATRAPAR LA MEMORIA<\/strong><\/p>\n<p>2015<\/p>\n<p>Textil de cables inform\u00e1ticos<\/p>\n<p>800cm x 400cm<\/p>\n<p>&nbsp;<\/p>\n<p><em>Atrapar la memoria.<\/em><\/p>\n<p><em>\u00a0<\/em><\/p>\n<p><em>\u00a0\u00a0\u00a0\u00a0\u00a0\u00a0\u00a0\u00a0\u00a0\u00a0 Dora cruza el r\u00edo en brazos de su madre, llora. \u00bfC\u00f3mo se silenci\u00f3 ese llanto? \u00bfDe d\u00f3nde hu\u00edan? \u00bfHacia d\u00f3nde iban? \u00bfQui\u00e9n las esperaba en la otra orilla? \u00bfQu\u00e9 dejaban atr\u00e1s? \u00bfY los otros silencios? \u00bfY los otros nombres, los que no podemos nombrar ni siquiera ahora? Sara Goldman se pregunta: d\u00f3nde, cu\u00e1ndo, con qui\u00e9n; soy una o soy miles y ante la inquietud nos propone un hacer, una acci\u00f3n: recordar. <\/em><\/p>\n<p><em>\u00a0<\/em><\/p>\n<p><em>\u00a0\u00a0\u00a0\u00a0\u00a0\u00a0\u00a0\u00a0\u00a0\u00a0 En este entramado de l\u00edneas, nudos, cables la artista teje una red de conexiones y en esa urdimbre entrelaza para nosotros los espectadores la posibilidad de preguntar, de buscar, de recorrer con insistencia los infinitos itinerarios que nos lleven a atrapar la memoria.<\/em><\/p>\n<p><em>\u00a0<\/em><\/p>\n<p><em>Ana Luisa Bondone, C\u00f3rdoba, mayo de 2017.<\/em><\/p>\n","obras_a_mostrar_en_la_galeria":[3145,3147,3149],"titulo_registro_obras":"","obras_secundaria_galeria":"","headerWithImage":true,"foto_de_fondo_para_cabecera":false,"colorCabeceraDePagina":""},"_links":{"self":[{"href":"https:\/\/museojudiodecordoba.org\/en\/wp-json\/wp\/v2\/galeriaitinerante\/3151","targetHints":{"allow":["GET"]}}],"collection":[{"href":"https:\/\/museojudiodecordoba.org\/en\/wp-json\/wp\/v2\/galeriaitinerante"}],"about":[{"href":"https:\/\/museojudiodecordoba.org\/en\/wp-json\/wp\/v2\/types\/galeriaitinerante"}],"wp:featuredmedia":[{"embeddable":true,"href":"https:\/\/museojudiodecordoba.org\/en\/wp-json\/wp\/v2\/media\/3146"}],"wp:attachment":[{"href":"https:\/\/museojudiodecordoba.org\/en\/wp-json\/wp\/v2\/media?parent=3151"}],"wp:term":[{"taxonomy":"artista","embeddable":true,"href":"https:\/\/museojudiodecordoba.org\/en\/wp-json\/wp\/v2\/artista?post=3151"}],"curies":[{"name":"wp","href":"https:\/\/api.w.org\/{rel}","templated":true}]}}

<p><strong>ATRAPAR LA MEMORIA</strong></p>
<p>2015</p>
<p>Textil de cables informáticos</p>
<p>800cm x 400cm</p>
<p>&nbsp;</p>
<p><em>Atrapar la memoria.</em></p>
<p><em> </em></p>
<p><em>           Dora cruza el río en brazos de su madre, llora. ¿Cómo se silenció ese llanto? ¿De dónde huían? ¿Hacia dónde iban? ¿Quién las esperaba en la otra orilla? ¿Qué dejaban atrás? ¿Y los otros silencios? ¿Y los otros nombres, los que no podemos nombrar ni siquiera ahora? Sara Goldman se pregunta: dónde, cuándo, con quién; soy una o soy miles y ante la inquietud nos propone un hacer, una acción: recordar. </em></p>
<p><em> </em></p>
<p><em>           En este entramado de líneas, nudos, cables la artista teje una red de conexiones y en esa urdimbre entrelaza para nosotros los espectadores la posibilidad de preguntar, de buscar, de recorrer con insistencia los infinitos itinerarios que nos lleven a atrapar la memoria.</em></p>
<p><em> </em></p>
<p><em>Ana Luisa Bondone, Córdoba, mayo de 2017.</em></p>
