{"id":3160,"date":"2021-07-05T19:21:17","date_gmt":"2021-07-05T19:21:17","guid":{"rendered":"http:\/\/museojudiodecordoba.org\/?post_type=galeriaitinerante&#038;p=3160"},"modified":"2021-07-05T19:21:17","modified_gmt":"2021-07-05T19:21:17","slug":"proyecto-m","status":"publish","type":"galeriaitinerante","link":"https:\/\/museojudiodecordoba.org\/en\/galeriaitinerante\/proyecto-m\/","title":{"rendered":"Proyecto M"},"content":{"rendered":"","protected":false},"featured_media":3153,"template":"","artista":[196],"class_list":["post-3160","galeriaitinerante","type-galeriaitinerante","status-publish","has-post-thumbnail","hentry","artista-sara-goldman"],"yoast_head":"<!-- This site is optimized with the Yoast SEO plugin v23.3 - https:\/\/yoast.com\/wordpress\/plugins\/seo\/ -->\n<title><\/title>\n<meta name=\"robots\" content=\"index, follow, max-snippet:-1, max-image-preview:large, max-video-preview:-1\" \/>\n<link rel=\"canonical\" href=\"https:\/\/museojudiodecordoba.org\/galeriaitinerante\/proyecto-m\/\" \/>\n<meta property=\"og:locale\" content=\"en_US\" \/>\n<meta property=\"og:type\" content=\"article\" \/>\n<meta property=\"og:title\" content=\"[:es]Proyecto M[:] - MUJU\" \/>\n<meta property=\"og:description\" content=\"[...]Read More...\" \/>\n<meta property=\"og:url\" content=\"https:\/\/museojudiodecordoba.org\/galeriaitinerante\/proyecto-m\/\" \/>\n<meta property=\"og:site_name\" content=\"MUJU\" \/>\n<meta property=\"og:image\" content=\"https:\/\/museojudiodecordoba.org\/wp-content\/uploads\/2021\/07\/proyectoM_01.jpg\" \/>\n\t<meta property=\"og:image:width\" content=\"1200\" \/>\n\t<meta property=\"og:image:height\" content=\"800\" \/>\n\t<meta property=\"og:image:type\" content=\"image\/jpeg\" \/>\n<meta name=\"twitter:card\" content=\"summary_large_image\" \/>\n<script type=\"application\/ld+json\" class=\"yoast-schema-graph\">{\"@context\":\"https:\/\/schema.org\",\"@graph\":[{\"@type\":\"WebPage\",\"@id\":\"https:\/\/museojudiodecordoba.org\/galeriaitinerante\/proyecto-m\/\",\"url\":\"https:\/\/museojudiodecordoba.org\/galeriaitinerante\/proyecto-m\/\",\"name\":\"[:es]Proyecto M[:] - MUJU\",\"isPartOf\":{\"@id\":\"https:\/\/museojudiodecordoba.org\/en\/#website\"},\"primaryImageOfPage\":{\"@id\":\"https:\/\/museojudiodecordoba.org\/galeriaitinerante\/proyecto-m\/#primaryimage\"},\"image\":{\"@id\":\"https:\/\/museojudiodecordoba.org\/galeriaitinerante\/proyecto-m\/#primaryimage\"},\"thumbnailUrl\":\"https:\/\/museojudiodecordoba.org\/wp-content\/uploads\/2021\/07\/proyectoM_01.jpg\",\"datePublished\":\"2021-07-05T19:21:17+00:00\",\"dateModified\":\"2021-07-05T19:21:17+00:00\",\"breadcrumb\":{\"@id\":\"https:\/\/museojudiodecordoba.org\/galeriaitinerante\/proyecto-m\/#breadcrumb\"},\"inLanguage\":\"en-US\",\"potentialAction\":[{\"@type\":\"ReadAction\",\"target\":[\"https:\/\/museojudiodecordoba.org\/galeriaitinerante\/proyecto-m\/\"]}]},{\"@type\":\"ImageObject\",\"inLanguage\":\"en-US\",\"@id\":\"https:\/\/museojudiodecordoba.org\/galeriaitinerante\/proyecto-m\/#primaryimage\",\"url\":\"https:\/\/museojudiodecordoba.org\/wp-content\/uploads\/2021\/07\/proyectoM_01.jpg\",\"contentUrl\":\"https:\/\/museojudiodecordoba.org\/wp-content\/uploads\/2021\/07\/proyectoM_01.jpg\",\"width\":1200,\"height\":800},{\"@type\":\"BreadcrumbList\",\"@id\":\"https:\/\/museojudiodecordoba.org\/galeriaitinerante\/proyecto-m\/#breadcrumb\",\"itemListElement\":[{\"@type\":\"ListItem\",\"position\":1,\"name\":\"Portada\",\"item\":\"https:\/\/museojudiodecordoba.org\/en\/\"},{\"@type\":\"ListItem\",\"position\":2,\"name\":\"Proyecto M\"}]},{\"@type\":\"WebSite\",\"@id\":\"https:\/\/museojudiodecordoba.org\/en\/#website\",\"url\":\"https:\/\/museojudiodecordoba.org\/en\/\",\"name\":\"MUJU\",\"description\":\"\",\"potentialAction\":[{\"@type\":\"SearchAction\",\"target\":{\"@type\":\"EntryPoint\",\"urlTemplate\":\"https:\/\/museojudiodecordoba.org\/en\/?s={search_term_string}\"},\"query-input\":\"required name=search_term_string\"}],\"inLanguage\":\"en-US\"}]}<\/script>\n<!-- \/ Yoast SEO plugin. -->","yoast_head_json":{"title":"[:es]Proyecto M[:] - MUJU","robots":{"index":"index","follow":"follow","max-snippet":"max-snippet:-1","max-image-preview":"max-image-preview:large","max-video-preview":"max-video-preview:-1"},"canonical":"https:\/\/museojudiodecordoba.org\/galeriaitinerante\/proyecto-m\/","og_locale":"en_US","og_type":"article","og_title":"[:es]Proyecto M[:] - MUJU","og_description":"[...]Read More...","og_url":"https:\/\/museojudiodecordoba.org\/galeriaitinerante\/proyecto-m\/","og_site_name":"MUJU","og_image":[{"width":1200,"height":800,"url":"https:\/\/museojudiodecordoba.org\/wp-content\/uploads\/2021\/07\/proyectoM_01.jpg","type":"image\/jpeg"}],"twitter_card":"summary_large_image","schema":{"@context":"https:\/\/schema.org","@graph":[{"@type":"WebPage","@id":"https:\/\/museojudiodecordoba.org\/galeriaitinerante\/proyecto-m\/","url":"https:\/\/museojudiodecordoba.org\/galeriaitinerante\/proyecto-m\/","name":"[:es]Proyecto M[:] - MUJU","isPartOf":{"@id":"https:\/\/museojudiodecordoba.org\/en\/#website"},"primaryImageOfPage":{"@id":"https:\/\/museojudiodecordoba.org\/galeriaitinerante\/proyecto-m\/#primaryimage"},"image":{"@id":"https:\/\/museojudiodecordoba.org\/galeriaitinerante\/proyecto-m\/#primaryimage"},"thumbnailUrl":"https:\/\/museojudiodecordoba.org\/wp-content\/uploads\/2021\/07\/proyectoM_01.jpg","datePublished":"2021-07-05T19:21:17+00:00","dateModified":"2021-07-05T19:21:17+00:00","breadcrumb":{"@id":"https:\/\/museojudiodecordoba.org\/galeriaitinerante\/proyecto-m\/#breadcrumb"},"inLanguage":"en-US","potentialAction":[{"@type":"ReadAction","target":["https:\/\/museojudiodecordoba.org\/galeriaitinerante\/proyecto-m\/"]}]},{"@type":"ImageObject","inLanguage":"en-US","@id":"https:\/\/museojudiodecordoba.org\/galeriaitinerante\/proyecto-m\/#primaryimage","url":"https:\/\/museojudiodecordoba.org\/wp-content\/uploads\/2021\/07\/proyectoM_01.jpg","contentUrl":"https:\/\/museojudiodecordoba.org\/wp-content\/uploads\/2021\/07\/proyectoM_01.jpg","width":1200,"height":800},{"@type":"BreadcrumbList","@id":"https:\/\/museojudiodecordoba.org\/galeriaitinerante\/proyecto-m\/#breadcrumb","itemListElement":[{"@type":"ListItem","position":1,"name":"Portada","item":"https:\/\/museojudiodecordoba.org\/en\/"},{"@type":"ListItem","position":2,"name":"Proyecto M"}]},{"@type":"WebSite","@id":"https:\/\/museojudiodecordoba.org\/en\/#website","url":"https:\/\/museojudiodecordoba.org\/en\/","name":"MUJU","description":"","potentialAction":[{"@type":"SearchAction","target":{"@type":"EntryPoint","urlTemplate":"https:\/\/museojudiodecordoba.org\/en\/?s={search_term_string}"},"query-input":"required name=search_term_string"}],"inLanguage":"en-US"}]}},"acf":{"texto_previo_obras":"<p><strong>PROYECTO M<\/strong>\u2013<\/p>\n<p>Instalaci\u00f3n de 125.250 cartuchos de fibra de color \u2013 Centro Cultural C\u00f3rdoba &#8211; C\u00f3rdoba, Argentina. 2015<\/p>\n<p><em>Sara Goldman despliega su obra como una lluvia crom\u00e1tica que se derrama a modo de un gran velo en el que la paleta de color y las transparencias se mimetizan y dialogan con el espacio que lo contiene.<\/em><\/p>\n<p><em>La verticalidad de la obra recorre las curvas envolventes de hormig\u00f3n del Centro Cultural C\u00f3rdoba en un di\u00e1logo entre lo exterior-interior. Las 750 l\u00edneas verticales de 17 metros cada una, reiteradas y puestas en relaci\u00f3n, conforman un plano virtual de grandes dimensiones que se interpone con flexibilidad y sin resistencia entre el espacio cubierto y el espacio vac\u00edo, uni\u00e9ndolos y separ\u00e1ndolos, ocultando y revelando.<\/em><\/p>\n<p><em>Goldman, ya nos tiene acostumbrados a estas grandes intervenciones en museos o centros culturales, donde busca espacios no centrales o de transici\u00f3n, (esos no lugares de los edificios) para rescatarlos del anonimato y revalorizarlos.<\/em><\/p>\n<p><em>\u00a0<\/em><\/p>\n<p><em>Recicla en un doble sentido: reutiliza objetos desechables y los estetiza, desprendi\u00e9ndolos de la funci\u00f3n para la que fueron concebidos. Tambi\u00e9n redefine los lugares arquitect\u00f3nicos en los que ubica sus obras, les da protagonismo y los recupera.<\/em><\/p>\n<p><em>La reiteraci\u00f3n y la repetici\u00f3n casi obsesivas son rasgos que tambi\u00e9n identifican los trabajos de Sara Goldman. En esta obra desarma, reduce y ensambla, como cuentas de un collar que parece volverse interminable, 125.250 cartuchos de fibra de color que el tiempo ha vuelto inutilizables.<\/em><\/p>\n<p><em>\u00a0<\/em><\/p>\n<p><em>Al igual que sus obras anteriores, a pesar de la cantidad de elementos utilizados y la magnitud de su acumulaci\u00f3n, esta intervenci\u00f3n no resulta desbordante ni excesiva. La sobriedad y la mesura son rasgos distintivos del trabajo de esta artista. Llega a estos resultados combinando determinados materiales, una particular forma de componer y un estilo de intervenci\u00f3n que le son propios. Hace uso de elementos s\u00f3lidos no perecederos, similares o id\u00e9nticos y de alg\u00fan modo as\u00e9pticos, con lo cual logra una unidad sin carga emocional manifiesta.<\/em><\/p>\n<p><em>\u00a0<\/em><\/p>\n<p><em>Compone enhebrando los tubos exteriores de fibras de color: un color, dos colores, 167 colores en cada l\u00ednea que ensambla en un extens\u00edsimo cordel transparente de 12.250 metros. Utiliza un ritmo regular con variaciones crom\u00e1ticas sin estridencias. Interviene sin agredir el espacio. No lo rompe, ni perfora, ni destruye; lo acompa\u00f1a y lo complementa. Su intencionalidad no es confrontativa con el contexto, ni con el espectador.<\/em><\/p>\n<p><em>Sara rescata, redefine, recupera, renombra. Sara juega.<\/em><\/p>\n<p><em>\u00a0<\/em><\/p>\n<p><em>Juan Canavesi<\/em><\/p>\n<p>&nbsp;<\/p>\n<p>Video: https:\/\/youtu.be\/NWMskm3h9XQ<\/p>\n","obras_a_mostrar_en_la_galeria":[3152,3154,3156,3158],"titulo_registro_obras":"","obras_secundaria_galeria":"","headerWithImage":false,"foto_de_fondo_para_cabecera":false,"colorCabeceraDePagina":""},"_links":{"self":[{"href":"https:\/\/museojudiodecordoba.org\/en\/wp-json\/wp\/v2\/galeriaitinerante\/3160","targetHints":{"allow":["GET"]}}],"collection":[{"href":"https:\/\/museojudiodecordoba.org\/en\/wp-json\/wp\/v2\/galeriaitinerante"}],"about":[{"href":"https:\/\/museojudiodecordoba.org\/en\/wp-json\/wp\/v2\/types\/galeriaitinerante"}],"wp:featuredmedia":[{"embeddable":true,"href":"https:\/\/museojudiodecordoba.org\/en\/wp-json\/wp\/v2\/media\/3153"}],"wp:attachment":[{"href":"https:\/\/museojudiodecordoba.org\/en\/wp-json\/wp\/v2\/media?parent=3160"}],"wp:term":[{"taxonomy":"artista","embeddable":true,"href":"https:\/\/museojudiodecordoba.org\/en\/wp-json\/wp\/v2\/artista?post=3160"}],"curies":[{"name":"wp","href":"https:\/\/api.w.org\/{rel}","templated":true}]}}

<p><strong>PROYECTO M</strong>–</p>
<p>Instalación de 125.250 cartuchos de fibra de color – Centro Cultural Córdoba &#8211; Córdoba, Argentina. 2015</p>
<p><em>Sara Goldman despliega su obra como una lluvia cromática que se derrama a modo de un gran velo en el que la paleta de color y las transparencias se mimetizan y dialogan con el espacio que lo contiene.</em></p>
<p><em>La verticalidad de la obra recorre las curvas envolventes de hormigón del Centro Cultural Córdoba en un diálogo entre lo exterior-interior. Las 750 líneas verticales de 17 metros cada una, reiteradas y puestas en relación, conforman un plano virtual de grandes dimensiones que se interpone con flexibilidad y sin resistencia entre el espacio cubierto y el espacio vacío, uniéndolos y separándolos, ocultando y revelando.</em></p>
<p><em>Goldman, ya nos tiene acostumbrados a estas grandes intervenciones en museos o centros culturales, donde busca espacios no centrales o de transición, (esos no lugares de los edificios) para rescatarlos del anonimato y revalorizarlos.</em></p>
<p><em> </em></p>
<p><em>Recicla en un doble sentido: reutiliza objetos desechables y los estetiza, desprendiéndolos de la función para la que fueron concebidos. También redefine los lugares arquitectónicos en los que ubica sus obras, les da protagonismo y los recupera.</em></p>
<p><em>La reiteración y la repetición casi obsesivas son rasgos que también identifican los trabajos de Sara Goldman. En esta obra desarma, reduce y ensambla, como cuentas de un collar que parece volverse interminable, 125.250 cartuchos de fibra de color que el tiempo ha vuelto inutilizables.</em></p>
<p><em> </em></p>
<p><em>Al igual que sus obras anteriores, a pesar de la cantidad de elementos utilizados y la magnitud de su acumulación, esta intervención no resulta desbordante ni excesiva. La sobriedad y la mesura son rasgos distintivos del trabajo de esta artista. Llega a estos resultados combinando determinados materiales, una particular forma de componer y un estilo de intervención que le son propios. Hace uso de elementos sólidos no perecederos, similares o idénticos y de algún modo asépticos, con lo cual logra una unidad sin carga emocional manifiesta.</em></p>
<p><em> </em></p>
<p><em>Compone enhebrando los tubos exteriores de fibras de color: un color, dos colores, 167 colores en cada línea que ensambla en un extensísimo cordel transparente de 12.250 metros. Utiliza un ritmo regular con variaciones cromáticas sin estridencias. Interviene sin agredir el espacio. No lo rompe, ni perfora, ni destruye; lo acompaña y lo complementa. Su intencionalidad no es confrontativa con el contexto, ni con el espectador.</em></p>
<p><em>Sara rescata, redefine, recupera, renombra. Sara juega.</em></p>
<p><em> </em></p>
<p><em>Juan Canavesi</em></p>
<p>&nbsp;</p>
<p>Video: https://youtu.be/NWMskm3h9XQ</p>
