{"id":3805,"date":"2021-08-03T17:57:33","date_gmt":"2021-08-03T17:57:33","guid":{"rendered":"http:\/\/museojudiodecordoba.org\/?post_type=linea_tiempo&#038;p=3805"},"modified":"2021-08-03T17:57:56","modified_gmt":"2021-08-03T17:57:56","slug":"colocacion-de-la-piedra-fundamental-del-primer-templo-de-buenos-aires","status":"publish","type":"linea_tiempo","link":"https:\/\/museojudiodecordoba.org\/en\/linea_tiempo\/colocacion-de-la-piedra-fundamental-del-primer-templo-de-buenos-aires\/","title":{"rendered":"Colocaci\u00f3n de la piedra fundamental del primer Templo de Buenos Aires"},"featured_media":3806,"template":"","meta":{"inline_featured_image":false},"categories":[198],"class_list":["post-3805","linea_tiempo","type-linea_tiempo","status-publish","has-post-thumbnail","hentry","category-198"],"yoast_head":"<!-- This site is optimized with the Yoast SEO plugin v23.3 - https:\/\/yoast.com\/wordpress\/plugins\/seo\/ -->\n<title>Colocaci\u00f3n de la piedra fundamental del primer Templo de Buenos Aires - MUJU<\/title>\n<meta name=\"robots\" content=\"index, follow, max-snippet:-1, max-image-preview:large, max-video-preview:-1\" \/>\n<link rel=\"canonical\" href=\"https:\/\/museojudiodecordoba.org\/linea_tiempo\/colocacion-de-la-piedra-fundamental-del-primer-templo-de-buenos-aires\/\" \/>\n<meta property=\"og:locale\" content=\"en_US\" \/>\n<meta property=\"og:type\" content=\"article\" \/>\n<meta property=\"og:title\" content=\"Colocaci\u00f3n de la piedra fundamental del primer Templo de Buenos Aires - MUJU\" \/>\n<meta property=\"og:description\" content=\"[...]Read More...\" \/>\n<meta property=\"og:url\" content=\"https:\/\/museojudiodecordoba.org\/linea_tiempo\/colocacion-de-la-piedra-fundamental-del-primer-templo-de-buenos-aires\/\" \/>\n<meta property=\"og:site_name\" content=\"MUJU\" \/>\n<meta property=\"article:modified_time\" content=\"2021-08-03T17:57:56+00:00\" \/>\n<meta property=\"og:image\" content=\"https:\/\/museojudiodecordoba.org\/wp-content\/uploads\/2021\/08\/1897.jpg\" \/>\n\t<meta property=\"og:image:width\" content=\"406\" \/>\n\t<meta property=\"og:image:height\" content=\"611\" \/>\n\t<meta property=\"og:image:type\" content=\"image\/jpeg\" \/>\n<meta name=\"twitter:card\" content=\"summary_large_image\" \/>\n<script type=\"application\/ld+json\" class=\"yoast-schema-graph\">{\"@context\":\"https:\/\/schema.org\",\"@graph\":[{\"@type\":\"WebPage\",\"@id\":\"https:\/\/museojudiodecordoba.org\/linea_tiempo\/colocacion-de-la-piedra-fundamental-del-primer-templo-de-buenos-aires\/\",\"url\":\"https:\/\/museojudiodecordoba.org\/linea_tiempo\/colocacion-de-la-piedra-fundamental-del-primer-templo-de-buenos-aires\/\",\"name\":\"Colocaci\u00f3n de la piedra fundamental del primer Templo de Buenos Aires - MUJU\",\"isPartOf\":{\"@id\":\"https:\/\/museojudiodecordoba.org\/en\/#website\"},\"primaryImageOfPage\":{\"@id\":\"https:\/\/museojudiodecordoba.org\/linea_tiempo\/colocacion-de-la-piedra-fundamental-del-primer-templo-de-buenos-aires\/#primaryimage\"},\"image\":{\"@id\":\"https:\/\/museojudiodecordoba.org\/linea_tiempo\/colocacion-de-la-piedra-fundamental-del-primer-templo-de-buenos-aires\/#primaryimage\"},\"thumbnailUrl\":\"https:\/\/museojudiodecordoba.org\/wp-content\/uploads\/2021\/08\/1897.jpg\",\"datePublished\":\"2021-08-03T17:57:33+00:00\",\"dateModified\":\"2021-08-03T17:57:56+00:00\",\"breadcrumb\":{\"@id\":\"https:\/\/museojudiodecordoba.org\/linea_tiempo\/colocacion-de-la-piedra-fundamental-del-primer-templo-de-buenos-aires\/#breadcrumb\"},\"inLanguage\":\"en-US\",\"potentialAction\":[{\"@type\":\"ReadAction\",\"target\":[\"https:\/\/museojudiodecordoba.org\/linea_tiempo\/colocacion-de-la-piedra-fundamental-del-primer-templo-de-buenos-aires\/\"]}]},{\"@type\":\"ImageObject\",\"inLanguage\":\"en-US\",\"@id\":\"https:\/\/museojudiodecordoba.org\/linea_tiempo\/colocacion-de-la-piedra-fundamental-del-primer-templo-de-buenos-aires\/#primaryimage\",\"url\":\"https:\/\/museojudiodecordoba.org\/wp-content\/uploads\/2021\/08\/1897.jpg\",\"contentUrl\":\"https:\/\/museojudiodecordoba.org\/wp-content\/uploads\/2021\/08\/1897.jpg\",\"width\":406,\"height\":611},{\"@type\":\"BreadcrumbList\",\"@id\":\"https:\/\/museojudiodecordoba.org\/linea_tiempo\/colocacion-de-la-piedra-fundamental-del-primer-templo-de-buenos-aires\/#breadcrumb\",\"itemListElement\":[{\"@type\":\"ListItem\",\"position\":1,\"name\":\"Portada\",\"item\":\"https:\/\/museojudiodecordoba.org\/en\/\"},{\"@type\":\"ListItem\",\"position\":2,\"name\":\"Items linea del tiempo\",\"item\":\"https:\/\/museojudiodecordoba.org\/en\/linea_tiempo\/\"},{\"@type\":\"ListItem\",\"position\":3,\"name\":\"Colocaci\u00f3n de la piedra fundamental del primer Templo de Buenos Aires\"}]},{\"@type\":\"WebSite\",\"@id\":\"https:\/\/museojudiodecordoba.org\/en\/#website\",\"url\":\"https:\/\/museojudiodecordoba.org\/en\/\",\"name\":\"MUJU\",\"description\":\"\",\"potentialAction\":[{\"@type\":\"SearchAction\",\"target\":{\"@type\":\"EntryPoint\",\"urlTemplate\":\"https:\/\/museojudiodecordoba.org\/en\/?s={search_term_string}\"},\"query-input\":\"required name=search_term_string\"}],\"inLanguage\":\"en-US\"}]}<\/script>\n<!-- \/ Yoast SEO plugin. -->","yoast_head_json":{"title":"Colocaci\u00f3n de la piedra fundamental del primer Templo de Buenos Aires - MUJU","robots":{"index":"index","follow":"follow","max-snippet":"max-snippet:-1","max-image-preview":"max-image-preview:large","max-video-preview":"max-video-preview:-1"},"canonical":"https:\/\/museojudiodecordoba.org\/linea_tiempo\/colocacion-de-la-piedra-fundamental-del-primer-templo-de-buenos-aires\/","og_locale":"en_US","og_type":"article","og_title":"Colocaci\u00f3n de la piedra fundamental del primer Templo de Buenos Aires - MUJU","og_description":"[...]Read More...","og_url":"https:\/\/museojudiodecordoba.org\/linea_tiempo\/colocacion-de-la-piedra-fundamental-del-primer-templo-de-buenos-aires\/","og_site_name":"MUJU","article_modified_time":"2021-08-03T17:57:56+00:00","og_image":[{"width":406,"height":611,"url":"https:\/\/museojudiodecordoba.org\/wp-content\/uploads\/2021\/08\/1897.jpg","type":"image\/jpeg"}],"twitter_card":"summary_large_image","schema":{"@context":"https:\/\/schema.org","@graph":[{"@type":"WebPage","@id":"https:\/\/museojudiodecordoba.org\/linea_tiempo\/colocacion-de-la-piedra-fundamental-del-primer-templo-de-buenos-aires\/","url":"https:\/\/museojudiodecordoba.org\/linea_tiempo\/colocacion-de-la-piedra-fundamental-del-primer-templo-de-buenos-aires\/","name":"Colocaci\u00f3n de la piedra fundamental del primer Templo de Buenos Aires - MUJU","isPartOf":{"@id":"https:\/\/museojudiodecordoba.org\/en\/#website"},"primaryImageOfPage":{"@id":"https:\/\/museojudiodecordoba.org\/linea_tiempo\/colocacion-de-la-piedra-fundamental-del-primer-templo-de-buenos-aires\/#primaryimage"},"image":{"@id":"https:\/\/museojudiodecordoba.org\/linea_tiempo\/colocacion-de-la-piedra-fundamental-del-primer-templo-de-buenos-aires\/#primaryimage"},"thumbnailUrl":"https:\/\/museojudiodecordoba.org\/wp-content\/uploads\/2021\/08\/1897.jpg","datePublished":"2021-08-03T17:57:33+00:00","dateModified":"2021-08-03T17:57:56+00:00","breadcrumb":{"@id":"https:\/\/museojudiodecordoba.org\/linea_tiempo\/colocacion-de-la-piedra-fundamental-del-primer-templo-de-buenos-aires\/#breadcrumb"},"inLanguage":"en-US","potentialAction":[{"@type":"ReadAction","target":["https:\/\/museojudiodecordoba.org\/linea_tiempo\/colocacion-de-la-piedra-fundamental-del-primer-templo-de-buenos-aires\/"]}]},{"@type":"ImageObject","inLanguage":"en-US","@id":"https:\/\/museojudiodecordoba.org\/linea_tiempo\/colocacion-de-la-piedra-fundamental-del-primer-templo-de-buenos-aires\/#primaryimage","url":"https:\/\/museojudiodecordoba.org\/wp-content\/uploads\/2021\/08\/1897.jpg","contentUrl":"https:\/\/museojudiodecordoba.org\/wp-content\/uploads\/2021\/08\/1897.jpg","width":406,"height":611},{"@type":"BreadcrumbList","@id":"https:\/\/museojudiodecordoba.org\/linea_tiempo\/colocacion-de-la-piedra-fundamental-del-primer-templo-de-buenos-aires\/#breadcrumb","itemListElement":[{"@type":"ListItem","position":1,"name":"Portada","item":"https:\/\/museojudiodecordoba.org\/en\/"},{"@type":"ListItem","position":2,"name":"Items linea del tiempo","item":"https:\/\/museojudiodecordoba.org\/en\/linea_tiempo\/"},{"@type":"ListItem","position":3,"name":"Colocaci\u00f3n de la piedra fundamental del primer Templo de Buenos Aires"}]},{"@type":"WebSite","@id":"https:\/\/museojudiodecordoba.org\/en\/#website","url":"https:\/\/museojudiodecordoba.org\/en\/","name":"MUJU","description":"","potentialAction":[{"@type":"SearchAction","target":{"@type":"EntryPoint","urlTemplate":"https:\/\/museojudiodecordoba.org\/en\/?s={search_term_string}"},"query-input":"required name=search_term_string"}],"inLanguage":"en-US"}]}},"acf":{"year":"1897","end_year":"1897","display_date":"1897","headline":"Colocaci\u00f3n de la piedra fundamental del primer Templo de Buenos Aires","text":"Un 27 de septiembre de 1897 los residentes jud\u00edos en Buenos Aires, unidos en la Congregaci\u00f3n Israelita de Buenos Aires (llamada m\u00e1s adelante: \"de la Rep\u00fablica Argentina\"), colocaron en el actual terreno de Libertad 779 ( frente a donde se encontraba el llamado Palacio Mir\u00f3), la piedra fundacional de la que ser\u00eda la primera sinagoga de Buenos Aires. A la ceremonia asisti\u00f3 el Intendente Municipal, Francisco Alcobendas. Debido al notable crecimiento de la comunidad jud\u00eda el edificio all\u00ed construido fue modificado en gran medida en 1932 adquiriendo la fisonom\u00eda actual. El proyecto de esta modificaci\u00f3n fue elaborado por el arquitecto Norman y los ingenieros Alejandro Enquin y Eugenio Gantner. La firma constructora pertenec\u00eda a los ingenieros Ricchieri, Jaroslavsky y Thiexay.La sinagoga fue declarada Monumento Hist\u00f3rico Nacional el 29 de diciembre de 2000 por decreto 1296.","media":"https:\/\/herzlin.com\/muju\/wp-content\/uploads\/2020\/10\/1897.jpg"},"_links":{"self":[{"href":"https:\/\/museojudiodecordoba.org\/en\/wp-json\/wp\/v2\/ltiempo\/3805","targetHints":{"allow":["GET"]}}],"collection":[{"href":"https:\/\/museojudiodecordoba.org\/en\/wp-json\/wp\/v2\/ltiempo"}],"about":[{"href":"https:\/\/museojudiodecordoba.org\/en\/wp-json\/wp\/v2\/types\/linea_tiempo"}],"wp:featuredmedia":[{"embeddable":true,"href":"https:\/\/museojudiodecordoba.org\/en\/wp-json\/wp\/v2\/media\/3806"}],"wp:attachment":[{"href":"https:\/\/museojudiodecordoba.org\/en\/wp-json\/wp\/v2\/media?parent=3805"}],"wp:term":[{"taxonomy":"category","embeddable":true,"href":"https:\/\/museojudiodecordoba.org\/en\/wp-json\/wp\/v2\/categories?post=3805"}],"curies":[{"name":"wp","href":"https:\/\/api.w.org\/{rel}","templated":true}]}}

Colocación de la piedra fundamental del primer Templo de Buenos Aires

<!-- This site is optimized with the Yoast SEO plugin v23.3 - https://yoast.com/wordpress/plugins/seo/ -->
<title>Colocación de la piedra fundamental del primer Templo de Buenos Aires - MUJU</title>
<meta name="robots" content="index, follow, max-snippet:-1, max-image-preview:large, max-video-preview:-1" />
<link rel="canonical" href="https://museojudiodecordoba.org/linea_tiempo/colocacion-de-la-piedra-fundamental-del-primer-templo-de-buenos-aires/" />
<meta property="og:locale" content="en_US" />
<meta property="og:type" content="article" />
<meta property="og:title" content="Colocación de la piedra fundamental del primer Templo de Buenos Aires - MUJU" />
<meta property="og:description" content="[...]Read More..." />
<meta property="og:url" content="https://museojudiodecordoba.org/linea_tiempo/colocacion-de-la-piedra-fundamental-del-primer-templo-de-buenos-aires/" />
<meta property="og:site_name" content="MUJU" />
<meta property="article:modified_time" content="2021-08-03T17:57:56+00:00" />
<meta property="og:image" content="https://museojudiodecordoba.org/wp-content/uploads/2021/08/1897.jpg" />
	<meta property="og:image:width" content="406" />
	<meta property="og:image:height" content="611" />
	<meta property="og:image:type" content="image/jpeg" />
<meta name="twitter:card" content="summary_large_image" />
<script type="application/ld+json" class="yoast-schema-graph">{"@context":"https://schema.org","@graph":[{"@type":"WebPage","@id":"https://museojudiodecordoba.org/linea_tiempo/colocacion-de-la-piedra-fundamental-del-primer-templo-de-buenos-aires/","url":"https://museojudiodecordoba.org/linea_tiempo/colocacion-de-la-piedra-fundamental-del-primer-templo-de-buenos-aires/","name":"Colocación de la piedra fundamental del primer Templo de Buenos Aires - MUJU","isPartOf":{"@id":"https://museojudiodecordoba.org/en/#website"},"primaryImageOfPage":{"@id":"https://museojudiodecordoba.org/linea_tiempo/colocacion-de-la-piedra-fundamental-del-primer-templo-de-buenos-aires/#primaryimage"},"image":{"@id":"https://museojudiodecordoba.org/linea_tiempo/colocacion-de-la-piedra-fundamental-del-primer-templo-de-buenos-aires/#primaryimage"},"thumbnailUrl":"https://museojudiodecordoba.org/wp-content/uploads/2021/08/1897.jpg","datePublished":"2021-08-03T17:57:33+00:00","dateModified":"2021-08-03T17:57:56+00:00","breadcrumb":{"@id":"https://museojudiodecordoba.org/linea_tiempo/colocacion-de-la-piedra-fundamental-del-primer-templo-de-buenos-aires/#breadcrumb"},"inLanguage":"en-US","potentialAction":[{"@type":"ReadAction","target":["https://museojudiodecordoba.org/linea_tiempo/colocacion-de-la-piedra-fundamental-del-primer-templo-de-buenos-aires/"]}]},{"@type":"ImageObject","inLanguage":"en-US","@id":"https://museojudiodecordoba.org/linea_tiempo/colocacion-de-la-piedra-fundamental-del-primer-templo-de-buenos-aires/#primaryimage","url":"https://museojudiodecordoba.org/wp-content/uploads/2021/08/1897.jpg","contentUrl":"https://museojudiodecordoba.org/wp-content/uploads/2021/08/1897.jpg","width":406,"height":611},{"@type":"BreadcrumbList","@id":"https://museojudiodecordoba.org/linea_tiempo/colocacion-de-la-piedra-fundamental-del-primer-templo-de-buenos-aires/#breadcrumb","itemListElement":[{"@type":"ListItem","position":1,"name":"Portada","item":"https://museojudiodecordoba.org/en/"},{"@type":"ListItem","position":2,"name":"Items linea del tiempo","item":"https://museojudiodecordoba.org/en/linea_tiempo/"},{"@type":"ListItem","position":3,"name":"Colocación de la piedra fundamental del primer Templo de Buenos Aires"}]},{"@type":"WebSite","@id":"https://museojudiodecordoba.org/en/#website","url":"https://museojudiodecordoba.org/en/","name":"MUJU","description":"","potentialAction":[{"@type":"SearchAction","target":{"@type":"EntryPoint","urlTemplate":"https://museojudiodecordoba.org/en/?s={search_term_string}"},"query-input":"required name=search_term_string"}],"inLanguage":"en-US"}]}</script>
<!-- / Yoast SEO plugin. -->

Colocación de la piedra fundamental del primer Templo de Buenos Aires - MUJU

Un 27 de septiembre de 1897 los residentes judíos en Buenos Aires, unidos en la Congregación Israelita de Buenos Aires (llamada más adelante: "de la República Argentina"), colocaron en el actual terreno de Libertad 779 ( frente a donde se encontraba el llamado Palacio Miró), la piedra fundacional de la que sería la primera sinagoga de Buenos Aires. A la ceremonia asistió el Intendente Municipal, Francisco Alcobendas. Debido al notable crecimiento de la comunidad judía el edificio allí construido fue modificado en gran medida en 1932 adquiriendo la fisonomía actual. El proyecto de esta modificación fue elaborado por el arquitecto Norman y los ingenieros Alejandro Enquin y Eugenio Gantner. La firma constructora pertenecía a los ingenieros Ricchieri, Jaroslavsky y Thiexay.La sinagoga fue declarada Monumento Histórico Nacional el 29 de diciembre de 2000 por decreto 1296.
