{"id":3831,"date":"2021-08-03T17:57:18","date_gmt":"2021-08-03T17:57:18","guid":{"rendered":"http:\/\/museojudiodecordoba.org\/?post_type=linea_tiempo&#038;p=3831"},"modified":"2021-08-03T17:57:42","modified_gmt":"2021-08-03T17:57:42","slug":"creacion-del-primer-colegio-hebreo-de-cordoba-baron-hirsch","status":"publish","type":"linea_tiempo","link":"https:\/\/museojudiodecordoba.org\/en\/linea_tiempo\/creacion-del-primer-colegio-hebreo-de-cordoba-baron-hirsch\/","title":{"rendered":"Creaci\u00f3n del primer colegio hebreo de C\u00f3rdoba: Bar\u00f3n Hirsch"},"featured_media":3832,"template":"","meta":{"inline_featured_image":false},"categories":[198],"class_list":["post-3831","linea_tiempo","type-linea_tiempo","status-publish","has-post-thumbnail","hentry","category-198"],"yoast_head":"<!-- This site is optimized with the Yoast SEO plugin v23.3 - https:\/\/yoast.com\/wordpress\/plugins\/seo\/ -->\n<title>Creaci\u00f3n del primer colegio hebreo de C\u00f3rdoba: Bar\u00f3n Hirsch - MUJU<\/title>\n<meta name=\"robots\" content=\"index, follow, max-snippet:-1, max-image-preview:large, max-video-preview:-1\" \/>\n<link rel=\"canonical\" href=\"https:\/\/museojudiodecordoba.org\/linea_tiempo\/creacion-del-primer-colegio-hebreo-de-cordoba-baron-hirsch\/\" \/>\n<meta property=\"og:locale\" content=\"en_US\" \/>\n<meta property=\"og:type\" content=\"article\" \/>\n<meta property=\"og:title\" content=\"Creaci\u00f3n del primer colegio hebreo de C\u00f3rdoba: Bar\u00f3n Hirsch - MUJU\" \/>\n<meta property=\"og:description\" content=\"[...]Read More...\" \/>\n<meta property=\"og:url\" content=\"https:\/\/museojudiodecordoba.org\/linea_tiempo\/creacion-del-primer-colegio-hebreo-de-cordoba-baron-hirsch\/\" \/>\n<meta property=\"og:site_name\" content=\"MUJU\" \/>\n<meta property=\"article:modified_time\" content=\"2021-08-03T17:57:42+00:00\" \/>\n<meta property=\"og:image\" content=\"https:\/\/museojudiodecordoba.org\/wp-content\/uploads\/2021\/08\/6Z9A7304-1024x699.jpg\" \/>\n\t<meta property=\"og:image:width\" content=\"1024\" \/>\n\t<meta property=\"og:image:height\" content=\"699\" \/>\n\t<meta property=\"og:image:type\" content=\"image\/jpeg\" \/>\n<meta name=\"twitter:card\" content=\"summary_large_image\" \/>\n<script type=\"application\/ld+json\" class=\"yoast-schema-graph\">{\"@context\":\"https:\/\/schema.org\",\"@graph\":[{\"@type\":\"WebPage\",\"@id\":\"https:\/\/museojudiodecordoba.org\/linea_tiempo\/creacion-del-primer-colegio-hebreo-de-cordoba-baron-hirsch\/\",\"url\":\"https:\/\/museojudiodecordoba.org\/linea_tiempo\/creacion-del-primer-colegio-hebreo-de-cordoba-baron-hirsch\/\",\"name\":\"Creaci\u00f3n del primer colegio hebreo de C\u00f3rdoba: Bar\u00f3n Hirsch - MUJU\",\"isPartOf\":{\"@id\":\"https:\/\/museojudiodecordoba.org\/en\/#website\"},\"primaryImageOfPage\":{\"@id\":\"https:\/\/museojudiodecordoba.org\/linea_tiempo\/creacion-del-primer-colegio-hebreo-de-cordoba-baron-hirsch\/#primaryimage\"},\"image\":{\"@id\":\"https:\/\/museojudiodecordoba.org\/linea_tiempo\/creacion-del-primer-colegio-hebreo-de-cordoba-baron-hirsch\/#primaryimage\"},\"thumbnailUrl\":\"https:\/\/museojudiodecordoba.org\/wp-content\/uploads\/2021\/08\/6Z9A7304.jpg\",\"datePublished\":\"2021-08-03T17:57:18+00:00\",\"dateModified\":\"2021-08-03T17:57:42+00:00\",\"breadcrumb\":{\"@id\":\"https:\/\/museojudiodecordoba.org\/linea_tiempo\/creacion-del-primer-colegio-hebreo-de-cordoba-baron-hirsch\/#breadcrumb\"},\"inLanguage\":\"en-US\",\"potentialAction\":[{\"@type\":\"ReadAction\",\"target\":[\"https:\/\/museojudiodecordoba.org\/linea_tiempo\/creacion-del-primer-colegio-hebreo-de-cordoba-baron-hirsch\/\"]}]},{\"@type\":\"ImageObject\",\"inLanguage\":\"en-US\",\"@id\":\"https:\/\/museojudiodecordoba.org\/linea_tiempo\/creacion-del-primer-colegio-hebreo-de-cordoba-baron-hirsch\/#primaryimage\",\"url\":\"https:\/\/museojudiodecordoba.org\/wp-content\/uploads\/2021\/08\/6Z9A7304.jpg\",\"contentUrl\":\"https:\/\/museojudiodecordoba.org\/wp-content\/uploads\/2021\/08\/6Z9A7304.jpg\",\"width\":2500,\"height\":1706},{\"@type\":\"BreadcrumbList\",\"@id\":\"https:\/\/museojudiodecordoba.org\/linea_tiempo\/creacion-del-primer-colegio-hebreo-de-cordoba-baron-hirsch\/#breadcrumb\",\"itemListElement\":[{\"@type\":\"ListItem\",\"position\":1,\"name\":\"Portada\",\"item\":\"https:\/\/museojudiodecordoba.org\/en\/\"},{\"@type\":\"ListItem\",\"position\":2,\"name\":\"Items linea del tiempo\",\"item\":\"https:\/\/museojudiodecordoba.org\/en\/linea_tiempo\/\"},{\"@type\":\"ListItem\",\"position\":3,\"name\":\"Creaci\u00f3n del primer colegio hebreo de C\u00f3rdoba: Bar\u00f3n Hirsch\"}]},{\"@type\":\"WebSite\",\"@id\":\"https:\/\/museojudiodecordoba.org\/en\/#website\",\"url\":\"https:\/\/museojudiodecordoba.org\/en\/\",\"name\":\"MUJU\",\"description\":\"\",\"potentialAction\":[{\"@type\":\"SearchAction\",\"target\":{\"@type\":\"EntryPoint\",\"urlTemplate\":\"https:\/\/museojudiodecordoba.org\/en\/?s={search_term_string}\"},\"query-input\":\"required name=search_term_string\"}],\"inLanguage\":\"en-US\"}]}<\/script>\n<!-- \/ Yoast SEO plugin. -->","yoast_head_json":{"title":"Creaci\u00f3n del primer colegio hebreo de C\u00f3rdoba: Bar\u00f3n Hirsch - MUJU","robots":{"index":"index","follow":"follow","max-snippet":"max-snippet:-1","max-image-preview":"max-image-preview:large","max-video-preview":"max-video-preview:-1"},"canonical":"https:\/\/museojudiodecordoba.org\/linea_tiempo\/creacion-del-primer-colegio-hebreo-de-cordoba-baron-hirsch\/","og_locale":"en_US","og_type":"article","og_title":"Creaci\u00f3n del primer colegio hebreo de C\u00f3rdoba: Bar\u00f3n Hirsch - MUJU","og_description":"[...]Read More...","og_url":"https:\/\/museojudiodecordoba.org\/linea_tiempo\/creacion-del-primer-colegio-hebreo-de-cordoba-baron-hirsch\/","og_site_name":"MUJU","article_modified_time":"2021-08-03T17:57:42+00:00","og_image":[{"width":1024,"height":699,"url":"https:\/\/museojudiodecordoba.org\/wp-content\/uploads\/2021\/08\/6Z9A7304-1024x699.jpg","type":"image\/jpeg"}],"twitter_card":"summary_large_image","schema":{"@context":"https:\/\/schema.org","@graph":[{"@type":"WebPage","@id":"https:\/\/museojudiodecordoba.org\/linea_tiempo\/creacion-del-primer-colegio-hebreo-de-cordoba-baron-hirsch\/","url":"https:\/\/museojudiodecordoba.org\/linea_tiempo\/creacion-del-primer-colegio-hebreo-de-cordoba-baron-hirsch\/","name":"Creaci\u00f3n del primer colegio hebreo de C\u00f3rdoba: Bar\u00f3n Hirsch - MUJU","isPartOf":{"@id":"https:\/\/museojudiodecordoba.org\/en\/#website"},"primaryImageOfPage":{"@id":"https:\/\/museojudiodecordoba.org\/linea_tiempo\/creacion-del-primer-colegio-hebreo-de-cordoba-baron-hirsch\/#primaryimage"},"image":{"@id":"https:\/\/museojudiodecordoba.org\/linea_tiempo\/creacion-del-primer-colegio-hebreo-de-cordoba-baron-hirsch\/#primaryimage"},"thumbnailUrl":"https:\/\/museojudiodecordoba.org\/wp-content\/uploads\/2021\/08\/6Z9A7304.jpg","datePublished":"2021-08-03T17:57:18+00:00","dateModified":"2021-08-03T17:57:42+00:00","breadcrumb":{"@id":"https:\/\/museojudiodecordoba.org\/linea_tiempo\/creacion-del-primer-colegio-hebreo-de-cordoba-baron-hirsch\/#breadcrumb"},"inLanguage":"en-US","potentialAction":[{"@type":"ReadAction","target":["https:\/\/museojudiodecordoba.org\/linea_tiempo\/creacion-del-primer-colegio-hebreo-de-cordoba-baron-hirsch\/"]}]},{"@type":"ImageObject","inLanguage":"en-US","@id":"https:\/\/museojudiodecordoba.org\/linea_tiempo\/creacion-del-primer-colegio-hebreo-de-cordoba-baron-hirsch\/#primaryimage","url":"https:\/\/museojudiodecordoba.org\/wp-content\/uploads\/2021\/08\/6Z9A7304.jpg","contentUrl":"https:\/\/museojudiodecordoba.org\/wp-content\/uploads\/2021\/08\/6Z9A7304.jpg","width":2500,"height":1706},{"@type":"BreadcrumbList","@id":"https:\/\/museojudiodecordoba.org\/linea_tiempo\/creacion-del-primer-colegio-hebreo-de-cordoba-baron-hirsch\/#breadcrumb","itemListElement":[{"@type":"ListItem","position":1,"name":"Portada","item":"https:\/\/museojudiodecordoba.org\/en\/"},{"@type":"ListItem","position":2,"name":"Items linea del tiempo","item":"https:\/\/museojudiodecordoba.org\/en\/linea_tiempo\/"},{"@type":"ListItem","position":3,"name":"Creaci\u00f3n del primer colegio hebreo de C\u00f3rdoba: Bar\u00f3n Hirsch"}]},{"@type":"WebSite","@id":"https:\/\/museojudiodecordoba.org\/en\/#website","url":"https:\/\/museojudiodecordoba.org\/en\/","name":"MUJU","description":"","potentialAction":[{"@type":"SearchAction","target":{"@type":"EntryPoint","urlTemplate":"https:\/\/museojudiodecordoba.org\/en\/?s={search_term_string}"},"query-input":"required name=search_term_string"}],"inLanguage":"en-US"}]}},"acf":{"year":"1908","end_year":"1908","display_date":"1908","headline":"Creaci\u00f3n del primer colegio hebreo de C\u00f3rdoba: Bar\u00f3n Hirsch","text":"Se constituye la escuela hebrea Bar\u00f3n Hirsch. Bajo la direcci\u00f3n de Samuel Dujovne funcionaba con subvenci\u00f3n de la Alianza Israelita. ","media":"https:\/\/herzlin.com\/muju\/wp-content\/uploads\/2020\/10\/6Z9A7304.jpg"},"_links":{"self":[{"href":"https:\/\/museojudiodecordoba.org\/en\/wp-json\/wp\/v2\/ltiempo\/3831","targetHints":{"allow":["GET"]}}],"collection":[{"href":"https:\/\/museojudiodecordoba.org\/en\/wp-json\/wp\/v2\/ltiempo"}],"about":[{"href":"https:\/\/museojudiodecordoba.org\/en\/wp-json\/wp\/v2\/types\/linea_tiempo"}],"wp:featuredmedia":[{"embeddable":true,"href":"https:\/\/museojudiodecordoba.org\/en\/wp-json\/wp\/v2\/media\/3832"}],"wp:attachment":[{"href":"https:\/\/museojudiodecordoba.org\/en\/wp-json\/wp\/v2\/media?parent=3831"}],"wp:term":[{"taxonomy":"category","embeddable":true,"href":"https:\/\/museojudiodecordoba.org\/en\/wp-json\/wp\/v2\/categories?post=3831"}],"curies":[{"name":"wp","href":"https:\/\/api.w.org\/{rel}","templated":true}]}}

Creación del primer colegio hebreo de Córdoba: Barón Hirsch

<!-- This site is optimized with the Yoast SEO plugin v23.3 - https://yoast.com/wordpress/plugins/seo/ -->
<title>Creación del primer colegio hebreo de Córdoba: Barón Hirsch - MUJU</title>
<meta name="robots" content="index, follow, max-snippet:-1, max-image-preview:large, max-video-preview:-1" />
<link rel="canonical" href="https://museojudiodecordoba.org/linea_tiempo/creacion-del-primer-colegio-hebreo-de-cordoba-baron-hirsch/" />
<meta property="og:locale" content="en_US" />
<meta property="og:type" content="article" />
<meta property="og:title" content="Creación del primer colegio hebreo de Córdoba: Barón Hirsch - MUJU" />
<meta property="og:description" content="[...]Read More..." />
<meta property="og:url" content="https://museojudiodecordoba.org/linea_tiempo/creacion-del-primer-colegio-hebreo-de-cordoba-baron-hirsch/" />
<meta property="og:site_name" content="MUJU" />
<meta property="article:modified_time" content="2021-08-03T17:57:42+00:00" />
<meta property="og:image" content="https://museojudiodecordoba.org/wp-content/uploads/2021/08/6Z9A7304-1024x699.jpg" />
	<meta property="og:image:width" content="1024" />
	<meta property="og:image:height" content="699" />
	<meta property="og:image:type" content="image/jpeg" />
<meta name="twitter:card" content="summary_large_image" />
<script type="application/ld+json" class="yoast-schema-graph">{"@context":"https://schema.org","@graph":[{"@type":"WebPage","@id":"https://museojudiodecordoba.org/linea_tiempo/creacion-del-primer-colegio-hebreo-de-cordoba-baron-hirsch/","url":"https://museojudiodecordoba.org/linea_tiempo/creacion-del-primer-colegio-hebreo-de-cordoba-baron-hirsch/","name":"Creación del primer colegio hebreo de Córdoba: Barón Hirsch - MUJU","isPartOf":{"@id":"https://museojudiodecordoba.org/en/#website"},"primaryImageOfPage":{"@id":"https://museojudiodecordoba.org/linea_tiempo/creacion-del-primer-colegio-hebreo-de-cordoba-baron-hirsch/#primaryimage"},"image":{"@id":"https://museojudiodecordoba.org/linea_tiempo/creacion-del-primer-colegio-hebreo-de-cordoba-baron-hirsch/#primaryimage"},"thumbnailUrl":"https://museojudiodecordoba.org/wp-content/uploads/2021/08/6Z9A7304.jpg","datePublished":"2021-08-03T17:57:18+00:00","dateModified":"2021-08-03T17:57:42+00:00","breadcrumb":{"@id":"https://museojudiodecordoba.org/linea_tiempo/creacion-del-primer-colegio-hebreo-de-cordoba-baron-hirsch/#breadcrumb"},"inLanguage":"en-US","potentialAction":[{"@type":"ReadAction","target":["https://museojudiodecordoba.org/linea_tiempo/creacion-del-primer-colegio-hebreo-de-cordoba-baron-hirsch/"]}]},{"@type":"ImageObject","inLanguage":"en-US","@id":"https://museojudiodecordoba.org/linea_tiempo/creacion-del-primer-colegio-hebreo-de-cordoba-baron-hirsch/#primaryimage","url":"https://museojudiodecordoba.org/wp-content/uploads/2021/08/6Z9A7304.jpg","contentUrl":"https://museojudiodecordoba.org/wp-content/uploads/2021/08/6Z9A7304.jpg","width":2500,"height":1706},{"@type":"BreadcrumbList","@id":"https://museojudiodecordoba.org/linea_tiempo/creacion-del-primer-colegio-hebreo-de-cordoba-baron-hirsch/#breadcrumb","itemListElement":[{"@type":"ListItem","position":1,"name":"Portada","item":"https://museojudiodecordoba.org/en/"},{"@type":"ListItem","position":2,"name":"Items linea del tiempo","item":"https://museojudiodecordoba.org/en/linea_tiempo/"},{"@type":"ListItem","position":3,"name":"Creación del primer colegio hebreo de Córdoba: Barón Hirsch"}]},{"@type":"WebSite","@id":"https://museojudiodecordoba.org/en/#website","url":"https://museojudiodecordoba.org/en/","name":"MUJU","description":"","potentialAction":[{"@type":"SearchAction","target":{"@type":"EntryPoint","urlTemplate":"https://museojudiodecordoba.org/en/?s={search_term_string}"},"query-input":"required name=search_term_string"}],"inLanguage":"en-US"}]}</script>
<!-- / Yoast SEO plugin. -->

Creación del primer colegio hebreo de Córdoba: Barón Hirsch - MUJU

Se constituye la escuela hebrea Barón Hirsch. Bajo la dirección de Samuel Dujovne funcionaba con subvención de la Alianza Israelita.
