{"id":3842,"date":"2021-08-03T17:57:06","date_gmt":"2021-08-03T17:57:06","guid":{"rendered":"http:\/\/museojudiodecordoba.org\/?post_type=linea_tiempo&#038;p=3842"},"modified":"2021-08-03T17:57:38","modified_gmt":"2021-08-03T17:57:38","slug":"colocacion-de-la-piedra-fundamental-de-la-sinagoga-del-bv-mitre","status":"publish","type":"linea_tiempo","link":"https:\/\/museojudiodecordoba.org\/en\/linea_tiempo\/colocacion-de-la-piedra-fundamental-de-la-sinagoga-del-bv-mitre\/","title":{"rendered":"Colocaci\u00f3n de la piedra fundamental de la Sinagoga del BV. Mitre"},"featured_media":3843,"template":"","meta":{"inline_featured_image":false},"categories":[198],"class_list":["post-3842","linea_tiempo","type-linea_tiempo","status-publish","has-post-thumbnail","hentry","category-198"],"yoast_head":"<!-- This site is optimized with the Yoast SEO plugin v23.3 - https:\/\/yoast.com\/wordpress\/plugins\/seo\/ -->\n<title>Colocaci\u00f3n de la piedra fundamental de la Sinagoga del BV. Mitre - MUJU<\/title>\n<meta name=\"robots\" content=\"index, follow, max-snippet:-1, max-image-preview:large, max-video-preview:-1\" \/>\n<link rel=\"canonical\" href=\"https:\/\/museojudiodecordoba.org\/linea_tiempo\/colocacion-de-la-piedra-fundamental-de-la-sinagoga-del-bv-mitre\/\" \/>\n<meta property=\"og:locale\" content=\"en_US\" \/>\n<meta property=\"og:type\" content=\"article\" \/>\n<meta property=\"og:title\" content=\"Colocaci\u00f3n de la piedra fundamental de la Sinagoga del BV. Mitre - MUJU\" \/>\n<meta property=\"og:description\" content=\"[...]Read More...\" \/>\n<meta property=\"og:url\" content=\"https:\/\/museojudiodecordoba.org\/linea_tiempo\/colocacion-de-la-piedra-fundamental-de-la-sinagoga-del-bv-mitre\/\" \/>\n<meta property=\"og:site_name\" content=\"MUJU\" \/>\n<meta property=\"article:modified_time\" content=\"2021-08-03T17:57:38+00:00\" \/>\n<meta property=\"og:image\" content=\"https:\/\/museojudiodecordoba.org\/wp-content\/uploads\/2021\/08\/1913.png\" \/>\n\t<meta property=\"og:image:width\" content=\"249\" \/>\n\t<meta property=\"og:image:height\" content=\"651\" \/>\n\t<meta property=\"og:image:type\" content=\"image\/png\" \/>\n<meta name=\"twitter:card\" content=\"summary_large_image\" \/>\n<script type=\"application\/ld+json\" class=\"yoast-schema-graph\">{\"@context\":\"https:\/\/schema.org\",\"@graph\":[{\"@type\":\"WebPage\",\"@id\":\"https:\/\/museojudiodecordoba.org\/linea_tiempo\/colocacion-de-la-piedra-fundamental-de-la-sinagoga-del-bv-mitre\/\",\"url\":\"https:\/\/museojudiodecordoba.org\/linea_tiempo\/colocacion-de-la-piedra-fundamental-de-la-sinagoga-del-bv-mitre\/\",\"name\":\"Colocaci\u00f3n de la piedra fundamental de la Sinagoga del BV. Mitre - MUJU\",\"isPartOf\":{\"@id\":\"https:\/\/museojudiodecordoba.org\/en\/#website\"},\"primaryImageOfPage\":{\"@id\":\"https:\/\/museojudiodecordoba.org\/linea_tiempo\/colocacion-de-la-piedra-fundamental-de-la-sinagoga-del-bv-mitre\/#primaryimage\"},\"image\":{\"@id\":\"https:\/\/museojudiodecordoba.org\/linea_tiempo\/colocacion-de-la-piedra-fundamental-de-la-sinagoga-del-bv-mitre\/#primaryimage\"},\"thumbnailUrl\":\"https:\/\/museojudiodecordoba.org\/wp-content\/uploads\/2021\/08\/1913.png\",\"datePublished\":\"2021-08-03T17:57:06+00:00\",\"dateModified\":\"2021-08-03T17:57:38+00:00\",\"breadcrumb\":{\"@id\":\"https:\/\/museojudiodecordoba.org\/linea_tiempo\/colocacion-de-la-piedra-fundamental-de-la-sinagoga-del-bv-mitre\/#breadcrumb\"},\"inLanguage\":\"en-US\",\"potentialAction\":[{\"@type\":\"ReadAction\",\"target\":[\"https:\/\/museojudiodecordoba.org\/linea_tiempo\/colocacion-de-la-piedra-fundamental-de-la-sinagoga-del-bv-mitre\/\"]}]},{\"@type\":\"ImageObject\",\"inLanguage\":\"en-US\",\"@id\":\"https:\/\/museojudiodecordoba.org\/linea_tiempo\/colocacion-de-la-piedra-fundamental-de-la-sinagoga-del-bv-mitre\/#primaryimage\",\"url\":\"https:\/\/museojudiodecordoba.org\/wp-content\/uploads\/2021\/08\/1913.png\",\"contentUrl\":\"https:\/\/museojudiodecordoba.org\/wp-content\/uploads\/2021\/08\/1913.png\",\"width\":249,\"height\":651},{\"@type\":\"BreadcrumbList\",\"@id\":\"https:\/\/museojudiodecordoba.org\/linea_tiempo\/colocacion-de-la-piedra-fundamental-de-la-sinagoga-del-bv-mitre\/#breadcrumb\",\"itemListElement\":[{\"@type\":\"ListItem\",\"position\":1,\"name\":\"Portada\",\"item\":\"https:\/\/museojudiodecordoba.org\/en\/\"},{\"@type\":\"ListItem\",\"position\":2,\"name\":\"Items linea del tiempo\",\"item\":\"https:\/\/museojudiodecordoba.org\/en\/linea_tiempo\/\"},{\"@type\":\"ListItem\",\"position\":3,\"name\":\"Colocaci\u00f3n de la piedra fundamental de la Sinagoga del BV. Mitre\"}]},{\"@type\":\"WebSite\",\"@id\":\"https:\/\/museojudiodecordoba.org\/en\/#website\",\"url\":\"https:\/\/museojudiodecordoba.org\/en\/\",\"name\":\"MUJU\",\"description\":\"\",\"potentialAction\":[{\"@type\":\"SearchAction\",\"target\":{\"@type\":\"EntryPoint\",\"urlTemplate\":\"https:\/\/museojudiodecordoba.org\/en\/?s={search_term_string}\"},\"query-input\":\"required name=search_term_string\"}],\"inLanguage\":\"en-US\"}]}<\/script>\n<!-- \/ Yoast SEO plugin. -->","yoast_head_json":{"title":"Colocaci\u00f3n de la piedra fundamental de la Sinagoga del BV. Mitre - MUJU","robots":{"index":"index","follow":"follow","max-snippet":"max-snippet:-1","max-image-preview":"max-image-preview:large","max-video-preview":"max-video-preview:-1"},"canonical":"https:\/\/museojudiodecordoba.org\/linea_tiempo\/colocacion-de-la-piedra-fundamental-de-la-sinagoga-del-bv-mitre\/","og_locale":"en_US","og_type":"article","og_title":"Colocaci\u00f3n de la piedra fundamental de la Sinagoga del BV. Mitre - MUJU","og_description":"[...]Read More...","og_url":"https:\/\/museojudiodecordoba.org\/linea_tiempo\/colocacion-de-la-piedra-fundamental-de-la-sinagoga-del-bv-mitre\/","og_site_name":"MUJU","article_modified_time":"2021-08-03T17:57:38+00:00","og_image":[{"width":249,"height":651,"url":"https:\/\/museojudiodecordoba.org\/wp-content\/uploads\/2021\/08\/1913.png","type":"image\/png"}],"twitter_card":"summary_large_image","schema":{"@context":"https:\/\/schema.org","@graph":[{"@type":"WebPage","@id":"https:\/\/museojudiodecordoba.org\/linea_tiempo\/colocacion-de-la-piedra-fundamental-de-la-sinagoga-del-bv-mitre\/","url":"https:\/\/museojudiodecordoba.org\/linea_tiempo\/colocacion-de-la-piedra-fundamental-de-la-sinagoga-del-bv-mitre\/","name":"Colocaci\u00f3n de la piedra fundamental de la Sinagoga del BV. Mitre - MUJU","isPartOf":{"@id":"https:\/\/museojudiodecordoba.org\/en\/#website"},"primaryImageOfPage":{"@id":"https:\/\/museojudiodecordoba.org\/linea_tiempo\/colocacion-de-la-piedra-fundamental-de-la-sinagoga-del-bv-mitre\/#primaryimage"},"image":{"@id":"https:\/\/museojudiodecordoba.org\/linea_tiempo\/colocacion-de-la-piedra-fundamental-de-la-sinagoga-del-bv-mitre\/#primaryimage"},"thumbnailUrl":"https:\/\/museojudiodecordoba.org\/wp-content\/uploads\/2021\/08\/1913.png","datePublished":"2021-08-03T17:57:06+00:00","dateModified":"2021-08-03T17:57:38+00:00","breadcrumb":{"@id":"https:\/\/museojudiodecordoba.org\/linea_tiempo\/colocacion-de-la-piedra-fundamental-de-la-sinagoga-del-bv-mitre\/#breadcrumb"},"inLanguage":"en-US","potentialAction":[{"@type":"ReadAction","target":["https:\/\/museojudiodecordoba.org\/linea_tiempo\/colocacion-de-la-piedra-fundamental-de-la-sinagoga-del-bv-mitre\/"]}]},{"@type":"ImageObject","inLanguage":"en-US","@id":"https:\/\/museojudiodecordoba.org\/linea_tiempo\/colocacion-de-la-piedra-fundamental-de-la-sinagoga-del-bv-mitre\/#primaryimage","url":"https:\/\/museojudiodecordoba.org\/wp-content\/uploads\/2021\/08\/1913.png","contentUrl":"https:\/\/museojudiodecordoba.org\/wp-content\/uploads\/2021\/08\/1913.png","width":249,"height":651},{"@type":"BreadcrumbList","@id":"https:\/\/museojudiodecordoba.org\/linea_tiempo\/colocacion-de-la-piedra-fundamental-de-la-sinagoga-del-bv-mitre\/#breadcrumb","itemListElement":[{"@type":"ListItem","position":1,"name":"Portada","item":"https:\/\/museojudiodecordoba.org\/en\/"},{"@type":"ListItem","position":2,"name":"Items linea del tiempo","item":"https:\/\/museojudiodecordoba.org\/en\/linea_tiempo\/"},{"@type":"ListItem","position":3,"name":"Colocaci\u00f3n de la piedra fundamental de la Sinagoga del BV. Mitre"}]},{"@type":"WebSite","@id":"https:\/\/museojudiodecordoba.org\/en\/#website","url":"https:\/\/museojudiodecordoba.org\/en\/","name":"MUJU","description":"","potentialAction":[{"@type":"SearchAction","target":{"@type":"EntryPoint","urlTemplate":"https:\/\/museojudiodecordoba.org\/en\/?s={search_term_string}"},"query-input":"required name=search_term_string"}],"inLanguage":"en-US"}]}},"acf":{"year":"1913","end_year":"1913","display_date":"1913","headline":"Colocaci\u00f3n de la piedra fundamental de la Sinagoga del BV. Mitre","text":"El mismo a\u00f1o se funda la Biblioteca Juventud Israelita de C\u00f3rdoba. ","media":"https:\/\/herzlin.com\/muju\/wp-content\/uploads\/2020\/10\/1913.png"},"_links":{"self":[{"href":"https:\/\/museojudiodecordoba.org\/en\/wp-json\/wp\/v2\/ltiempo\/3842","targetHints":{"allow":["GET"]}}],"collection":[{"href":"https:\/\/museojudiodecordoba.org\/en\/wp-json\/wp\/v2\/ltiempo"}],"about":[{"href":"https:\/\/museojudiodecordoba.org\/en\/wp-json\/wp\/v2\/types\/linea_tiempo"}],"wp:featuredmedia":[{"embeddable":true,"href":"https:\/\/museojudiodecordoba.org\/en\/wp-json\/wp\/v2\/media\/3843"}],"wp:attachment":[{"href":"https:\/\/museojudiodecordoba.org\/en\/wp-json\/wp\/v2\/media?parent=3842"}],"wp:term":[{"taxonomy":"category","embeddable":true,"href":"https:\/\/museojudiodecordoba.org\/en\/wp-json\/wp\/v2\/categories?post=3842"}],"curies":[{"name":"wp","href":"https:\/\/api.w.org\/{rel}","templated":true}]}}

Colocación de la piedra fundamental de la Sinagoga del BV. Mitre

<!-- This site is optimized with the Yoast SEO plugin v23.3 - https://yoast.com/wordpress/plugins/seo/ -->
<title>Colocación de la piedra fundamental de la Sinagoga del BV. Mitre - MUJU</title>
<meta name="robots" content="index, follow, max-snippet:-1, max-image-preview:large, max-video-preview:-1" />
<link rel="canonical" href="https://museojudiodecordoba.org/linea_tiempo/colocacion-de-la-piedra-fundamental-de-la-sinagoga-del-bv-mitre/" />
<meta property="og:locale" content="en_US" />
<meta property="og:type" content="article" />
<meta property="og:title" content="Colocación de la piedra fundamental de la Sinagoga del BV. Mitre - MUJU" />
<meta property="og:description" content="[...]Read More..." />
<meta property="og:url" content="https://museojudiodecordoba.org/linea_tiempo/colocacion-de-la-piedra-fundamental-de-la-sinagoga-del-bv-mitre/" />
<meta property="og:site_name" content="MUJU" />
<meta property="article:modified_time" content="2021-08-03T17:57:38+00:00" />
<meta property="og:image" content="https://museojudiodecordoba.org/wp-content/uploads/2021/08/1913.png" />
	<meta property="og:image:width" content="249" />
	<meta property="og:image:height" content="651" />
	<meta property="og:image:type" content="image/png" />
<meta name="twitter:card" content="summary_large_image" />
<script type="application/ld+json" class="yoast-schema-graph">{"@context":"https://schema.org","@graph":[{"@type":"WebPage","@id":"https://museojudiodecordoba.org/linea_tiempo/colocacion-de-la-piedra-fundamental-de-la-sinagoga-del-bv-mitre/","url":"https://museojudiodecordoba.org/linea_tiempo/colocacion-de-la-piedra-fundamental-de-la-sinagoga-del-bv-mitre/","name":"Colocación de la piedra fundamental de la Sinagoga del BV. Mitre - MUJU","isPartOf":{"@id":"https://museojudiodecordoba.org/en/#website"},"primaryImageOfPage":{"@id":"https://museojudiodecordoba.org/linea_tiempo/colocacion-de-la-piedra-fundamental-de-la-sinagoga-del-bv-mitre/#primaryimage"},"image":{"@id":"https://museojudiodecordoba.org/linea_tiempo/colocacion-de-la-piedra-fundamental-de-la-sinagoga-del-bv-mitre/#primaryimage"},"thumbnailUrl":"https://museojudiodecordoba.org/wp-content/uploads/2021/08/1913.png","datePublished":"2021-08-03T17:57:06+00:00","dateModified":"2021-08-03T17:57:38+00:00","breadcrumb":{"@id":"https://museojudiodecordoba.org/linea_tiempo/colocacion-de-la-piedra-fundamental-de-la-sinagoga-del-bv-mitre/#breadcrumb"},"inLanguage":"en-US","potentialAction":[{"@type":"ReadAction","target":["https://museojudiodecordoba.org/linea_tiempo/colocacion-de-la-piedra-fundamental-de-la-sinagoga-del-bv-mitre/"]}]},{"@type":"ImageObject","inLanguage":"en-US","@id":"https://museojudiodecordoba.org/linea_tiempo/colocacion-de-la-piedra-fundamental-de-la-sinagoga-del-bv-mitre/#primaryimage","url":"https://museojudiodecordoba.org/wp-content/uploads/2021/08/1913.png","contentUrl":"https://museojudiodecordoba.org/wp-content/uploads/2021/08/1913.png","width":249,"height":651},{"@type":"BreadcrumbList","@id":"https://museojudiodecordoba.org/linea_tiempo/colocacion-de-la-piedra-fundamental-de-la-sinagoga-del-bv-mitre/#breadcrumb","itemListElement":[{"@type":"ListItem","position":1,"name":"Portada","item":"https://museojudiodecordoba.org/en/"},{"@type":"ListItem","position":2,"name":"Items linea del tiempo","item":"https://museojudiodecordoba.org/en/linea_tiempo/"},{"@type":"ListItem","position":3,"name":"Colocación de la piedra fundamental de la Sinagoga del BV. Mitre"}]},{"@type":"WebSite","@id":"https://museojudiodecordoba.org/en/#website","url":"https://museojudiodecordoba.org/en/","name":"MUJU","description":"","potentialAction":[{"@type":"SearchAction","target":{"@type":"EntryPoint","urlTemplate":"https://museojudiodecordoba.org/en/?s={search_term_string}"},"query-input":"required name=search_term_string"}],"inLanguage":"en-US"}]}</script>
<!-- / Yoast SEO plugin. -->

Colocación de la piedra fundamental de la Sinagoga del BV. Mitre - MUJU

El mismo año se funda la Biblioteca Juventud Israelita de Córdoba.
