{"id":4092,"date":"2021-08-03T18:04:51","date_gmt":"2021-08-03T18:04:51","guid":{"rendered":"http:\/\/museojudiodecordoba.org\/?post_type=linea_tiempo&#038;p=4092"},"modified":"2021-08-03T18:04:51","modified_gmt":"2021-08-03T18:04:51","slug":"movimiento-jalutziano-hashomer-hatzair","status":"publish","type":"linea_tiempo","link":"https:\/\/museojudiodecordoba.org\/en\/linea_tiempo\/movimiento-jalutziano-hashomer-hatzair\/","title":{"rendered":"Movimiento Jalutziano Hashomer Hatzair"},"featured_media":4093,"template":"","meta":{"inline_featured_image":false},"categories":[18],"class_list":["post-4092","linea_tiempo","type-linea_tiempo","status-publish","has-post-thumbnail","hentry","category-18"],"yoast_head":"<!-- This site is optimized with the Yoast SEO plugin v23.3 - https:\/\/yoast.com\/wordpress\/plugins\/seo\/ -->\n<title>Movimiento Jalutziano Hashomer Hatzair - MUJU<\/title>\n<meta name=\"robots\" content=\"index, follow, max-snippet:-1, max-image-preview:large, max-video-preview:-1\" \/>\n<link rel=\"canonical\" href=\"https:\/\/museojudiodecordoba.org\/linea_tiempo\/movimiento-jalutziano-hashomer-hatzair\/\" \/>\n<meta property=\"og:locale\" content=\"en_US\" \/>\n<meta property=\"og:type\" content=\"article\" \/>\n<meta property=\"og:title\" content=\"Movimiento Jalutziano Hashomer Hatzair - MUJU\" \/>\n<meta property=\"og:description\" content=\"[...]Read More...\" \/>\n<meta property=\"og:url\" content=\"https:\/\/museojudiodecordoba.org\/linea_tiempo\/movimiento-jalutziano-hashomer-hatzair\/\" \/>\n<meta property=\"og:site_name\" content=\"MUJU\" \/>\n<meta property=\"og:image\" content=\"https:\/\/museojudiodecordoba.org\/wp-content\/uploads\/2021\/08\/34-1.jpg\" \/>\n\t<meta property=\"og:image:width\" content=\"1667\" \/>\n\t<meta property=\"og:image:height\" content=\"2500\" \/>\n\t<meta property=\"og:image:type\" content=\"image\/jpeg\" \/>\n<meta name=\"twitter:card\" content=\"summary_large_image\" \/>\n<script type=\"application\/ld+json\" class=\"yoast-schema-graph\">{\"@context\":\"https:\/\/schema.org\",\"@graph\":[{\"@type\":\"WebPage\",\"@id\":\"https:\/\/museojudiodecordoba.org\/linea_tiempo\/movimiento-jalutziano-hashomer-hatzair\/\",\"url\":\"https:\/\/museojudiodecordoba.org\/linea_tiempo\/movimiento-jalutziano-hashomer-hatzair\/\",\"name\":\"Movimiento Jalutziano Hashomer Hatzair - MUJU\",\"isPartOf\":{\"@id\":\"https:\/\/museojudiodecordoba.org\/en\/#website\"},\"primaryImageOfPage\":{\"@id\":\"https:\/\/museojudiodecordoba.org\/linea_tiempo\/movimiento-jalutziano-hashomer-hatzair\/#primaryimage\"},\"image\":{\"@id\":\"https:\/\/museojudiodecordoba.org\/linea_tiempo\/movimiento-jalutziano-hashomer-hatzair\/#primaryimage\"},\"thumbnailUrl\":\"https:\/\/museojudiodecordoba.org\/wp-content\/uploads\/2021\/08\/34-1.jpg\",\"datePublished\":\"2021-08-03T18:04:51+00:00\",\"dateModified\":\"2021-08-03T18:04:51+00:00\",\"breadcrumb\":{\"@id\":\"https:\/\/museojudiodecordoba.org\/linea_tiempo\/movimiento-jalutziano-hashomer-hatzair\/#breadcrumb\"},\"inLanguage\":\"en-US\",\"potentialAction\":[{\"@type\":\"ReadAction\",\"target\":[\"https:\/\/museojudiodecordoba.org\/linea_tiempo\/movimiento-jalutziano-hashomer-hatzair\/\"]}]},{\"@type\":\"ImageObject\",\"inLanguage\":\"en-US\",\"@id\":\"https:\/\/museojudiodecordoba.org\/linea_tiempo\/movimiento-jalutziano-hashomer-hatzair\/#primaryimage\",\"url\":\"https:\/\/museojudiodecordoba.org\/wp-content\/uploads\/2021\/08\/34-1.jpg\",\"contentUrl\":\"https:\/\/museojudiodecordoba.org\/wp-content\/uploads\/2021\/08\/34-1.jpg\",\"width\":1667,\"height\":2500},{\"@type\":\"BreadcrumbList\",\"@id\":\"https:\/\/museojudiodecordoba.org\/linea_tiempo\/movimiento-jalutziano-hashomer-hatzair\/#breadcrumb\",\"itemListElement\":[{\"@type\":\"ListItem\",\"position\":1,\"name\":\"Portada\",\"item\":\"https:\/\/museojudiodecordoba.org\/en\/\"},{\"@type\":\"ListItem\",\"position\":2,\"name\":\"Items linea del tiempo\",\"item\":\"https:\/\/museojudiodecordoba.org\/en\/linea_tiempo\/\"},{\"@type\":\"ListItem\",\"position\":3,\"name\":\"Movimiento Jalutziano Hashomer Hatzair\"}]},{\"@type\":\"WebSite\",\"@id\":\"https:\/\/museojudiodecordoba.org\/en\/#website\",\"url\":\"https:\/\/museojudiodecordoba.org\/en\/\",\"name\":\"MUJU\",\"description\":\"\",\"potentialAction\":[{\"@type\":\"SearchAction\",\"target\":{\"@type\":\"EntryPoint\",\"urlTemplate\":\"https:\/\/museojudiodecordoba.org\/en\/?s={search_term_string}\"},\"query-input\":\"required name=search_term_string\"}],\"inLanguage\":\"en-US\"}]}<\/script>\n<!-- \/ Yoast SEO plugin. -->","yoast_head_json":{"title":"Movimiento Jalutziano Hashomer Hatzair - MUJU","robots":{"index":"index","follow":"follow","max-snippet":"max-snippet:-1","max-image-preview":"max-image-preview:large","max-video-preview":"max-video-preview:-1"},"canonical":"https:\/\/museojudiodecordoba.org\/linea_tiempo\/movimiento-jalutziano-hashomer-hatzair\/","og_locale":"en_US","og_type":"article","og_title":"Movimiento Jalutziano Hashomer Hatzair - MUJU","og_description":"[...]Read More...","og_url":"https:\/\/museojudiodecordoba.org\/linea_tiempo\/movimiento-jalutziano-hashomer-hatzair\/","og_site_name":"MUJU","og_image":[{"width":1667,"height":2500,"url":"https:\/\/museojudiodecordoba.org\/wp-content\/uploads\/2021\/08\/34-1.jpg","type":"image\/jpeg"}],"twitter_card":"summary_large_image","schema":{"@context":"https:\/\/schema.org","@graph":[{"@type":"WebPage","@id":"https:\/\/museojudiodecordoba.org\/linea_tiempo\/movimiento-jalutziano-hashomer-hatzair\/","url":"https:\/\/museojudiodecordoba.org\/linea_tiempo\/movimiento-jalutziano-hashomer-hatzair\/","name":"Movimiento Jalutziano Hashomer Hatzair - MUJU","isPartOf":{"@id":"https:\/\/museojudiodecordoba.org\/en\/#website"},"primaryImageOfPage":{"@id":"https:\/\/museojudiodecordoba.org\/linea_tiempo\/movimiento-jalutziano-hashomer-hatzair\/#primaryimage"},"image":{"@id":"https:\/\/museojudiodecordoba.org\/linea_tiempo\/movimiento-jalutziano-hashomer-hatzair\/#primaryimage"},"thumbnailUrl":"https:\/\/museojudiodecordoba.org\/wp-content\/uploads\/2021\/08\/34-1.jpg","datePublished":"2021-08-03T18:04:51+00:00","dateModified":"2021-08-03T18:04:51+00:00","breadcrumb":{"@id":"https:\/\/museojudiodecordoba.org\/linea_tiempo\/movimiento-jalutziano-hashomer-hatzair\/#breadcrumb"},"inLanguage":"en-US","potentialAction":[{"@type":"ReadAction","target":["https:\/\/museojudiodecordoba.org\/linea_tiempo\/movimiento-jalutziano-hashomer-hatzair\/"]}]},{"@type":"ImageObject","inLanguage":"en-US","@id":"https:\/\/museojudiodecordoba.org\/linea_tiempo\/movimiento-jalutziano-hashomer-hatzair\/#primaryimage","url":"https:\/\/museojudiodecordoba.org\/wp-content\/uploads\/2021\/08\/34-1.jpg","contentUrl":"https:\/\/museojudiodecordoba.org\/wp-content\/uploads\/2021\/08\/34-1.jpg","width":1667,"height":2500},{"@type":"BreadcrumbList","@id":"https:\/\/museojudiodecordoba.org\/linea_tiempo\/movimiento-jalutziano-hashomer-hatzair\/#breadcrumb","itemListElement":[{"@type":"ListItem","position":1,"name":"Portada","item":"https:\/\/museojudiodecordoba.org\/en\/"},{"@type":"ListItem","position":2,"name":"Items linea del tiempo","item":"https:\/\/museojudiodecordoba.org\/en\/linea_tiempo\/"},{"@type":"ListItem","position":3,"name":"Movimiento Jalutziano Hashomer Hatzair"}]},{"@type":"WebSite","@id":"https:\/\/museojudiodecordoba.org\/en\/#website","url":"https:\/\/museojudiodecordoba.org\/en\/","name":"MUJU","description":"","potentialAction":[{"@type":"SearchAction","target":{"@type":"EntryPoint","urlTemplate":"https:\/\/museojudiodecordoba.org\/en\/?s={search_term_string}"},"query-input":"required name=search_term_string"}],"inLanguage":"en-US"}]}},"acf":{"year":"1946","end_year":"1946","display_date":"1946","headline":"Movimiento Jalutziano Hashomer Hatzair","text":"El movimiento Hashomer Hatzair surgi\u00f3 en Polonia en 1913 formado por la fusi\u00f3n de un grupo scout jud\u00edo y un grupo de intelectuales jud\u00edos socialistas. Fue el primer movimiento de ideolog\u00eda sionista socialista basado en el ejemplo personal, el scoutismo, y la realizaci\u00f3n personal a trav\u00e9s de la Aliy\u00e1 (ascenso o inmigraci\u00f3n) para desarrollarse en una forma de vida colectiva. Mordechai Anielewicz l\u00edder del levantamiento del gueto de Varsovia era miembro de este movimiento.","media":"https:\/\/herzlin.com\/muju\/wp-content\/uploads\/2020\/10\/34.jpg"},"_links":{"self":[{"href":"https:\/\/museojudiodecordoba.org\/en\/wp-json\/wp\/v2\/ltiempo\/4092","targetHints":{"allow":["GET"]}}],"collection":[{"href":"https:\/\/museojudiodecordoba.org\/en\/wp-json\/wp\/v2\/ltiempo"}],"about":[{"href":"https:\/\/museojudiodecordoba.org\/en\/wp-json\/wp\/v2\/types\/linea_tiempo"}],"wp:featuredmedia":[{"embeddable":true,"href":"https:\/\/museojudiodecordoba.org\/en\/wp-json\/wp\/v2\/media\/4093"}],"wp:attachment":[{"href":"https:\/\/museojudiodecordoba.org\/en\/wp-json\/wp\/v2\/media?parent=4092"}],"wp:term":[{"taxonomy":"category","embeddable":true,"href":"https:\/\/museojudiodecordoba.org\/en\/wp-json\/wp\/v2\/categories?post=4092"}],"curies":[{"name":"wp","href":"https:\/\/api.w.org\/{rel}","templated":true}]}}

El movimiento Hashomer Hatzair surgió en Polonia en 1913 formado por la fusión de un grupo scout judío y un grupo de intelectuales judíos socialistas. Fue el primer movimiento de ideología sionista socialista basado en el ejemplo personal, el scoutismo, y la realización personal a través de la Aliyá (ascenso o inmigración) para desarrollarse en una forma de vida colectiva. Mordechai Anielewicz líder del levantamiento del gueto de Varsovia era miembro de este movimiento.
