{"id":4113,"date":"2021-08-03T18:04:33","date_gmt":"2021-08-03T18:04:33","guid":{"rendered":"http:\/\/museojudiodecordoba.org\/?post_type=linea_tiempo&#038;p=4113"},"modified":"2021-08-03T18:04:33","modified_gmt":"2021-08-03T18:04:33","slug":"comienzan-las-clases-en-la-escuela-hebrea-de-cordoba","status":"publish","type":"linea_tiempo","link":"https:\/\/museojudiodecordoba.org\/en\/linea_tiempo\/comienzan-las-clases-en-la-escuela-hebrea-de-cordoba\/","title":{"rendered":"Comienzan las clases en la Escuela Hebrea de C\u00f3rdoba"},"featured_media":4114,"template":"","meta":{"inline_featured_image":false},"categories":[203],"class_list":["post-4113","linea_tiempo","type-linea_tiempo","status-publish","has-post-thumbnail","hentry","category-203"],"yoast_head":"<!-- This site is optimized with the Yoast SEO plugin v23.3 - https:\/\/yoast.com\/wordpress\/plugins\/seo\/ -->\n<title>Comienzan las clases en la Escuela Hebrea de C\u00f3rdoba - MUJU<\/title>\n<meta name=\"robots\" content=\"index, follow, max-snippet:-1, max-image-preview:large, max-video-preview:-1\" \/>\n<link rel=\"canonical\" href=\"https:\/\/museojudiodecordoba.org\/linea_tiempo\/comienzan-las-clases-en-la-escuela-hebrea-de-cordoba\/\" \/>\n<meta property=\"og:locale\" content=\"en_US\" \/>\n<meta property=\"og:type\" content=\"article\" \/>\n<meta property=\"og:title\" content=\"Comienzan las clases en la Escuela Hebrea de C\u00f3rdoba - MUJU\" \/>\n<meta property=\"og:description\" content=\"[...]Read More...\" \/>\n<meta property=\"og:url\" content=\"https:\/\/museojudiodecordoba.org\/linea_tiempo\/comienzan-las-clases-en-la-escuela-hebrea-de-cordoba\/\" \/>\n<meta property=\"og:site_name\" content=\"MUJU\" \/>\n<meta property=\"og:image\" content=\"https:\/\/museojudiodecordoba.org\/wp-content\/uploads\/2021\/08\/1950-3.jpg\" \/>\n\t<meta property=\"og:image:width\" content=\"785\" \/>\n\t<meta property=\"og:image:height\" content=\"589\" \/>\n\t<meta property=\"og:image:type\" content=\"image\/jpeg\" \/>\n<meta name=\"twitter:card\" content=\"summary_large_image\" \/>\n<script type=\"application\/ld+json\" class=\"yoast-schema-graph\">{\"@context\":\"https:\/\/schema.org\",\"@graph\":[{\"@type\":\"WebPage\",\"@id\":\"https:\/\/museojudiodecordoba.org\/linea_tiempo\/comienzan-las-clases-en-la-escuela-hebrea-de-cordoba\/\",\"url\":\"https:\/\/museojudiodecordoba.org\/linea_tiempo\/comienzan-las-clases-en-la-escuela-hebrea-de-cordoba\/\",\"name\":\"Comienzan las clases en la Escuela Hebrea de C\u00f3rdoba - MUJU\",\"isPartOf\":{\"@id\":\"https:\/\/museojudiodecordoba.org\/en\/#website\"},\"primaryImageOfPage\":{\"@id\":\"https:\/\/museojudiodecordoba.org\/linea_tiempo\/comienzan-las-clases-en-la-escuela-hebrea-de-cordoba\/#primaryimage\"},\"image\":{\"@id\":\"https:\/\/museojudiodecordoba.org\/linea_tiempo\/comienzan-las-clases-en-la-escuela-hebrea-de-cordoba\/#primaryimage\"},\"thumbnailUrl\":\"https:\/\/museojudiodecordoba.org\/wp-content\/uploads\/2021\/08\/1950-3.jpg\",\"datePublished\":\"2021-08-03T18:04:33+00:00\",\"dateModified\":\"2021-08-03T18:04:33+00:00\",\"breadcrumb\":{\"@id\":\"https:\/\/museojudiodecordoba.org\/linea_tiempo\/comienzan-las-clases-en-la-escuela-hebrea-de-cordoba\/#breadcrumb\"},\"inLanguage\":\"en-US\",\"potentialAction\":[{\"@type\":\"ReadAction\",\"target\":[\"https:\/\/museojudiodecordoba.org\/linea_tiempo\/comienzan-las-clases-en-la-escuela-hebrea-de-cordoba\/\"]}]},{\"@type\":\"ImageObject\",\"inLanguage\":\"en-US\",\"@id\":\"https:\/\/museojudiodecordoba.org\/linea_tiempo\/comienzan-las-clases-en-la-escuela-hebrea-de-cordoba\/#primaryimage\",\"url\":\"https:\/\/museojudiodecordoba.org\/wp-content\/uploads\/2021\/08\/1950-3.jpg\",\"contentUrl\":\"https:\/\/museojudiodecordoba.org\/wp-content\/uploads\/2021\/08\/1950-3.jpg\",\"width\":785,\"height\":589},{\"@type\":\"BreadcrumbList\",\"@id\":\"https:\/\/museojudiodecordoba.org\/linea_tiempo\/comienzan-las-clases-en-la-escuela-hebrea-de-cordoba\/#breadcrumb\",\"itemListElement\":[{\"@type\":\"ListItem\",\"position\":1,\"name\":\"Portada\",\"item\":\"https:\/\/museojudiodecordoba.org\/en\/\"},{\"@type\":\"ListItem\",\"position\":2,\"name\":\"Items linea del tiempo\",\"item\":\"https:\/\/museojudiodecordoba.org\/en\/linea_tiempo\/\"},{\"@type\":\"ListItem\",\"position\":3,\"name\":\"Comienzan las clases en la Escuela Hebrea de C\u00f3rdoba\"}]},{\"@type\":\"WebSite\",\"@id\":\"https:\/\/museojudiodecordoba.org\/en\/#website\",\"url\":\"https:\/\/museojudiodecordoba.org\/en\/\",\"name\":\"MUJU\",\"description\":\"\",\"potentialAction\":[{\"@type\":\"SearchAction\",\"target\":{\"@type\":\"EntryPoint\",\"urlTemplate\":\"https:\/\/museojudiodecordoba.org\/en\/?s={search_term_string}\"},\"query-input\":\"required name=search_term_string\"}],\"inLanguage\":\"en-US\"}]}<\/script>\n<!-- \/ Yoast SEO plugin. -->","yoast_head_json":{"title":"Comienzan las clases en la Escuela Hebrea de C\u00f3rdoba - MUJU","robots":{"index":"index","follow":"follow","max-snippet":"max-snippet:-1","max-image-preview":"max-image-preview:large","max-video-preview":"max-video-preview:-1"},"canonical":"https:\/\/museojudiodecordoba.org\/linea_tiempo\/comienzan-las-clases-en-la-escuela-hebrea-de-cordoba\/","og_locale":"en_US","og_type":"article","og_title":"Comienzan las clases en la Escuela Hebrea de C\u00f3rdoba - MUJU","og_description":"[...]Read More...","og_url":"https:\/\/museojudiodecordoba.org\/linea_tiempo\/comienzan-las-clases-en-la-escuela-hebrea-de-cordoba\/","og_site_name":"MUJU","og_image":[{"width":785,"height":589,"url":"https:\/\/museojudiodecordoba.org\/wp-content\/uploads\/2021\/08\/1950-3.jpg","type":"image\/jpeg"}],"twitter_card":"summary_large_image","schema":{"@context":"https:\/\/schema.org","@graph":[{"@type":"WebPage","@id":"https:\/\/museojudiodecordoba.org\/linea_tiempo\/comienzan-las-clases-en-la-escuela-hebrea-de-cordoba\/","url":"https:\/\/museojudiodecordoba.org\/linea_tiempo\/comienzan-las-clases-en-la-escuela-hebrea-de-cordoba\/","name":"Comienzan las clases en la Escuela Hebrea de C\u00f3rdoba - MUJU","isPartOf":{"@id":"https:\/\/museojudiodecordoba.org\/en\/#website"},"primaryImageOfPage":{"@id":"https:\/\/museojudiodecordoba.org\/linea_tiempo\/comienzan-las-clases-en-la-escuela-hebrea-de-cordoba\/#primaryimage"},"image":{"@id":"https:\/\/museojudiodecordoba.org\/linea_tiempo\/comienzan-las-clases-en-la-escuela-hebrea-de-cordoba\/#primaryimage"},"thumbnailUrl":"https:\/\/museojudiodecordoba.org\/wp-content\/uploads\/2021\/08\/1950-3.jpg","datePublished":"2021-08-03T18:04:33+00:00","dateModified":"2021-08-03T18:04:33+00:00","breadcrumb":{"@id":"https:\/\/museojudiodecordoba.org\/linea_tiempo\/comienzan-las-clases-en-la-escuela-hebrea-de-cordoba\/#breadcrumb"},"inLanguage":"en-US","potentialAction":[{"@type":"ReadAction","target":["https:\/\/museojudiodecordoba.org\/linea_tiempo\/comienzan-las-clases-en-la-escuela-hebrea-de-cordoba\/"]}]},{"@type":"ImageObject","inLanguage":"en-US","@id":"https:\/\/museojudiodecordoba.org\/linea_tiempo\/comienzan-las-clases-en-la-escuela-hebrea-de-cordoba\/#primaryimage","url":"https:\/\/museojudiodecordoba.org\/wp-content\/uploads\/2021\/08\/1950-3.jpg","contentUrl":"https:\/\/museojudiodecordoba.org\/wp-content\/uploads\/2021\/08\/1950-3.jpg","width":785,"height":589},{"@type":"BreadcrumbList","@id":"https:\/\/museojudiodecordoba.org\/linea_tiempo\/comienzan-las-clases-en-la-escuela-hebrea-de-cordoba\/#breadcrumb","itemListElement":[{"@type":"ListItem","position":1,"name":"Portada","item":"https:\/\/museojudiodecordoba.org\/en\/"},{"@type":"ListItem","position":2,"name":"Items linea del tiempo","item":"https:\/\/museojudiodecordoba.org\/en\/linea_tiempo\/"},{"@type":"ListItem","position":3,"name":"Comienzan las clases en la Escuela Hebrea de C\u00f3rdoba"}]},{"@type":"WebSite","@id":"https:\/\/museojudiodecordoba.org\/en\/#website","url":"https:\/\/museojudiodecordoba.org\/en\/","name":"MUJU","description":"","potentialAction":[{"@type":"SearchAction","target":{"@type":"EntryPoint","urlTemplate":"https:\/\/museojudiodecordoba.org\/en\/?s={search_term_string}"},"query-input":"required name=search_term_string"}],"inLanguage":"en-US"}]}},"acf":{"year":"1950","end_year":"1950","display_date":"1950","headline":"Comienzan las clases en la Escuela Hebrea de C\u00f3rdoba","text":"La Escuela Hebrea de C\u00f3rdoba comienza a funcionar con autorizaci\u00f3n provisoria, para impartir la ense\u00f1anza castellano- hebreo. El Dr. Jaime Firstater y el escribano Marcos Mercovich, fueron los encargados de llevar adelante el proyecto en su faz legal, para que se pudieran abrir las puertas del colegio con la garant\u00eda de que los t\u00edtulos con los que los alumnos egresaban ser\u00edan reconocidos por el Ministerio. Para 1950, contaba con una autorizaci\u00f3n provisoria. Dos a\u00f1os despu\u00e9s, en 1952, fue oficializada definitivamente y en celebraci\u00f3n de ello recibimos la visita del Ministro de Educaci\u00f3n de Israel.La Escuela Integral Israelita era la primera de esta \u00edndole en el pa\u00eds, por lo que no pod\u00eda ni ten\u00eda ning\u00fan ejemplo para tomar. En reuniones con otras comunidades del pa\u00eds se expresaba el pesimismo poniendo en dudas la posibilidad de crear una escuela integral. Sin embargo, la kehil\u00e1 de C\u00f3rdoba consideraba que la \u00fanica escuela que tiene raz\u00f3n de ser es la integral, porque es la \u00fanica que asegura que el ni\u00f1o estar\u00e1 en ella 7 u 8 a\u00f1os, y tendr\u00e1 que aprender tanto las materias que le exige el gobierno como tambi\u00e9n el hebreo y el idish.Ese mismo a\u00f1o la Ciudad de C\u00f3rdoba le dedica el nombre de Estado de Israel a una de sus calles.","media":"https:\/\/herzlin.com\/muju\/wp-content\/uploads\/2020\/10\/1950.jpg"},"_links":{"self":[{"href":"https:\/\/museojudiodecordoba.org\/en\/wp-json\/wp\/v2\/ltiempo\/4113","targetHints":{"allow":["GET"]}}],"collection":[{"href":"https:\/\/museojudiodecordoba.org\/en\/wp-json\/wp\/v2\/ltiempo"}],"about":[{"href":"https:\/\/museojudiodecordoba.org\/en\/wp-json\/wp\/v2\/types\/linea_tiempo"}],"wp:featuredmedia":[{"embeddable":true,"href":"https:\/\/museojudiodecordoba.org\/en\/wp-json\/wp\/v2\/media\/4114"}],"wp:attachment":[{"href":"https:\/\/museojudiodecordoba.org\/en\/wp-json\/wp\/v2\/media?parent=4113"}],"wp:term":[{"taxonomy":"category","embeddable":true,"href":"https:\/\/museojudiodecordoba.org\/en\/wp-json\/wp\/v2\/categories?post=4113"}],"curies":[{"name":"wp","href":"https:\/\/api.w.org\/{rel}","templated":true}]}}

Comienzan las clases en la Escuela Hebrea de Córdoba

<!-- This site is optimized with the Yoast SEO plugin v23.3 - https://yoast.com/wordpress/plugins/seo/ -->
<title>Comienzan las clases en la Escuela Hebrea de Córdoba - MUJU</title>
<meta name="robots" content="index, follow, max-snippet:-1, max-image-preview:large, max-video-preview:-1" />
<link rel="canonical" href="https://museojudiodecordoba.org/linea_tiempo/comienzan-las-clases-en-la-escuela-hebrea-de-cordoba/" />
<meta property="og:locale" content="en_US" />
<meta property="og:type" content="article" />
<meta property="og:title" content="Comienzan las clases en la Escuela Hebrea de Córdoba - MUJU" />
<meta property="og:description" content="[...]Read More..." />
<meta property="og:url" content="https://museojudiodecordoba.org/linea_tiempo/comienzan-las-clases-en-la-escuela-hebrea-de-cordoba/" />
<meta property="og:site_name" content="MUJU" />
<meta property="og:image" content="https://museojudiodecordoba.org/wp-content/uploads/2021/08/1950-3.jpg" />
	<meta property="og:image:width" content="785" />
	<meta property="og:image:height" content="589" />
	<meta property="og:image:type" content="image/jpeg" />
<meta name="twitter:card" content="summary_large_image" />
<script type="application/ld+json" class="yoast-schema-graph">{"@context":"https://schema.org","@graph":[{"@type":"WebPage","@id":"https://museojudiodecordoba.org/linea_tiempo/comienzan-las-clases-en-la-escuela-hebrea-de-cordoba/","url":"https://museojudiodecordoba.org/linea_tiempo/comienzan-las-clases-en-la-escuela-hebrea-de-cordoba/","name":"Comienzan las clases en la Escuela Hebrea de Córdoba - MUJU","isPartOf":{"@id":"https://museojudiodecordoba.org/en/#website"},"primaryImageOfPage":{"@id":"https://museojudiodecordoba.org/linea_tiempo/comienzan-las-clases-en-la-escuela-hebrea-de-cordoba/#primaryimage"},"image":{"@id":"https://museojudiodecordoba.org/linea_tiempo/comienzan-las-clases-en-la-escuela-hebrea-de-cordoba/#primaryimage"},"thumbnailUrl":"https://museojudiodecordoba.org/wp-content/uploads/2021/08/1950-3.jpg","datePublished":"2021-08-03T18:04:33+00:00","dateModified":"2021-08-03T18:04:33+00:00","breadcrumb":{"@id":"https://museojudiodecordoba.org/linea_tiempo/comienzan-las-clases-en-la-escuela-hebrea-de-cordoba/#breadcrumb"},"inLanguage":"en-US","potentialAction":[{"@type":"ReadAction","target":["https://museojudiodecordoba.org/linea_tiempo/comienzan-las-clases-en-la-escuela-hebrea-de-cordoba/"]}]},{"@type":"ImageObject","inLanguage":"en-US","@id":"https://museojudiodecordoba.org/linea_tiempo/comienzan-las-clases-en-la-escuela-hebrea-de-cordoba/#primaryimage","url":"https://museojudiodecordoba.org/wp-content/uploads/2021/08/1950-3.jpg","contentUrl":"https://museojudiodecordoba.org/wp-content/uploads/2021/08/1950-3.jpg","width":785,"height":589},{"@type":"BreadcrumbList","@id":"https://museojudiodecordoba.org/linea_tiempo/comienzan-las-clases-en-la-escuela-hebrea-de-cordoba/#breadcrumb","itemListElement":[{"@type":"ListItem","position":1,"name":"Portada","item":"https://museojudiodecordoba.org/en/"},{"@type":"ListItem","position":2,"name":"Items linea del tiempo","item":"https://museojudiodecordoba.org/en/linea_tiempo/"},{"@type":"ListItem","position":3,"name":"Comienzan las clases en la Escuela Hebrea de Córdoba"}]},{"@type":"WebSite","@id":"https://museojudiodecordoba.org/en/#website","url":"https://museojudiodecordoba.org/en/","name":"MUJU","description":"","potentialAction":[{"@type":"SearchAction","target":{"@type":"EntryPoint","urlTemplate":"https://museojudiodecordoba.org/en/?s={search_term_string}"},"query-input":"required name=search_term_string"}],"inLanguage":"en-US"}]}</script>
<!-- / Yoast SEO plugin. -->

Comienzan las clases en la Escuela Hebrea de Córdoba - MUJU

La Escuela Hebrea de Córdoba comienza a funcionar con autorización provisoria, para impartir la enseñanza castellano- hebreo. El Dr. Jaime Firstater y el escribano Marcos Mercovich, fueron los encargados de llevar adelante el proyecto en su faz legal, para que se pudieran abrir las puertas del colegio con la garantía de que los títulos con los que los alumnos egresaban serían reconocidos por el Ministerio. Para 1950, contaba con una autorización provisoria. Dos años después, en 1952, fue oficializada definitivamente y en celebración de ello recibimos la visita del Ministro de Educación de Israel.La Escuela Integral Israelita era la primera de esta índole en el país, por lo que no podía ni tenía ningún ejemplo para tomar. En reuniones con otras comunidades del país se expresaba el pesimismo poniendo en dudas la posibilidad de crear una escuela integral. Sin embargo, la kehilá de Córdoba consideraba que la única escuela que tiene razón de ser es la integral, porque es la única que asegura que el niño estará en ella 7 u 8 años, y tendrá que aprender tanto las materias que le exige el gobierno como también el hebreo y el idish.Ese mismo año la Ciudad de Córdoba le dedica el nombre de Estado de Israel a una de sus calles.
