{"id":4117,"date":"2021-08-03T18:04:28","date_gmt":"2021-08-03T18:04:28","guid":{"rendered":"http:\/\/museojudiodecordoba.org\/?post_type=linea_tiempo&#038;p=4117"},"modified":"2021-08-03T18:04:28","modified_gmt":"2021-08-03T18:04:28","slug":"golda-meyer-visita-la-argentina","status":"publish","type":"linea_tiempo","link":"https:\/\/museojudiodecordoba.org\/en\/linea_tiempo\/golda-meyer-visita-la-argentina\/","title":{"rendered":"Golda Meyer visita la Argentina"},"featured_media":4118,"template":"","meta":{"inline_featured_image":false},"categories":[203],"class_list":["post-4117","linea_tiempo","type-linea_tiempo","status-publish","has-post-thumbnail","hentry","category-203"],"yoast_head":"<!-- This site is optimized with the Yoast SEO plugin v23.3 - https:\/\/yoast.com\/wordpress\/plugins\/seo\/ -->\n<title>Golda Meyer visita la Argentina - MUJU<\/title>\n<meta name=\"robots\" content=\"index, follow, max-snippet:-1, max-image-preview:large, max-video-preview:-1\" \/>\n<link rel=\"canonical\" href=\"https:\/\/museojudiodecordoba.org\/linea_tiempo\/golda-meyer-visita-la-argentina\/\" \/>\n<meta property=\"og:locale\" content=\"en_US\" \/>\n<meta property=\"og:type\" content=\"article\" \/>\n<meta property=\"og:title\" content=\"Golda Meyer visita la Argentina - MUJU\" \/>\n<meta property=\"og:description\" content=\"[...]Read More...\" \/>\n<meta property=\"og:url\" content=\"https:\/\/museojudiodecordoba.org\/linea_tiempo\/golda-meyer-visita-la-argentina\/\" \/>\n<meta property=\"og:site_name\" content=\"MUJU\" \/>\n<meta property=\"og:image\" content=\"https:\/\/museojudiodecordoba.org\/wp-content\/uploads\/2021\/08\/1951A-1.png\" \/>\n\t<meta property=\"og:image:width\" content=\"353\" \/>\n\t<meta property=\"og:image:height\" content=\"297\" \/>\n\t<meta property=\"og:image:type\" content=\"image\/png\" \/>\n<meta name=\"twitter:card\" content=\"summary_large_image\" \/>\n<script type=\"application\/ld+json\" class=\"yoast-schema-graph\">{\"@context\":\"https:\/\/schema.org\",\"@graph\":[{\"@type\":\"WebPage\",\"@id\":\"https:\/\/museojudiodecordoba.org\/linea_tiempo\/golda-meyer-visita-la-argentina\/\",\"url\":\"https:\/\/museojudiodecordoba.org\/linea_tiempo\/golda-meyer-visita-la-argentina\/\",\"name\":\"Golda Meyer visita la Argentina - MUJU\",\"isPartOf\":{\"@id\":\"https:\/\/museojudiodecordoba.org\/en\/#website\"},\"primaryImageOfPage\":{\"@id\":\"https:\/\/museojudiodecordoba.org\/linea_tiempo\/golda-meyer-visita-la-argentina\/#primaryimage\"},\"image\":{\"@id\":\"https:\/\/museojudiodecordoba.org\/linea_tiempo\/golda-meyer-visita-la-argentina\/#primaryimage\"},\"thumbnailUrl\":\"https:\/\/museojudiodecordoba.org\/wp-content\/uploads\/2021\/08\/1951A-1.png\",\"datePublished\":\"2021-08-03T18:04:28+00:00\",\"dateModified\":\"2021-08-03T18:04:28+00:00\",\"breadcrumb\":{\"@id\":\"https:\/\/museojudiodecordoba.org\/linea_tiempo\/golda-meyer-visita-la-argentina\/#breadcrumb\"},\"inLanguage\":\"en-US\",\"potentialAction\":[{\"@type\":\"ReadAction\",\"target\":[\"https:\/\/museojudiodecordoba.org\/linea_tiempo\/golda-meyer-visita-la-argentina\/\"]}]},{\"@type\":\"ImageObject\",\"inLanguage\":\"en-US\",\"@id\":\"https:\/\/museojudiodecordoba.org\/linea_tiempo\/golda-meyer-visita-la-argentina\/#primaryimage\",\"url\":\"https:\/\/museojudiodecordoba.org\/wp-content\/uploads\/2021\/08\/1951A-1.png\",\"contentUrl\":\"https:\/\/museojudiodecordoba.org\/wp-content\/uploads\/2021\/08\/1951A-1.png\",\"width\":353,\"height\":297},{\"@type\":\"BreadcrumbList\",\"@id\":\"https:\/\/museojudiodecordoba.org\/linea_tiempo\/golda-meyer-visita-la-argentina\/#breadcrumb\",\"itemListElement\":[{\"@type\":\"ListItem\",\"position\":1,\"name\":\"Portada\",\"item\":\"https:\/\/museojudiodecordoba.org\/en\/\"},{\"@type\":\"ListItem\",\"position\":2,\"name\":\"Items linea del tiempo\",\"item\":\"https:\/\/museojudiodecordoba.org\/en\/linea_tiempo\/\"},{\"@type\":\"ListItem\",\"position\":3,\"name\":\"Golda Meyer visita la Argentina\"}]},{\"@type\":\"WebSite\",\"@id\":\"https:\/\/museojudiodecordoba.org\/en\/#website\",\"url\":\"https:\/\/museojudiodecordoba.org\/en\/\",\"name\":\"MUJU\",\"description\":\"\",\"potentialAction\":[{\"@type\":\"SearchAction\",\"target\":{\"@type\":\"EntryPoint\",\"urlTemplate\":\"https:\/\/museojudiodecordoba.org\/en\/?s={search_term_string}\"},\"query-input\":\"required name=search_term_string\"}],\"inLanguage\":\"en-US\"}]}<\/script>\n<!-- \/ Yoast SEO plugin. -->","yoast_head_json":{"title":"Golda Meyer visita la Argentina - MUJU","robots":{"index":"index","follow":"follow","max-snippet":"max-snippet:-1","max-image-preview":"max-image-preview:large","max-video-preview":"max-video-preview:-1"},"canonical":"https:\/\/museojudiodecordoba.org\/linea_tiempo\/golda-meyer-visita-la-argentina\/","og_locale":"en_US","og_type":"article","og_title":"Golda Meyer visita la Argentina - MUJU","og_description":"[...]Read More...","og_url":"https:\/\/museojudiodecordoba.org\/linea_tiempo\/golda-meyer-visita-la-argentina\/","og_site_name":"MUJU","og_image":[{"width":353,"height":297,"url":"https:\/\/museojudiodecordoba.org\/wp-content\/uploads\/2021\/08\/1951A-1.png","type":"image\/png"}],"twitter_card":"summary_large_image","schema":{"@context":"https:\/\/schema.org","@graph":[{"@type":"WebPage","@id":"https:\/\/museojudiodecordoba.org\/linea_tiempo\/golda-meyer-visita-la-argentina\/","url":"https:\/\/museojudiodecordoba.org\/linea_tiempo\/golda-meyer-visita-la-argentina\/","name":"Golda Meyer visita la Argentina - MUJU","isPartOf":{"@id":"https:\/\/museojudiodecordoba.org\/en\/#website"},"primaryImageOfPage":{"@id":"https:\/\/museojudiodecordoba.org\/linea_tiempo\/golda-meyer-visita-la-argentina\/#primaryimage"},"image":{"@id":"https:\/\/museojudiodecordoba.org\/linea_tiempo\/golda-meyer-visita-la-argentina\/#primaryimage"},"thumbnailUrl":"https:\/\/museojudiodecordoba.org\/wp-content\/uploads\/2021\/08\/1951A-1.png","datePublished":"2021-08-03T18:04:28+00:00","dateModified":"2021-08-03T18:04:28+00:00","breadcrumb":{"@id":"https:\/\/museojudiodecordoba.org\/linea_tiempo\/golda-meyer-visita-la-argentina\/#breadcrumb"},"inLanguage":"en-US","potentialAction":[{"@type":"ReadAction","target":["https:\/\/museojudiodecordoba.org\/linea_tiempo\/golda-meyer-visita-la-argentina\/"]}]},{"@type":"ImageObject","inLanguage":"en-US","@id":"https:\/\/museojudiodecordoba.org\/linea_tiempo\/golda-meyer-visita-la-argentina\/#primaryimage","url":"https:\/\/museojudiodecordoba.org\/wp-content\/uploads\/2021\/08\/1951A-1.png","contentUrl":"https:\/\/museojudiodecordoba.org\/wp-content\/uploads\/2021\/08\/1951A-1.png","width":353,"height":297},{"@type":"BreadcrumbList","@id":"https:\/\/museojudiodecordoba.org\/linea_tiempo\/golda-meyer-visita-la-argentina\/#breadcrumb","itemListElement":[{"@type":"ListItem","position":1,"name":"Portada","item":"https:\/\/museojudiodecordoba.org\/en\/"},{"@type":"ListItem","position":2,"name":"Items linea del tiempo","item":"https:\/\/museojudiodecordoba.org\/en\/linea_tiempo\/"},{"@type":"ListItem","position":3,"name":"Golda Meyer visita la Argentina"}]},{"@type":"WebSite","@id":"https:\/\/museojudiodecordoba.org\/en\/#website","url":"https:\/\/museojudiodecordoba.org\/en\/","name":"MUJU","description":"","potentialAction":[{"@type":"SearchAction","target":{"@type":"EntryPoint","urlTemplate":"https:\/\/museojudiodecordoba.org\/en\/?s={search_term_string}"},"query-input":"required name=search_term_string"}],"inLanguage":"en-US"}]}},"acf":{"year":"1951","end_year":"1951","display_date":"1951","headline":"Golda Meyer visita la Argentina","text":"Golda Meyer visit\u00f3 la Argentina en abril de 1951 siendo Ministro de Trabajo de Israel. Visit\u00f3 Buenos Aires y se reuni\u00f3 de manera muy afectiva con Eva Per\u00f3n, por la labor realizada en favor del Estado de Israel. El Gobierno de Per\u00f3n fue uno de los primeros en reconocer al Estado de Israel y fue uno de los pocos que le brindaron ayuda humanitaria durante la guerra de la \u00abindependencia israel\u00ed\u00bb Hasta el d\u00eda de hoy, pueden verse en algunos kibbutz muebles, implementos agr\u00edcolas, frazadas y s\u00e1banas con el sello de la Fundaci\u00f3n Eva Per\u00f3n. Gran cantidad de p\u00fablico se dio cita cada vez que vino, en el Estadio \u00abLuna Park\u00bb de Buenos Aires.","media":"http:\/\/museojudiodecordoba.org\/wp-content\/uploads\/2020\/12\/1951A.png"},"_links":{"self":[{"href":"https:\/\/museojudiodecordoba.org\/en\/wp-json\/wp\/v2\/ltiempo\/4117","targetHints":{"allow":["GET"]}}],"collection":[{"href":"https:\/\/museojudiodecordoba.org\/en\/wp-json\/wp\/v2\/ltiempo"}],"about":[{"href":"https:\/\/museojudiodecordoba.org\/en\/wp-json\/wp\/v2\/types\/linea_tiempo"}],"wp:featuredmedia":[{"embeddable":true,"href":"https:\/\/museojudiodecordoba.org\/en\/wp-json\/wp\/v2\/media\/4118"}],"wp:attachment":[{"href":"https:\/\/museojudiodecordoba.org\/en\/wp-json\/wp\/v2\/media?parent=4117"}],"wp:term":[{"taxonomy":"category","embeddable":true,"href":"https:\/\/museojudiodecordoba.org\/en\/wp-json\/wp\/v2\/categories?post=4117"}],"curies":[{"name":"wp","href":"https:\/\/api.w.org\/{rel}","templated":true}]}}

Golda Meyer visitó la Argentina en abril de 1951 siendo Ministro de Trabajo de Israel. Visitó Buenos Aires y se reunió de manera muy afectiva con Eva Perón, por la labor realizada en favor del Estado de Israel. El Gobierno de Perón fue uno de los primeros en reconocer al Estado de Israel y fue uno de los pocos que le brindaron ayuda humanitaria durante la guerra de la «independencia israelí» Hasta el día de hoy, pueden verse en algunos kibbutz muebles, implementos agrícolas, frazadas y sábanas con el sello de la Fundación Eva Perón. Gran cantidad de público se dio cita cada vez que vino, en el Estadio «Luna Park» de Buenos Aires.
