{"id":4119,"date":"2021-08-03T18:04:26","date_gmt":"2021-08-03T18:04:26","guid":{"rendered":"http:\/\/museojudiodecordoba.org\/?post_type=linea_tiempo&#038;p=4119"},"modified":"2021-08-03T18:04:26","modified_gmt":"2021-08-03T18:04:26","slug":"primeras-ensenanzas-de-rikudim-en-el-pais","status":"publish","type":"linea_tiempo","link":"https:\/\/museojudiodecordoba.org\/en\/linea_tiempo\/primeras-ensenanzas-de-rikudim-en-el-pais\/","title":{"rendered":"Primeras ense\u00f1anzas de rikudim en el pa\u00eds"},"featured_media":4120,"template":"","meta":{"inline_featured_image":false},"categories":[203],"class_list":["post-4119","linea_tiempo","type-linea_tiempo","status-publish","has-post-thumbnail","hentry","category-203"],"yoast_head":"<!-- This site is optimized with the Yoast SEO plugin v23.3 - https:\/\/yoast.com\/wordpress\/plugins\/seo\/ -->\n<title>Primeras ense\u00f1anzas de rikudim en el pa\u00eds - MUJU<\/title>\n<meta name=\"robots\" content=\"index, follow, max-snippet:-1, max-image-preview:large, max-video-preview:-1\" \/>\n<link rel=\"canonical\" href=\"https:\/\/museojudiodecordoba.org\/linea_tiempo\/primeras-ensenanzas-de-rikudim-en-el-pais\/\" \/>\n<meta property=\"og:locale\" content=\"en_US\" \/>\n<meta property=\"og:type\" content=\"article\" \/>\n<meta property=\"og:title\" content=\"Primeras ense\u00f1anzas de rikudim en el pa\u00eds - MUJU\" \/>\n<meta property=\"og:description\" content=\"[...]Read More...\" \/>\n<meta property=\"og:url\" content=\"https:\/\/museojudiodecordoba.org\/linea_tiempo\/primeras-ensenanzas-de-rikudim-en-el-pais\/\" \/>\n<meta property=\"og:site_name\" content=\"MUJU\" \/>\n<meta property=\"og:image\" content=\"https:\/\/museojudiodecordoba.org\/wp-content\/uploads\/2021\/08\/1951C-1.png\" \/>\n\t<meta property=\"og:image:width\" content=\"615\" \/>\n\t<meta property=\"og:image:height\" content=\"360\" \/>\n\t<meta property=\"og:image:type\" content=\"image\/png\" \/>\n<meta name=\"twitter:card\" content=\"summary_large_image\" \/>\n<script type=\"application\/ld+json\" class=\"yoast-schema-graph\">{\"@context\":\"https:\/\/schema.org\",\"@graph\":[{\"@type\":\"WebPage\",\"@id\":\"https:\/\/museojudiodecordoba.org\/linea_tiempo\/primeras-ensenanzas-de-rikudim-en-el-pais\/\",\"url\":\"https:\/\/museojudiodecordoba.org\/linea_tiempo\/primeras-ensenanzas-de-rikudim-en-el-pais\/\",\"name\":\"Primeras ense\u00f1anzas de rikudim en el pa\u00eds - MUJU\",\"isPartOf\":{\"@id\":\"https:\/\/museojudiodecordoba.org\/en\/#website\"},\"primaryImageOfPage\":{\"@id\":\"https:\/\/museojudiodecordoba.org\/linea_tiempo\/primeras-ensenanzas-de-rikudim-en-el-pais\/#primaryimage\"},\"image\":{\"@id\":\"https:\/\/museojudiodecordoba.org\/linea_tiempo\/primeras-ensenanzas-de-rikudim-en-el-pais\/#primaryimage\"},\"thumbnailUrl\":\"https:\/\/museojudiodecordoba.org\/wp-content\/uploads\/2021\/08\/1951C-1.png\",\"datePublished\":\"2021-08-03T18:04:26+00:00\",\"dateModified\":\"2021-08-03T18:04:26+00:00\",\"breadcrumb\":{\"@id\":\"https:\/\/museojudiodecordoba.org\/linea_tiempo\/primeras-ensenanzas-de-rikudim-en-el-pais\/#breadcrumb\"},\"inLanguage\":\"en-US\",\"potentialAction\":[{\"@type\":\"ReadAction\",\"target\":[\"https:\/\/museojudiodecordoba.org\/linea_tiempo\/primeras-ensenanzas-de-rikudim-en-el-pais\/\"]}]},{\"@type\":\"ImageObject\",\"inLanguage\":\"en-US\",\"@id\":\"https:\/\/museojudiodecordoba.org\/linea_tiempo\/primeras-ensenanzas-de-rikudim-en-el-pais\/#primaryimage\",\"url\":\"https:\/\/museojudiodecordoba.org\/wp-content\/uploads\/2021\/08\/1951C-1.png\",\"contentUrl\":\"https:\/\/museojudiodecordoba.org\/wp-content\/uploads\/2021\/08\/1951C-1.png\",\"width\":615,\"height\":360},{\"@type\":\"BreadcrumbList\",\"@id\":\"https:\/\/museojudiodecordoba.org\/linea_tiempo\/primeras-ensenanzas-de-rikudim-en-el-pais\/#breadcrumb\",\"itemListElement\":[{\"@type\":\"ListItem\",\"position\":1,\"name\":\"Portada\",\"item\":\"https:\/\/museojudiodecordoba.org\/en\/\"},{\"@type\":\"ListItem\",\"position\":2,\"name\":\"Items linea del tiempo\",\"item\":\"https:\/\/museojudiodecordoba.org\/en\/linea_tiempo\/\"},{\"@type\":\"ListItem\",\"position\":3,\"name\":\"Primeras ense\u00f1anzas de rikudim en el pa\u00eds\"}]},{\"@type\":\"WebSite\",\"@id\":\"https:\/\/museojudiodecordoba.org\/en\/#website\",\"url\":\"https:\/\/museojudiodecordoba.org\/en\/\",\"name\":\"MUJU\",\"description\":\"\",\"potentialAction\":[{\"@type\":\"SearchAction\",\"target\":{\"@type\":\"EntryPoint\",\"urlTemplate\":\"https:\/\/museojudiodecordoba.org\/en\/?s={search_term_string}\"},\"query-input\":\"required name=search_term_string\"}],\"inLanguage\":\"en-US\"}]}<\/script>\n<!-- \/ Yoast SEO plugin. -->","yoast_head_json":{"title":"Primeras ense\u00f1anzas de rikudim en el pa\u00eds - MUJU","robots":{"index":"index","follow":"follow","max-snippet":"max-snippet:-1","max-image-preview":"max-image-preview:large","max-video-preview":"max-video-preview:-1"},"canonical":"https:\/\/museojudiodecordoba.org\/linea_tiempo\/primeras-ensenanzas-de-rikudim-en-el-pais\/","og_locale":"en_US","og_type":"article","og_title":"Primeras ense\u00f1anzas de rikudim en el pa\u00eds - MUJU","og_description":"[...]Read More...","og_url":"https:\/\/museojudiodecordoba.org\/linea_tiempo\/primeras-ensenanzas-de-rikudim-en-el-pais\/","og_site_name":"MUJU","og_image":[{"width":615,"height":360,"url":"https:\/\/museojudiodecordoba.org\/wp-content\/uploads\/2021\/08\/1951C-1.png","type":"image\/png"}],"twitter_card":"summary_large_image","schema":{"@context":"https:\/\/schema.org","@graph":[{"@type":"WebPage","@id":"https:\/\/museojudiodecordoba.org\/linea_tiempo\/primeras-ensenanzas-de-rikudim-en-el-pais\/","url":"https:\/\/museojudiodecordoba.org\/linea_tiempo\/primeras-ensenanzas-de-rikudim-en-el-pais\/","name":"Primeras ense\u00f1anzas de rikudim en el pa\u00eds - MUJU","isPartOf":{"@id":"https:\/\/museojudiodecordoba.org\/en\/#website"},"primaryImageOfPage":{"@id":"https:\/\/museojudiodecordoba.org\/linea_tiempo\/primeras-ensenanzas-de-rikudim-en-el-pais\/#primaryimage"},"image":{"@id":"https:\/\/museojudiodecordoba.org\/linea_tiempo\/primeras-ensenanzas-de-rikudim-en-el-pais\/#primaryimage"},"thumbnailUrl":"https:\/\/museojudiodecordoba.org\/wp-content\/uploads\/2021\/08\/1951C-1.png","datePublished":"2021-08-03T18:04:26+00:00","dateModified":"2021-08-03T18:04:26+00:00","breadcrumb":{"@id":"https:\/\/museojudiodecordoba.org\/linea_tiempo\/primeras-ensenanzas-de-rikudim-en-el-pais\/#breadcrumb"},"inLanguage":"en-US","potentialAction":[{"@type":"ReadAction","target":["https:\/\/museojudiodecordoba.org\/linea_tiempo\/primeras-ensenanzas-de-rikudim-en-el-pais\/"]}]},{"@type":"ImageObject","inLanguage":"en-US","@id":"https:\/\/museojudiodecordoba.org\/linea_tiempo\/primeras-ensenanzas-de-rikudim-en-el-pais\/#primaryimage","url":"https:\/\/museojudiodecordoba.org\/wp-content\/uploads\/2021\/08\/1951C-1.png","contentUrl":"https:\/\/museojudiodecordoba.org\/wp-content\/uploads\/2021\/08\/1951C-1.png","width":615,"height":360},{"@type":"BreadcrumbList","@id":"https:\/\/museojudiodecordoba.org\/linea_tiempo\/primeras-ensenanzas-de-rikudim-en-el-pais\/#breadcrumb","itemListElement":[{"@type":"ListItem","position":1,"name":"Portada","item":"https:\/\/museojudiodecordoba.org\/en\/"},{"@type":"ListItem","position":2,"name":"Items linea del tiempo","item":"https:\/\/museojudiodecordoba.org\/en\/linea_tiempo\/"},{"@type":"ListItem","position":3,"name":"Primeras ense\u00f1anzas de rikudim en el pa\u00eds"}]},{"@type":"WebSite","@id":"https:\/\/museojudiodecordoba.org\/en\/#website","url":"https:\/\/museojudiodecordoba.org\/en\/","name":"MUJU","description":"","potentialAction":[{"@type":"SearchAction","target":{"@type":"EntryPoint","urlTemplate":"https:\/\/museojudiodecordoba.org\/en\/?s={search_term_string}"},"query-input":"required name=search_term_string"}],"inLanguage":"en-US"}]}},"acf":{"year":"1951","end_year":"1951","display_date":"1951","headline":"Primeras ense\u00f1anzas de rikudim en el pa\u00eds","text":"El rikudim es el c\u00famulo de estilos y bailes folcl\u00f3ricos propios de Israel, y contrario a lo que se cree, su origen no se remonta a los tiempos b\u00edblicos del pueblo de Israel, si no m\u00e1s bien este folclore fue gestado y dado a luz durante la primera mitad del siglo XX.","media":"http:\/\/museojudiodecordoba.org\/wp-content\/uploads\/2020\/12\/1951C.png"},"_links":{"self":[{"href":"https:\/\/museojudiodecordoba.org\/en\/wp-json\/wp\/v2\/ltiempo\/4119","targetHints":{"allow":["GET"]}}],"collection":[{"href":"https:\/\/museojudiodecordoba.org\/en\/wp-json\/wp\/v2\/ltiempo"}],"about":[{"href":"https:\/\/museojudiodecordoba.org\/en\/wp-json\/wp\/v2\/types\/linea_tiempo"}],"wp:featuredmedia":[{"embeddable":true,"href":"https:\/\/museojudiodecordoba.org\/en\/wp-json\/wp\/v2\/media\/4120"}],"wp:attachment":[{"href":"https:\/\/museojudiodecordoba.org\/en\/wp-json\/wp\/v2\/media?parent=4119"}],"wp:term":[{"taxonomy":"category","embeddable":true,"href":"https:\/\/museojudiodecordoba.org\/en\/wp-json\/wp\/v2\/categories?post=4119"}],"curies":[{"name":"wp","href":"https:\/\/api.w.org\/{rel}","templated":true}]}}

Primeras enseñanzas de rikudim en el país

<!-- This site is optimized with the Yoast SEO plugin v23.3 - https://yoast.com/wordpress/plugins/seo/ -->
<title>Primeras enseñanzas de rikudim en el país - MUJU</title>
<meta name="robots" content="index, follow, max-snippet:-1, max-image-preview:large, max-video-preview:-1" />
<link rel="canonical" href="https://museojudiodecordoba.org/linea_tiempo/primeras-ensenanzas-de-rikudim-en-el-pais/" />
<meta property="og:locale" content="en_US" />
<meta property="og:type" content="article" />
<meta property="og:title" content="Primeras enseñanzas de rikudim en el país - MUJU" />
<meta property="og:description" content="[...]Read More..." />
<meta property="og:url" content="https://museojudiodecordoba.org/linea_tiempo/primeras-ensenanzas-de-rikudim-en-el-pais/" />
<meta property="og:site_name" content="MUJU" />
<meta property="og:image" content="https://museojudiodecordoba.org/wp-content/uploads/2021/08/1951C-1.png" />
	<meta property="og:image:width" content="615" />
	<meta property="og:image:height" content="360" />
	<meta property="og:image:type" content="image/png" />
<meta name="twitter:card" content="summary_large_image" />
<script type="application/ld+json" class="yoast-schema-graph">{"@context":"https://schema.org","@graph":[{"@type":"WebPage","@id":"https://museojudiodecordoba.org/linea_tiempo/primeras-ensenanzas-de-rikudim-en-el-pais/","url":"https://museojudiodecordoba.org/linea_tiempo/primeras-ensenanzas-de-rikudim-en-el-pais/","name":"Primeras enseñanzas de rikudim en el país - MUJU","isPartOf":{"@id":"https://museojudiodecordoba.org/en/#website"},"primaryImageOfPage":{"@id":"https://museojudiodecordoba.org/linea_tiempo/primeras-ensenanzas-de-rikudim-en-el-pais/#primaryimage"},"image":{"@id":"https://museojudiodecordoba.org/linea_tiempo/primeras-ensenanzas-de-rikudim-en-el-pais/#primaryimage"},"thumbnailUrl":"https://museojudiodecordoba.org/wp-content/uploads/2021/08/1951C-1.png","datePublished":"2021-08-03T18:04:26+00:00","dateModified":"2021-08-03T18:04:26+00:00","breadcrumb":{"@id":"https://museojudiodecordoba.org/linea_tiempo/primeras-ensenanzas-de-rikudim-en-el-pais/#breadcrumb"},"inLanguage":"en-US","potentialAction":[{"@type":"ReadAction","target":["https://museojudiodecordoba.org/linea_tiempo/primeras-ensenanzas-de-rikudim-en-el-pais/"]}]},{"@type":"ImageObject","inLanguage":"en-US","@id":"https://museojudiodecordoba.org/linea_tiempo/primeras-ensenanzas-de-rikudim-en-el-pais/#primaryimage","url":"https://museojudiodecordoba.org/wp-content/uploads/2021/08/1951C-1.png","contentUrl":"https://museojudiodecordoba.org/wp-content/uploads/2021/08/1951C-1.png","width":615,"height":360},{"@type":"BreadcrumbList","@id":"https://museojudiodecordoba.org/linea_tiempo/primeras-ensenanzas-de-rikudim-en-el-pais/#breadcrumb","itemListElement":[{"@type":"ListItem","position":1,"name":"Portada","item":"https://museojudiodecordoba.org/en/"},{"@type":"ListItem","position":2,"name":"Items linea del tiempo","item":"https://museojudiodecordoba.org/en/linea_tiempo/"},{"@type":"ListItem","position":3,"name":"Primeras enseñanzas de rikudim en el país"}]},{"@type":"WebSite","@id":"https://museojudiodecordoba.org/en/#website","url":"https://museojudiodecordoba.org/en/","name":"MUJU","description":"","potentialAction":[{"@type":"SearchAction","target":{"@type":"EntryPoint","urlTemplate":"https://museojudiodecordoba.org/en/?s={search_term_string}"},"query-input":"required name=search_term_string"}],"inLanguage":"en-US"}]}</script>
<!-- / Yoast SEO plugin. -->

Primeras enseñanzas de rikudim en el país - MUJU

El rikudim es el cúmulo de estilos y bailes folclóricos propios de Israel, y contrario a lo que se cree, su origen no se remonta a los tiempos bíblicos del pueblo de Israel, si no más bien este folclore fue gestado y dado a luz durante la primera mitad del siglo XX.
