{"id":4141,"date":"2021-08-03T18:01:39","date_gmt":"2021-08-03T18:01:39","guid":{"rendered":"http:\/\/museojudiodecordoba.org\/?post_type=linea_tiempo&#038;p=4141"},"modified":"2021-08-03T18:01:39","modified_gmt":"2021-08-03T18:01:39","slug":"convencion-sudamericana-del-congreso-judio-mundial","status":"publish","type":"linea_tiempo","link":"https:\/\/museojudiodecordoba.org\/en\/linea_tiempo\/convencion-sudamericana-del-congreso-judio-mundial\/","title":{"rendered":"Convenci\u00f3n Sudamericana del Congreso Jud\u00edo Mundial"},"featured_media":4142,"template":"","meta":{"inline_featured_image":false},"categories":[203],"class_list":["post-4141","linea_tiempo","type-linea_tiempo","status-publish","has-post-thumbnail","hentry","category-203"],"yoast_head":"<!-- This site is optimized with the Yoast SEO plugin v23.3 - https:\/\/yoast.com\/wordpress\/plugins\/seo\/ -->\n<title>Convenci\u00f3n Sudamericana del Congreso Jud\u00edo Mundial - MUJU<\/title>\n<meta name=\"robots\" content=\"index, follow, max-snippet:-1, max-image-preview:large, max-video-preview:-1\" \/>\n<link rel=\"canonical\" href=\"https:\/\/museojudiodecordoba.org\/linea_tiempo\/convencion-sudamericana-del-congreso-judio-mundial\/\" \/>\n<meta property=\"og:locale\" content=\"en_US\" \/>\n<meta property=\"og:type\" content=\"article\" \/>\n<meta property=\"og:title\" content=\"Convenci\u00f3n Sudamericana del Congreso Jud\u00edo Mundial - MUJU\" \/>\n<meta property=\"og:description\" content=\"[...]Read More...\" \/>\n<meta property=\"og:url\" content=\"https:\/\/museojudiodecordoba.org\/linea_tiempo\/convencion-sudamericana-del-congreso-judio-mundial\/\" \/>\n<meta property=\"og:site_name\" content=\"MUJU\" \/>\n<meta property=\"og:image\" content=\"https:\/\/museojudiodecordoba.org\/wp-content\/uploads\/2021\/08\/1958.png\" \/>\n\t<meta property=\"og:image:width\" content=\"306\" \/>\n\t<meta property=\"og:image:height\" content=\"104\" \/>\n\t<meta property=\"og:image:type\" content=\"image\/png\" \/>\n<meta name=\"twitter:card\" content=\"summary_large_image\" \/>\n<script type=\"application\/ld+json\" class=\"yoast-schema-graph\">{\"@context\":\"https:\/\/schema.org\",\"@graph\":[{\"@type\":\"WebPage\",\"@id\":\"https:\/\/museojudiodecordoba.org\/linea_tiempo\/convencion-sudamericana-del-congreso-judio-mundial\/\",\"url\":\"https:\/\/museojudiodecordoba.org\/linea_tiempo\/convencion-sudamericana-del-congreso-judio-mundial\/\",\"name\":\"Convenci\u00f3n Sudamericana del Congreso Jud\u00edo Mundial - MUJU\",\"isPartOf\":{\"@id\":\"https:\/\/museojudiodecordoba.org\/en\/#website\"},\"primaryImageOfPage\":{\"@id\":\"https:\/\/museojudiodecordoba.org\/linea_tiempo\/convencion-sudamericana-del-congreso-judio-mundial\/#primaryimage\"},\"image\":{\"@id\":\"https:\/\/museojudiodecordoba.org\/linea_tiempo\/convencion-sudamericana-del-congreso-judio-mundial\/#primaryimage\"},\"thumbnailUrl\":\"https:\/\/museojudiodecordoba.org\/wp-content\/uploads\/2021\/08\/1958.png\",\"datePublished\":\"2021-08-03T18:01:39+00:00\",\"dateModified\":\"2021-08-03T18:01:39+00:00\",\"breadcrumb\":{\"@id\":\"https:\/\/museojudiodecordoba.org\/linea_tiempo\/convencion-sudamericana-del-congreso-judio-mundial\/#breadcrumb\"},\"inLanguage\":\"en-US\",\"potentialAction\":[{\"@type\":\"ReadAction\",\"target\":[\"https:\/\/museojudiodecordoba.org\/linea_tiempo\/convencion-sudamericana-del-congreso-judio-mundial\/\"]}]},{\"@type\":\"ImageObject\",\"inLanguage\":\"en-US\",\"@id\":\"https:\/\/museojudiodecordoba.org\/linea_tiempo\/convencion-sudamericana-del-congreso-judio-mundial\/#primaryimage\",\"url\":\"https:\/\/museojudiodecordoba.org\/wp-content\/uploads\/2021\/08\/1958.png\",\"contentUrl\":\"https:\/\/museojudiodecordoba.org\/wp-content\/uploads\/2021\/08\/1958.png\",\"width\":306,\"height\":104},{\"@type\":\"BreadcrumbList\",\"@id\":\"https:\/\/museojudiodecordoba.org\/linea_tiempo\/convencion-sudamericana-del-congreso-judio-mundial\/#breadcrumb\",\"itemListElement\":[{\"@type\":\"ListItem\",\"position\":1,\"name\":\"Portada\",\"item\":\"https:\/\/museojudiodecordoba.org\/en\/\"},{\"@type\":\"ListItem\",\"position\":2,\"name\":\"Items linea del tiempo\",\"item\":\"https:\/\/museojudiodecordoba.org\/en\/linea_tiempo\/\"},{\"@type\":\"ListItem\",\"position\":3,\"name\":\"Convenci\u00f3n Sudamericana del Congreso Jud\u00edo Mundial\"}]},{\"@type\":\"WebSite\",\"@id\":\"https:\/\/museojudiodecordoba.org\/en\/#website\",\"url\":\"https:\/\/museojudiodecordoba.org\/en\/\",\"name\":\"MUJU\",\"description\":\"\",\"potentialAction\":[{\"@type\":\"SearchAction\",\"target\":{\"@type\":\"EntryPoint\",\"urlTemplate\":\"https:\/\/museojudiodecordoba.org\/en\/?s={search_term_string}\"},\"query-input\":\"required name=search_term_string\"}],\"inLanguage\":\"en-US\"}]}<\/script>\n<!-- \/ Yoast SEO plugin. -->","yoast_head_json":{"title":"Convenci\u00f3n Sudamericana del Congreso Jud\u00edo Mundial - MUJU","robots":{"index":"index","follow":"follow","max-snippet":"max-snippet:-1","max-image-preview":"max-image-preview:large","max-video-preview":"max-video-preview:-1"},"canonical":"https:\/\/museojudiodecordoba.org\/linea_tiempo\/convencion-sudamericana-del-congreso-judio-mundial\/","og_locale":"en_US","og_type":"article","og_title":"Convenci\u00f3n Sudamericana del Congreso Jud\u00edo Mundial - MUJU","og_description":"[...]Read More...","og_url":"https:\/\/museojudiodecordoba.org\/linea_tiempo\/convencion-sudamericana-del-congreso-judio-mundial\/","og_site_name":"MUJU","og_image":[{"width":306,"height":104,"url":"https:\/\/museojudiodecordoba.org\/wp-content\/uploads\/2021\/08\/1958.png","type":"image\/png"}],"twitter_card":"summary_large_image","schema":{"@context":"https:\/\/schema.org","@graph":[{"@type":"WebPage","@id":"https:\/\/museojudiodecordoba.org\/linea_tiempo\/convencion-sudamericana-del-congreso-judio-mundial\/","url":"https:\/\/museojudiodecordoba.org\/linea_tiempo\/convencion-sudamericana-del-congreso-judio-mundial\/","name":"Convenci\u00f3n Sudamericana del Congreso Jud\u00edo Mundial - MUJU","isPartOf":{"@id":"https:\/\/museojudiodecordoba.org\/en\/#website"},"primaryImageOfPage":{"@id":"https:\/\/museojudiodecordoba.org\/linea_tiempo\/convencion-sudamericana-del-congreso-judio-mundial\/#primaryimage"},"image":{"@id":"https:\/\/museojudiodecordoba.org\/linea_tiempo\/convencion-sudamericana-del-congreso-judio-mundial\/#primaryimage"},"thumbnailUrl":"https:\/\/museojudiodecordoba.org\/wp-content\/uploads\/2021\/08\/1958.png","datePublished":"2021-08-03T18:01:39+00:00","dateModified":"2021-08-03T18:01:39+00:00","breadcrumb":{"@id":"https:\/\/museojudiodecordoba.org\/linea_tiempo\/convencion-sudamericana-del-congreso-judio-mundial\/#breadcrumb"},"inLanguage":"en-US","potentialAction":[{"@type":"ReadAction","target":["https:\/\/museojudiodecordoba.org\/linea_tiempo\/convencion-sudamericana-del-congreso-judio-mundial\/"]}]},{"@type":"ImageObject","inLanguage":"en-US","@id":"https:\/\/museojudiodecordoba.org\/linea_tiempo\/convencion-sudamericana-del-congreso-judio-mundial\/#primaryimage","url":"https:\/\/museojudiodecordoba.org\/wp-content\/uploads\/2021\/08\/1958.png","contentUrl":"https:\/\/museojudiodecordoba.org\/wp-content\/uploads\/2021\/08\/1958.png","width":306,"height":104},{"@type":"BreadcrumbList","@id":"https:\/\/museojudiodecordoba.org\/linea_tiempo\/convencion-sudamericana-del-congreso-judio-mundial\/#breadcrumb","itemListElement":[{"@type":"ListItem","position":1,"name":"Portada","item":"https:\/\/museojudiodecordoba.org\/en\/"},{"@type":"ListItem","position":2,"name":"Items linea del tiempo","item":"https:\/\/museojudiodecordoba.org\/en\/linea_tiempo\/"},{"@type":"ListItem","position":3,"name":"Convenci\u00f3n Sudamericana del Congreso Jud\u00edo Mundial"}]},{"@type":"WebSite","@id":"https:\/\/museojudiodecordoba.org\/en\/#website","url":"https:\/\/museojudiodecordoba.org\/en\/","name":"MUJU","description":"","potentialAction":[{"@type":"SearchAction","target":{"@type":"EntryPoint","urlTemplate":"https:\/\/museojudiodecordoba.org\/en\/?s={search_term_string}"},"query-input":"required name=search_term_string"}],"inLanguage":"en-US"}]}},"acf":{"year":"1958","end_year":"1958","display_date":"1958","headline":"Convenci\u00f3n Sudamericana del Congreso Jud\u00edo Mundial","text":"El Congreso Jud\u00edo Latinoamericano es la organizaci\u00f3n internacional que re\u00fane y representa a comunidades y organizaciones jud\u00edas de la regi\u00f3n. Es la secci\u00f3n latinoamericana del Congreso Jud\u00edo Mundial, entidad que federa a m\u00e1s de 100 comunidades de todo el mundo. Actuando como brazo diplom\u00e1tico del pueblo jud\u00edo ante los gobiernos y organizaciones internacionales, luchando por la dignidad del Pueblo Jud\u00edo, combatiendo al terrorismo, luchando contra el antisemitismo y toda forma de discriminaci\u00f3n, fortaleciendo los v\u00ednculos con otros credos, defendiendo los derechos humanos y apoyando al Estado de Israel.","media":"http:\/\/museojudiodecordoba.org\/wp-content\/uploads\/2020\/12\/1958.png"},"_links":{"self":[{"href":"https:\/\/museojudiodecordoba.org\/en\/wp-json\/wp\/v2\/ltiempo\/4141","targetHints":{"allow":["GET"]}}],"collection":[{"href":"https:\/\/museojudiodecordoba.org\/en\/wp-json\/wp\/v2\/ltiempo"}],"about":[{"href":"https:\/\/museojudiodecordoba.org\/en\/wp-json\/wp\/v2\/types\/linea_tiempo"}],"wp:featuredmedia":[{"embeddable":true,"href":"https:\/\/museojudiodecordoba.org\/en\/wp-json\/wp\/v2\/media\/4142"}],"wp:attachment":[{"href":"https:\/\/museojudiodecordoba.org\/en\/wp-json\/wp\/v2\/media?parent=4141"}],"wp:term":[{"taxonomy":"category","embeddable":true,"href":"https:\/\/museojudiodecordoba.org\/en\/wp-json\/wp\/v2\/categories?post=4141"}],"curies":[{"name":"wp","href":"https:\/\/api.w.org\/{rel}","templated":true}]}}

Convención Sudamericana del Congreso Judío Mundial

<!-- This site is optimized with the Yoast SEO plugin v23.3 - https://yoast.com/wordpress/plugins/seo/ -->
<title>Convención Sudamericana del Congreso Judío Mundial - MUJU</title>
<meta name="robots" content="index, follow, max-snippet:-1, max-image-preview:large, max-video-preview:-1" />
<link rel="canonical" href="https://museojudiodecordoba.org/linea_tiempo/convencion-sudamericana-del-congreso-judio-mundial/" />
<meta property="og:locale" content="en_US" />
<meta property="og:type" content="article" />
<meta property="og:title" content="Convención Sudamericana del Congreso Judío Mundial - MUJU" />
<meta property="og:description" content="[...]Read More..." />
<meta property="og:url" content="https://museojudiodecordoba.org/linea_tiempo/convencion-sudamericana-del-congreso-judio-mundial/" />
<meta property="og:site_name" content="MUJU" />
<meta property="og:image" content="https://museojudiodecordoba.org/wp-content/uploads/2021/08/1958.png" />
	<meta property="og:image:width" content="306" />
	<meta property="og:image:height" content="104" />
	<meta property="og:image:type" content="image/png" />
<meta name="twitter:card" content="summary_large_image" />
<script type="application/ld+json" class="yoast-schema-graph">{"@context":"https://schema.org","@graph":[{"@type":"WebPage","@id":"https://museojudiodecordoba.org/linea_tiempo/convencion-sudamericana-del-congreso-judio-mundial/","url":"https://museojudiodecordoba.org/linea_tiempo/convencion-sudamericana-del-congreso-judio-mundial/","name":"Convención Sudamericana del Congreso Judío Mundial - MUJU","isPartOf":{"@id":"https://museojudiodecordoba.org/en/#website"},"primaryImageOfPage":{"@id":"https://museojudiodecordoba.org/linea_tiempo/convencion-sudamericana-del-congreso-judio-mundial/#primaryimage"},"image":{"@id":"https://museojudiodecordoba.org/linea_tiempo/convencion-sudamericana-del-congreso-judio-mundial/#primaryimage"},"thumbnailUrl":"https://museojudiodecordoba.org/wp-content/uploads/2021/08/1958.png","datePublished":"2021-08-03T18:01:39+00:00","dateModified":"2021-08-03T18:01:39+00:00","breadcrumb":{"@id":"https://museojudiodecordoba.org/linea_tiempo/convencion-sudamericana-del-congreso-judio-mundial/#breadcrumb"},"inLanguage":"en-US","potentialAction":[{"@type":"ReadAction","target":["https://museojudiodecordoba.org/linea_tiempo/convencion-sudamericana-del-congreso-judio-mundial/"]}]},{"@type":"ImageObject","inLanguage":"en-US","@id":"https://museojudiodecordoba.org/linea_tiempo/convencion-sudamericana-del-congreso-judio-mundial/#primaryimage","url":"https://museojudiodecordoba.org/wp-content/uploads/2021/08/1958.png","contentUrl":"https://museojudiodecordoba.org/wp-content/uploads/2021/08/1958.png","width":306,"height":104},{"@type":"BreadcrumbList","@id":"https://museojudiodecordoba.org/linea_tiempo/convencion-sudamericana-del-congreso-judio-mundial/#breadcrumb","itemListElement":[{"@type":"ListItem","position":1,"name":"Portada","item":"https://museojudiodecordoba.org/en/"},{"@type":"ListItem","position":2,"name":"Items linea del tiempo","item":"https://museojudiodecordoba.org/en/linea_tiempo/"},{"@type":"ListItem","position":3,"name":"Convención Sudamericana del Congreso Judío Mundial"}]},{"@type":"WebSite","@id":"https://museojudiodecordoba.org/en/#website","url":"https://museojudiodecordoba.org/en/","name":"MUJU","description":"","potentialAction":[{"@type":"SearchAction","target":{"@type":"EntryPoint","urlTemplate":"https://museojudiodecordoba.org/en/?s={search_term_string}"},"query-input":"required name=search_term_string"}],"inLanguage":"en-US"}]}</script>
<!-- / Yoast SEO plugin. -->

Convención Sudamericana del Congreso Judío Mundial - MUJU

El Congreso Judío Latinoamericano es la organización internacional que reúne y representa a comunidades y organizaciones judías de la región. Es la sección latinoamericana del Congreso Judío Mundial, entidad que federa a más de 100 comunidades de todo el mundo. Actuando como brazo diplomático del pueblo judío ante los gobiernos y organizaciones internacionales, luchando por la dignidad del Pueblo Judío, combatiendo al terrorismo, luchando contra el antisemitismo y toda forma de discriminación, fortaleciendo los vínculos con otros credos, defendiendo los derechos humanos y apoyando al Estado de Israel.
