{"id":4151,"date":"2021-08-03T18:01:29","date_gmt":"2021-08-03T18:01:29","guid":{"rendered":"http:\/\/museojudiodecordoba.org\/?post_type=linea_tiempo&#038;p=4151"},"modified":"2021-08-03T18:01:29","modified_gmt":"2021-08-03T18:01:29","slug":"puerta-del-templo-beit-israel-cordoba","status":"publish","type":"linea_tiempo","link":"https:\/\/museojudiodecordoba.org\/en\/linea_tiempo\/puerta-del-templo-beit-israel-cordoba\/","title":{"rendered":"Puerta del Templo Beit Israel -C\u00f3rdoba"},"featured_media":4152,"template":"","meta":{"inline_featured_image":false},"categories":[204],"class_list":["post-4151","linea_tiempo","type-linea_tiempo","status-publish","has-post-thumbnail","hentry","category-204"],"yoast_head":"<!-- This site is optimized with the Yoast SEO plugin v23.3 - https:\/\/yoast.com\/wordpress\/plugins\/seo\/ -->\n<title>Puerta del Templo Beit Israel -C\u00f3rdoba - MUJU<\/title>\n<meta name=\"robots\" content=\"index, follow, max-snippet:-1, max-image-preview:large, max-video-preview:-1\" \/>\n<link rel=\"canonical\" href=\"https:\/\/museojudiodecordoba.org\/linea_tiempo\/puerta-del-templo-beit-israel-cordoba\/\" \/>\n<meta property=\"og:locale\" content=\"en_US\" \/>\n<meta property=\"og:type\" content=\"article\" \/>\n<meta property=\"og:title\" content=\"Puerta del Templo Beit Israel -C\u00f3rdoba - MUJU\" \/>\n<meta property=\"og:description\" content=\"[...]Read More...\" \/>\n<meta property=\"og:url\" content=\"https:\/\/museojudiodecordoba.org\/linea_tiempo\/puerta-del-templo-beit-israel-cordoba\/\" \/>\n<meta property=\"og:site_name\" content=\"MUJU\" \/>\n<meta property=\"og:image\" content=\"https:\/\/museojudiodecordoba.org\/wp-content\/uploads\/2021\/08\/6Z9A7598-1.jpg\" \/>\n\t<meta property=\"og:image:width\" content=\"2500\" \/>\n\t<meta property=\"og:image:height\" content=\"1863\" \/>\n\t<meta property=\"og:image:type\" content=\"image\/jpeg\" \/>\n<meta name=\"twitter:card\" content=\"summary_large_image\" \/>\n<script type=\"application\/ld+json\" class=\"yoast-schema-graph\">{\"@context\":\"https:\/\/schema.org\",\"@graph\":[{\"@type\":\"WebPage\",\"@id\":\"https:\/\/museojudiodecordoba.org\/linea_tiempo\/puerta-del-templo-beit-israel-cordoba\/\",\"url\":\"https:\/\/museojudiodecordoba.org\/linea_tiempo\/puerta-del-templo-beit-israel-cordoba\/\",\"name\":\"Puerta del Templo Beit Israel -C\u00f3rdoba - MUJU\",\"isPartOf\":{\"@id\":\"https:\/\/museojudiodecordoba.org\/en\/#website\"},\"primaryImageOfPage\":{\"@id\":\"https:\/\/museojudiodecordoba.org\/linea_tiempo\/puerta-del-templo-beit-israel-cordoba\/#primaryimage\"},\"image\":{\"@id\":\"https:\/\/museojudiodecordoba.org\/linea_tiempo\/puerta-del-templo-beit-israel-cordoba\/#primaryimage\"},\"thumbnailUrl\":\"https:\/\/museojudiodecordoba.org\/wp-content\/uploads\/2021\/08\/6Z9A7598-1.jpg\",\"datePublished\":\"2021-08-03T18:01:29+00:00\",\"dateModified\":\"2021-08-03T18:01:29+00:00\",\"breadcrumb\":{\"@id\":\"https:\/\/museojudiodecordoba.org\/linea_tiempo\/puerta-del-templo-beit-israel-cordoba\/#breadcrumb\"},\"inLanguage\":\"en-US\",\"potentialAction\":[{\"@type\":\"ReadAction\",\"target\":[\"https:\/\/museojudiodecordoba.org\/linea_tiempo\/puerta-del-templo-beit-israel-cordoba\/\"]}]},{\"@type\":\"ImageObject\",\"inLanguage\":\"en-US\",\"@id\":\"https:\/\/museojudiodecordoba.org\/linea_tiempo\/puerta-del-templo-beit-israel-cordoba\/#primaryimage\",\"url\":\"https:\/\/museojudiodecordoba.org\/wp-content\/uploads\/2021\/08\/6Z9A7598-1.jpg\",\"contentUrl\":\"https:\/\/museojudiodecordoba.org\/wp-content\/uploads\/2021\/08\/6Z9A7598-1.jpg\",\"width\":2500,\"height\":1863},{\"@type\":\"BreadcrumbList\",\"@id\":\"https:\/\/museojudiodecordoba.org\/linea_tiempo\/puerta-del-templo-beit-israel-cordoba\/#breadcrumb\",\"itemListElement\":[{\"@type\":\"ListItem\",\"position\":1,\"name\":\"Portada\",\"item\":\"https:\/\/museojudiodecordoba.org\/en\/\"},{\"@type\":\"ListItem\",\"position\":2,\"name\":\"Items linea del tiempo\",\"item\":\"https:\/\/museojudiodecordoba.org\/en\/linea_tiempo\/\"},{\"@type\":\"ListItem\",\"position\":3,\"name\":\"Puerta del Templo Beit Israel -C\u00f3rdoba\"}]},{\"@type\":\"WebSite\",\"@id\":\"https:\/\/museojudiodecordoba.org\/en\/#website\",\"url\":\"https:\/\/museojudiodecordoba.org\/en\/\",\"name\":\"MUJU\",\"description\":\"\",\"potentialAction\":[{\"@type\":\"SearchAction\",\"target\":{\"@type\":\"EntryPoint\",\"urlTemplate\":\"https:\/\/museojudiodecordoba.org\/en\/?s={search_term_string}\"},\"query-input\":\"required name=search_term_string\"}],\"inLanguage\":\"en-US\"}]}<\/script>\n<!-- \/ Yoast SEO plugin. -->","yoast_head_json":{"title":"Puerta del Templo Beit Israel -C\u00f3rdoba - MUJU","robots":{"index":"index","follow":"follow","max-snippet":"max-snippet:-1","max-image-preview":"max-image-preview:large","max-video-preview":"max-video-preview:-1"},"canonical":"https:\/\/museojudiodecordoba.org\/linea_tiempo\/puerta-del-templo-beit-israel-cordoba\/","og_locale":"en_US","og_type":"article","og_title":"Puerta del Templo Beit Israel -C\u00f3rdoba - MUJU","og_description":"[...]Read More...","og_url":"https:\/\/museojudiodecordoba.org\/linea_tiempo\/puerta-del-templo-beit-israel-cordoba\/","og_site_name":"MUJU","og_image":[{"width":2500,"height":1863,"url":"https:\/\/museojudiodecordoba.org\/wp-content\/uploads\/2021\/08\/6Z9A7598-1.jpg","type":"image\/jpeg"}],"twitter_card":"summary_large_image","schema":{"@context":"https:\/\/schema.org","@graph":[{"@type":"WebPage","@id":"https:\/\/museojudiodecordoba.org\/linea_tiempo\/puerta-del-templo-beit-israel-cordoba\/","url":"https:\/\/museojudiodecordoba.org\/linea_tiempo\/puerta-del-templo-beit-israel-cordoba\/","name":"Puerta del Templo Beit Israel -C\u00f3rdoba - MUJU","isPartOf":{"@id":"https:\/\/museojudiodecordoba.org\/en\/#website"},"primaryImageOfPage":{"@id":"https:\/\/museojudiodecordoba.org\/linea_tiempo\/puerta-del-templo-beit-israel-cordoba\/#primaryimage"},"image":{"@id":"https:\/\/museojudiodecordoba.org\/linea_tiempo\/puerta-del-templo-beit-israel-cordoba\/#primaryimage"},"thumbnailUrl":"https:\/\/museojudiodecordoba.org\/wp-content\/uploads\/2021\/08\/6Z9A7598-1.jpg","datePublished":"2021-08-03T18:01:29+00:00","dateModified":"2021-08-03T18:01:29+00:00","breadcrumb":{"@id":"https:\/\/museojudiodecordoba.org\/linea_tiempo\/puerta-del-templo-beit-israel-cordoba\/#breadcrumb"},"inLanguage":"en-US","potentialAction":[{"@type":"ReadAction","target":["https:\/\/museojudiodecordoba.org\/linea_tiempo\/puerta-del-templo-beit-israel-cordoba\/"]}]},{"@type":"ImageObject","inLanguage":"en-US","@id":"https:\/\/museojudiodecordoba.org\/linea_tiempo\/puerta-del-templo-beit-israel-cordoba\/#primaryimage","url":"https:\/\/museojudiodecordoba.org\/wp-content\/uploads\/2021\/08\/6Z9A7598-1.jpg","contentUrl":"https:\/\/museojudiodecordoba.org\/wp-content\/uploads\/2021\/08\/6Z9A7598-1.jpg","width":2500,"height":1863},{"@type":"BreadcrumbList","@id":"https:\/\/museojudiodecordoba.org\/linea_tiempo\/puerta-del-templo-beit-israel-cordoba\/#breadcrumb","itemListElement":[{"@type":"ListItem","position":1,"name":"Portada","item":"https:\/\/museojudiodecordoba.org\/en\/"},{"@type":"ListItem","position":2,"name":"Items linea del tiempo","item":"https:\/\/museojudiodecordoba.org\/en\/linea_tiempo\/"},{"@type":"ListItem","position":3,"name":"Puerta del Templo Beit Israel -C\u00f3rdoba"}]},{"@type":"WebSite","@id":"https:\/\/museojudiodecordoba.org\/en\/#website","url":"https:\/\/museojudiodecordoba.org\/en\/","name":"MUJU","description":"","potentialAction":[{"@type":"SearchAction","target":{"@type":"EntryPoint","urlTemplate":"https:\/\/museojudiodecordoba.org\/en\/?s={search_term_string}"},"query-input":"required name=search_term_string"}],"inLanguage":"en-US"}]}},"acf":{"year":"1961","end_year":"1961","display_date":"1961","headline":"Puerta del Templo Beit Israel -C\u00f3rdoba","text":"Se le encarg\u00f3 a Enrique M\u00f3naco la obra art\u00edstica de la puerta del Templo. Primero hizo los dibujos, despu\u00e9s cada escudo se hac\u00eda en plastilina por el relieve y luego se la llevaba a la fundici\u00f3n, al broncero. All\u00ed se fund\u00eda el metal para realizar los escudos, cada pieza con relieve para ir armando la puerta.La Comisi\u00f3n Directiva del Centro Uni\u00f3n decidi\u00f3 contratar en forma permanente a un cantor lit\u00fargico: A. Yurkovsky. Tambi\u00e9n contrataron a un shojet y mohel.El Centro Uni\u00f3n logra adquirir la propiedad de 9 de julio 761, que se inaugur\u00f3 el 19 de marzo de 1961 y donde funcion\u00f3 la escuela primaria.Se da un incremento de socios del Centro Uni\u00f3n llegando a 1284 personas. ","media":"http:\/\/museojudiodecordoba.org\/wp-content\/uploads\/2020\/12\/6Z9A7598-1.jpg"},"_links":{"self":[{"href":"https:\/\/museojudiodecordoba.org\/en\/wp-json\/wp\/v2\/ltiempo\/4151","targetHints":{"allow":["GET"]}}],"collection":[{"href":"https:\/\/museojudiodecordoba.org\/en\/wp-json\/wp\/v2\/ltiempo"}],"about":[{"href":"https:\/\/museojudiodecordoba.org\/en\/wp-json\/wp\/v2\/types\/linea_tiempo"}],"wp:featuredmedia":[{"embeddable":true,"href":"https:\/\/museojudiodecordoba.org\/en\/wp-json\/wp\/v2\/media\/4152"}],"wp:attachment":[{"href":"https:\/\/museojudiodecordoba.org\/en\/wp-json\/wp\/v2\/media?parent=4151"}],"wp:term":[{"taxonomy":"category","embeddable":true,"href":"https:\/\/museojudiodecordoba.org\/en\/wp-json\/wp\/v2\/categories?post=4151"}],"curies":[{"name":"wp","href":"https:\/\/api.w.org\/{rel}","templated":true}]}}

Puerta del Templo Beit Israel -Córdoba

<!-- This site is optimized with the Yoast SEO plugin v23.3 - https://yoast.com/wordpress/plugins/seo/ -->
<title>Puerta del Templo Beit Israel -Córdoba - MUJU</title>
<meta name="robots" content="index, follow, max-snippet:-1, max-image-preview:large, max-video-preview:-1" />
<link rel="canonical" href="https://museojudiodecordoba.org/linea_tiempo/puerta-del-templo-beit-israel-cordoba/" />
<meta property="og:locale" content="en_US" />
<meta property="og:type" content="article" />
<meta property="og:title" content="Puerta del Templo Beit Israel -Córdoba - MUJU" />
<meta property="og:description" content="[...]Read More..." />
<meta property="og:url" content="https://museojudiodecordoba.org/linea_tiempo/puerta-del-templo-beit-israel-cordoba/" />
<meta property="og:site_name" content="MUJU" />
<meta property="og:image" content="https://museojudiodecordoba.org/wp-content/uploads/2021/08/6Z9A7598-1.jpg" />
	<meta property="og:image:width" content="2500" />
	<meta property="og:image:height" content="1863" />
	<meta property="og:image:type" content="image/jpeg" />
<meta name="twitter:card" content="summary_large_image" />
<script type="application/ld+json" class="yoast-schema-graph">{"@context":"https://schema.org","@graph":[{"@type":"WebPage","@id":"https://museojudiodecordoba.org/linea_tiempo/puerta-del-templo-beit-israel-cordoba/","url":"https://museojudiodecordoba.org/linea_tiempo/puerta-del-templo-beit-israel-cordoba/","name":"Puerta del Templo Beit Israel -Córdoba - MUJU","isPartOf":{"@id":"https://museojudiodecordoba.org/en/#website"},"primaryImageOfPage":{"@id":"https://museojudiodecordoba.org/linea_tiempo/puerta-del-templo-beit-israel-cordoba/#primaryimage"},"image":{"@id":"https://museojudiodecordoba.org/linea_tiempo/puerta-del-templo-beit-israel-cordoba/#primaryimage"},"thumbnailUrl":"https://museojudiodecordoba.org/wp-content/uploads/2021/08/6Z9A7598-1.jpg","datePublished":"2021-08-03T18:01:29+00:00","dateModified":"2021-08-03T18:01:29+00:00","breadcrumb":{"@id":"https://museojudiodecordoba.org/linea_tiempo/puerta-del-templo-beit-israel-cordoba/#breadcrumb"},"inLanguage":"en-US","potentialAction":[{"@type":"ReadAction","target":["https://museojudiodecordoba.org/linea_tiempo/puerta-del-templo-beit-israel-cordoba/"]}]},{"@type":"ImageObject","inLanguage":"en-US","@id":"https://museojudiodecordoba.org/linea_tiempo/puerta-del-templo-beit-israel-cordoba/#primaryimage","url":"https://museojudiodecordoba.org/wp-content/uploads/2021/08/6Z9A7598-1.jpg","contentUrl":"https://museojudiodecordoba.org/wp-content/uploads/2021/08/6Z9A7598-1.jpg","width":2500,"height":1863},{"@type":"BreadcrumbList","@id":"https://museojudiodecordoba.org/linea_tiempo/puerta-del-templo-beit-israel-cordoba/#breadcrumb","itemListElement":[{"@type":"ListItem","position":1,"name":"Portada","item":"https://museojudiodecordoba.org/en/"},{"@type":"ListItem","position":2,"name":"Items linea del tiempo","item":"https://museojudiodecordoba.org/en/linea_tiempo/"},{"@type":"ListItem","position":3,"name":"Puerta del Templo Beit Israel -Córdoba"}]},{"@type":"WebSite","@id":"https://museojudiodecordoba.org/en/#website","url":"https://museojudiodecordoba.org/en/","name":"MUJU","description":"","potentialAction":[{"@type":"SearchAction","target":{"@type":"EntryPoint","urlTemplate":"https://museojudiodecordoba.org/en/?s={search_term_string}"},"query-input":"required name=search_term_string"}],"inLanguage":"en-US"}]}</script>
<!-- / Yoast SEO plugin. -->

Puerta del Templo Beit Israel -Córdoba - MUJU

Se le encargó a Enrique Mónaco la obra artística de la puerta del Templo. Primero hizo los dibujos, después cada escudo se hacía en plastilina por el relieve y luego se la llevaba a la fundición, al broncero. Allí se fundía el metal para realizar los escudos, cada pieza con relieve para ir armando la puerta.La Comisión Directiva del Centro Unión decidió contratar en forma permanente a un cantor litúrgico: A. Yurkovsky. También contrataron a un shojet y mohel.El Centro Unión logra adquirir la propiedad de 9 de julio 761, que se inauguró el 19 de marzo de 1961 y donde funcionó la escuela primaria.Se da un incremento de socios del Centro Unión llegando a 1284 personas.
