{"id":4161,"date":"2021-08-03T18:01:21","date_gmt":"2021-08-03T18:01:21","guid":{"rendered":"http:\/\/museojudiodecordoba.org\/?post_type=linea_tiempo&#038;p=4161"},"modified":"2021-08-03T18:01:21","modified_gmt":"2021-08-03T18:01:21","slug":"inauguracion-del-aron-ha-kodesh-en-alvear","status":"publish","type":"linea_tiempo","link":"https:\/\/museojudiodecordoba.org\/en\/linea_tiempo\/inauguracion-del-aron-ha-kodesh-en-alvear\/","title":{"rendered":"Inauguraci\u00f3n del Aron Ha- Kodesh en Alvear"},"featured_media":4162,"template":"","meta":{"inline_featured_image":false},"categories":[204],"class_list":["post-4161","linea_tiempo","type-linea_tiempo","status-publish","has-post-thumbnail","hentry","category-204"],"yoast_head":"<!-- This site is optimized with the Yoast SEO plugin v23.3 - https:\/\/yoast.com\/wordpress\/plugins\/seo\/ -->\n<title>Inauguraci\u00f3n del Aron Ha- Kodesh en Alvear - MUJU<\/title>\n<meta name=\"robots\" content=\"index, follow, max-snippet:-1, max-image-preview:large, max-video-preview:-1\" \/>\n<link rel=\"canonical\" href=\"https:\/\/museojudiodecordoba.org\/linea_tiempo\/inauguracion-del-aron-ha-kodesh-en-alvear\/\" \/>\n<meta property=\"og:locale\" content=\"en_US\" \/>\n<meta property=\"og:type\" content=\"article\" \/>\n<meta property=\"og:title\" content=\"Inauguraci\u00f3n del Aron Ha- Kodesh en Alvear - MUJU\" \/>\n<meta property=\"og:description\" content=\"[...]Read More...\" \/>\n<meta property=\"og:url\" content=\"https:\/\/museojudiodecordoba.org\/linea_tiempo\/inauguracion-del-aron-ha-kodesh-en-alvear\/\" \/>\n<meta property=\"og:site_name\" content=\"MUJU\" \/>\n<meta property=\"og:image\" content=\"https:\/\/museojudiodecordoba.org\/wp-content\/uploads\/2021\/08\/6Z9A7302.jpg\" \/>\n\t<meta property=\"og:image:width\" content=\"1632\" \/>\n\t<meta property=\"og:image:height\" content=\"2500\" \/>\n\t<meta property=\"og:image:type\" content=\"image\/jpeg\" \/>\n<meta name=\"twitter:card\" content=\"summary_large_image\" \/>\n<script type=\"application\/ld+json\" class=\"yoast-schema-graph\">{\"@context\":\"https:\/\/schema.org\",\"@graph\":[{\"@type\":\"WebPage\",\"@id\":\"https:\/\/museojudiodecordoba.org\/linea_tiempo\/inauguracion-del-aron-ha-kodesh-en-alvear\/\",\"url\":\"https:\/\/museojudiodecordoba.org\/linea_tiempo\/inauguracion-del-aron-ha-kodesh-en-alvear\/\",\"name\":\"Inauguraci\u00f3n del Aron Ha- Kodesh en Alvear - MUJU\",\"isPartOf\":{\"@id\":\"https:\/\/museojudiodecordoba.org\/en\/#website\"},\"primaryImageOfPage\":{\"@id\":\"https:\/\/museojudiodecordoba.org\/linea_tiempo\/inauguracion-del-aron-ha-kodesh-en-alvear\/#primaryimage\"},\"image\":{\"@id\":\"https:\/\/museojudiodecordoba.org\/linea_tiempo\/inauguracion-del-aron-ha-kodesh-en-alvear\/#primaryimage\"},\"thumbnailUrl\":\"https:\/\/museojudiodecordoba.org\/wp-content\/uploads\/2021\/08\/6Z9A7302.jpg\",\"datePublished\":\"2021-08-03T18:01:21+00:00\",\"dateModified\":\"2021-08-03T18:01:21+00:00\",\"breadcrumb\":{\"@id\":\"https:\/\/museojudiodecordoba.org\/linea_tiempo\/inauguracion-del-aron-ha-kodesh-en-alvear\/#breadcrumb\"},\"inLanguage\":\"en-US\",\"potentialAction\":[{\"@type\":\"ReadAction\",\"target\":[\"https:\/\/museojudiodecordoba.org\/linea_tiempo\/inauguracion-del-aron-ha-kodesh-en-alvear\/\"]}]},{\"@type\":\"ImageObject\",\"inLanguage\":\"en-US\",\"@id\":\"https:\/\/museojudiodecordoba.org\/linea_tiempo\/inauguracion-del-aron-ha-kodesh-en-alvear\/#primaryimage\",\"url\":\"https:\/\/museojudiodecordoba.org\/wp-content\/uploads\/2021\/08\/6Z9A7302.jpg\",\"contentUrl\":\"https:\/\/museojudiodecordoba.org\/wp-content\/uploads\/2021\/08\/6Z9A7302.jpg\",\"width\":1632,\"height\":2500},{\"@type\":\"BreadcrumbList\",\"@id\":\"https:\/\/museojudiodecordoba.org\/linea_tiempo\/inauguracion-del-aron-ha-kodesh-en-alvear\/#breadcrumb\",\"itemListElement\":[{\"@type\":\"ListItem\",\"position\":1,\"name\":\"Portada\",\"item\":\"https:\/\/museojudiodecordoba.org\/en\/\"},{\"@type\":\"ListItem\",\"position\":2,\"name\":\"Items linea del tiempo\",\"item\":\"https:\/\/museojudiodecordoba.org\/en\/linea_tiempo\/\"},{\"@type\":\"ListItem\",\"position\":3,\"name\":\"Inauguraci\u00f3n del Aron Ha- Kodesh en Alvear\"}]},{\"@type\":\"WebSite\",\"@id\":\"https:\/\/museojudiodecordoba.org\/en\/#website\",\"url\":\"https:\/\/museojudiodecordoba.org\/en\/\",\"name\":\"MUJU\",\"description\":\"\",\"potentialAction\":[{\"@type\":\"SearchAction\",\"target\":{\"@type\":\"EntryPoint\",\"urlTemplate\":\"https:\/\/museojudiodecordoba.org\/en\/?s={search_term_string}\"},\"query-input\":\"required name=search_term_string\"}],\"inLanguage\":\"en-US\"}]}<\/script>\n<!-- \/ Yoast SEO plugin. -->","yoast_head_json":{"title":"Inauguraci\u00f3n del Aron Ha- Kodesh en Alvear - MUJU","robots":{"index":"index","follow":"follow","max-snippet":"max-snippet:-1","max-image-preview":"max-image-preview:large","max-video-preview":"max-video-preview:-1"},"canonical":"https:\/\/museojudiodecordoba.org\/linea_tiempo\/inauguracion-del-aron-ha-kodesh-en-alvear\/","og_locale":"en_US","og_type":"article","og_title":"Inauguraci\u00f3n del Aron Ha- Kodesh en Alvear - MUJU","og_description":"[...]Read More...","og_url":"https:\/\/museojudiodecordoba.org\/linea_tiempo\/inauguracion-del-aron-ha-kodesh-en-alvear\/","og_site_name":"MUJU","og_image":[{"width":1632,"height":2500,"url":"https:\/\/museojudiodecordoba.org\/wp-content\/uploads\/2021\/08\/6Z9A7302.jpg","type":"image\/jpeg"}],"twitter_card":"summary_large_image","schema":{"@context":"https:\/\/schema.org","@graph":[{"@type":"WebPage","@id":"https:\/\/museojudiodecordoba.org\/linea_tiempo\/inauguracion-del-aron-ha-kodesh-en-alvear\/","url":"https:\/\/museojudiodecordoba.org\/linea_tiempo\/inauguracion-del-aron-ha-kodesh-en-alvear\/","name":"Inauguraci\u00f3n del Aron Ha- Kodesh en Alvear - MUJU","isPartOf":{"@id":"https:\/\/museojudiodecordoba.org\/en\/#website"},"primaryImageOfPage":{"@id":"https:\/\/museojudiodecordoba.org\/linea_tiempo\/inauguracion-del-aron-ha-kodesh-en-alvear\/#primaryimage"},"image":{"@id":"https:\/\/museojudiodecordoba.org\/linea_tiempo\/inauguracion-del-aron-ha-kodesh-en-alvear\/#primaryimage"},"thumbnailUrl":"https:\/\/museojudiodecordoba.org\/wp-content\/uploads\/2021\/08\/6Z9A7302.jpg","datePublished":"2021-08-03T18:01:21+00:00","dateModified":"2021-08-03T18:01:21+00:00","breadcrumb":{"@id":"https:\/\/museojudiodecordoba.org\/linea_tiempo\/inauguracion-del-aron-ha-kodesh-en-alvear\/#breadcrumb"},"inLanguage":"en-US","potentialAction":[{"@type":"ReadAction","target":["https:\/\/museojudiodecordoba.org\/linea_tiempo\/inauguracion-del-aron-ha-kodesh-en-alvear\/"]}]},{"@type":"ImageObject","inLanguage":"en-US","@id":"https:\/\/museojudiodecordoba.org\/linea_tiempo\/inauguracion-del-aron-ha-kodesh-en-alvear\/#primaryimage","url":"https:\/\/museojudiodecordoba.org\/wp-content\/uploads\/2021\/08\/6Z9A7302.jpg","contentUrl":"https:\/\/museojudiodecordoba.org\/wp-content\/uploads\/2021\/08\/6Z9A7302.jpg","width":1632,"height":2500},{"@type":"BreadcrumbList","@id":"https:\/\/museojudiodecordoba.org\/linea_tiempo\/inauguracion-del-aron-ha-kodesh-en-alvear\/#breadcrumb","itemListElement":[{"@type":"ListItem","position":1,"name":"Portada","item":"https:\/\/museojudiodecordoba.org\/en\/"},{"@type":"ListItem","position":2,"name":"Items linea del tiempo","item":"https:\/\/museojudiodecordoba.org\/en\/linea_tiempo\/"},{"@type":"ListItem","position":3,"name":"Inauguraci\u00f3n del Aron Ha- Kodesh en Alvear"}]},{"@type":"WebSite","@id":"https:\/\/museojudiodecordoba.org\/en\/#website","url":"https:\/\/museojudiodecordoba.org\/en\/","name":"MUJU","description":"","potentialAction":[{"@type":"SearchAction","target":{"@type":"EntryPoint","urlTemplate":"https:\/\/museojudiodecordoba.org\/en\/?s={search_term_string}"},"query-input":"required name=search_term_string"}],"inLanguage":"en-US"}]}},"acf":{"year":"1964","end_year":"1964","display_date":"1964","headline":"Inauguraci\u00f3n del Aron Ha- Kodesh en Alvear","text":"La Comisi\u00f3n de mujeres pro construcci\u00f3n del templo se encarg\u00f3 de recaudar dinero para realizar el Aron Ha-Kodesh del templo Beit Israel de la calle alvear. El Ar\u00f3n Ha-Kodesh y la bim\u00e1 se realizaron en la ebanister\u00eda de Glickman. Labrado de madera y bronce, fue inaugurado el 6 de septiembre de 1964, en Rosh Hashan\u00e1, gracias al trabajo de la Comisi\u00f3n de Damas y la venta de asientos.Luego de que el Gran Templo de la calle Alvear estaba con todo lo necesario para su funcionamiento, se decidi\u00f3 iniciar la construcci\u00f3n de una sinagoga diaria. Este peque\u00f1o templo fue donado por el Sr. Icikson y su se\u00f1ora en 1964. ","media":"http:\/\/museojudiodecordoba.org\/wp-content\/uploads\/2020\/12\/6Z9A7302.jpg"},"_links":{"self":[{"href":"https:\/\/museojudiodecordoba.org\/en\/wp-json\/wp\/v2\/ltiempo\/4161","targetHints":{"allow":["GET"]}}],"collection":[{"href":"https:\/\/museojudiodecordoba.org\/en\/wp-json\/wp\/v2\/ltiempo"}],"about":[{"href":"https:\/\/museojudiodecordoba.org\/en\/wp-json\/wp\/v2\/types\/linea_tiempo"}],"wp:featuredmedia":[{"embeddable":true,"href":"https:\/\/museojudiodecordoba.org\/en\/wp-json\/wp\/v2\/media\/4162"}],"wp:attachment":[{"href":"https:\/\/museojudiodecordoba.org\/en\/wp-json\/wp\/v2\/media?parent=4161"}],"wp:term":[{"taxonomy":"category","embeddable":true,"href":"https:\/\/museojudiodecordoba.org\/en\/wp-json\/wp\/v2\/categories?post=4161"}],"curies":[{"name":"wp","href":"https:\/\/api.w.org\/{rel}","templated":true}]}}

Inauguración del Aron Ha- Kodesh en Alvear

<!-- This site is optimized with the Yoast SEO plugin v23.3 - https://yoast.com/wordpress/plugins/seo/ -->
<title>Inauguración del Aron Ha- Kodesh en Alvear - MUJU</title>
<meta name="robots" content="index, follow, max-snippet:-1, max-image-preview:large, max-video-preview:-1" />
<link rel="canonical" href="https://museojudiodecordoba.org/linea_tiempo/inauguracion-del-aron-ha-kodesh-en-alvear/" />
<meta property="og:locale" content="en_US" />
<meta property="og:type" content="article" />
<meta property="og:title" content="Inauguración del Aron Ha- Kodesh en Alvear - MUJU" />
<meta property="og:description" content="[...]Read More..." />
<meta property="og:url" content="https://museojudiodecordoba.org/linea_tiempo/inauguracion-del-aron-ha-kodesh-en-alvear/" />
<meta property="og:site_name" content="MUJU" />
<meta property="og:image" content="https://museojudiodecordoba.org/wp-content/uploads/2021/08/6Z9A7302.jpg" />
	<meta property="og:image:width" content="1632" />
	<meta property="og:image:height" content="2500" />
	<meta property="og:image:type" content="image/jpeg" />
<meta name="twitter:card" content="summary_large_image" />
<script type="application/ld+json" class="yoast-schema-graph">{"@context":"https://schema.org","@graph":[{"@type":"WebPage","@id":"https://museojudiodecordoba.org/linea_tiempo/inauguracion-del-aron-ha-kodesh-en-alvear/","url":"https://museojudiodecordoba.org/linea_tiempo/inauguracion-del-aron-ha-kodesh-en-alvear/","name":"Inauguración del Aron Ha- Kodesh en Alvear - MUJU","isPartOf":{"@id":"https://museojudiodecordoba.org/en/#website"},"primaryImageOfPage":{"@id":"https://museojudiodecordoba.org/linea_tiempo/inauguracion-del-aron-ha-kodesh-en-alvear/#primaryimage"},"image":{"@id":"https://museojudiodecordoba.org/linea_tiempo/inauguracion-del-aron-ha-kodesh-en-alvear/#primaryimage"},"thumbnailUrl":"https://museojudiodecordoba.org/wp-content/uploads/2021/08/6Z9A7302.jpg","datePublished":"2021-08-03T18:01:21+00:00","dateModified":"2021-08-03T18:01:21+00:00","breadcrumb":{"@id":"https://museojudiodecordoba.org/linea_tiempo/inauguracion-del-aron-ha-kodesh-en-alvear/#breadcrumb"},"inLanguage":"en-US","potentialAction":[{"@type":"ReadAction","target":["https://museojudiodecordoba.org/linea_tiempo/inauguracion-del-aron-ha-kodesh-en-alvear/"]}]},{"@type":"ImageObject","inLanguage":"en-US","@id":"https://museojudiodecordoba.org/linea_tiempo/inauguracion-del-aron-ha-kodesh-en-alvear/#primaryimage","url":"https://museojudiodecordoba.org/wp-content/uploads/2021/08/6Z9A7302.jpg","contentUrl":"https://museojudiodecordoba.org/wp-content/uploads/2021/08/6Z9A7302.jpg","width":1632,"height":2500},{"@type":"BreadcrumbList","@id":"https://museojudiodecordoba.org/linea_tiempo/inauguracion-del-aron-ha-kodesh-en-alvear/#breadcrumb","itemListElement":[{"@type":"ListItem","position":1,"name":"Portada","item":"https://museojudiodecordoba.org/en/"},{"@type":"ListItem","position":2,"name":"Items linea del tiempo","item":"https://museojudiodecordoba.org/en/linea_tiempo/"},{"@type":"ListItem","position":3,"name":"Inauguración del Aron Ha- Kodesh en Alvear"}]},{"@type":"WebSite","@id":"https://museojudiodecordoba.org/en/#website","url":"https://museojudiodecordoba.org/en/","name":"MUJU","description":"","potentialAction":[{"@type":"SearchAction","target":{"@type":"EntryPoint","urlTemplate":"https://museojudiodecordoba.org/en/?s={search_term_string}"},"query-input":"required name=search_term_string"}],"inLanguage":"en-US"}]}</script>
<!-- / Yoast SEO plugin. -->

Inauguración del Aron Ha- Kodesh en Alvear - MUJU

La Comisión de mujeres pro construcción del templo se encargó de recaudar dinero para realizar el Aron Ha-Kodesh del templo Beit Israel de la calle alvear. El Arón Ha-Kodesh y la bimá se realizaron en la ebanistería de Glickman. Labrado de madera y bronce, fue inaugurado el 6 de septiembre de 1964, en Rosh Hashaná, gracias al trabajo de la Comisión de Damas y la venta de asientos.Luego de que el Gran Templo de la calle Alvear estaba con todo lo necesario para su funcionamiento, se decidió iniciar la construcción de una sinagoga diaria. Este pequeño templo fue donado por el Sr. Icikson y su señora en 1964.
