{"id":4167,"date":"2021-08-03T18:01:17","date_gmt":"2021-08-03T18:01:17","guid":{"rendered":"http:\/\/museojudiodecordoba.org\/?post_type=linea_tiempo&#038;p=4167"},"modified":"2021-08-03T18:01:17","modified_gmt":"2021-08-03T18:01:17","slug":"inauguracion-de-la-casa-argentina-en-israel-con-sedes-en-tel-aviv-jerusalen-y-nazareth","status":"publish","type":"linea_tiempo","link":"https:\/\/museojudiodecordoba.org\/en\/linea_tiempo\/inauguracion-de-la-casa-argentina-en-israel-con-sedes-en-tel-aviv-jerusalen-y-nazareth\/","title":{"rendered":"Inauguraci\u00f3n de la casa Argentina en Israel con sedes en Tel Aviv, Jerusal\u00e9n y Nazareth"},"featured_media":4168,"template":"","meta":{"inline_featured_image":false},"categories":[204],"class_list":["post-4167","linea_tiempo","type-linea_tiempo","status-publish","has-post-thumbnail","hentry","category-204"],"yoast_head":"<!-- This site is optimized with the Yoast SEO plugin v23.3 - https:\/\/yoast.com\/wordpress\/plugins\/seo\/ -->\n<title>Inauguraci\u00f3n de la casa Argentina en Israel con sedes en Tel Aviv, Jerusal\u00e9n y Nazareth - MUJU<\/title>\n<meta name=\"robots\" content=\"index, follow, max-snippet:-1, max-image-preview:large, max-video-preview:-1\" \/>\n<link rel=\"canonical\" href=\"https:\/\/museojudiodecordoba.org\/linea_tiempo\/inauguracion-de-la-casa-argentina-en-israel-con-sedes-en-tel-aviv-jerusalen-y-nazareth\/\" \/>\n<meta property=\"og:locale\" content=\"en_US\" \/>\n<meta property=\"og:type\" content=\"article\" \/>\n<meta property=\"og:title\" content=\"Inauguraci\u00f3n de la casa Argentina en Israel con sedes en Tel Aviv, Jerusal\u00e9n y Nazareth - MUJU\" \/>\n<meta property=\"og:description\" content=\"[...]Read More...\" \/>\n<meta property=\"og:url\" content=\"https:\/\/museojudiodecordoba.org\/linea_tiempo\/inauguracion-de-la-casa-argentina-en-israel-con-sedes-en-tel-aviv-jerusalen-y-nazareth\/\" \/>\n<meta property=\"og:site_name\" content=\"MUJU\" \/>\n<meta property=\"og:image\" content=\"https:\/\/museojudiodecordoba.org\/wp-content\/uploads\/2021\/08\/1966A.png\" \/>\n\t<meta property=\"og:image:width\" content=\"410\" \/>\n\t<meta property=\"og:image:height\" content=\"628\" \/>\n\t<meta property=\"og:image:type\" content=\"image\/png\" \/>\n<meta name=\"twitter:card\" content=\"summary_large_image\" \/>\n<script type=\"application\/ld+json\" class=\"yoast-schema-graph\">{\"@context\":\"https:\/\/schema.org\",\"@graph\":[{\"@type\":\"WebPage\",\"@id\":\"https:\/\/museojudiodecordoba.org\/linea_tiempo\/inauguracion-de-la-casa-argentina-en-israel-con-sedes-en-tel-aviv-jerusalen-y-nazareth\/\",\"url\":\"https:\/\/museojudiodecordoba.org\/linea_tiempo\/inauguracion-de-la-casa-argentina-en-israel-con-sedes-en-tel-aviv-jerusalen-y-nazareth\/\",\"name\":\"Inauguraci\u00f3n de la casa Argentina en Israel con sedes en Tel Aviv, Jerusal\u00e9n y Nazareth - MUJU\",\"isPartOf\":{\"@id\":\"https:\/\/museojudiodecordoba.org\/en\/#website\"},\"primaryImageOfPage\":{\"@id\":\"https:\/\/museojudiodecordoba.org\/linea_tiempo\/inauguracion-de-la-casa-argentina-en-israel-con-sedes-en-tel-aviv-jerusalen-y-nazareth\/#primaryimage\"},\"image\":{\"@id\":\"https:\/\/museojudiodecordoba.org\/linea_tiempo\/inauguracion-de-la-casa-argentina-en-israel-con-sedes-en-tel-aviv-jerusalen-y-nazareth\/#primaryimage\"},\"thumbnailUrl\":\"https:\/\/museojudiodecordoba.org\/wp-content\/uploads\/2021\/08\/1966A.png\",\"datePublished\":\"2021-08-03T18:01:17+00:00\",\"dateModified\":\"2021-08-03T18:01:17+00:00\",\"breadcrumb\":{\"@id\":\"https:\/\/museojudiodecordoba.org\/linea_tiempo\/inauguracion-de-la-casa-argentina-en-israel-con-sedes-en-tel-aviv-jerusalen-y-nazareth\/#breadcrumb\"},\"inLanguage\":\"en-US\",\"potentialAction\":[{\"@type\":\"ReadAction\",\"target\":[\"https:\/\/museojudiodecordoba.org\/linea_tiempo\/inauguracion-de-la-casa-argentina-en-israel-con-sedes-en-tel-aviv-jerusalen-y-nazareth\/\"]}]},{\"@type\":\"ImageObject\",\"inLanguage\":\"en-US\",\"@id\":\"https:\/\/museojudiodecordoba.org\/linea_tiempo\/inauguracion-de-la-casa-argentina-en-israel-con-sedes-en-tel-aviv-jerusalen-y-nazareth\/#primaryimage\",\"url\":\"https:\/\/museojudiodecordoba.org\/wp-content\/uploads\/2021\/08\/1966A.png\",\"contentUrl\":\"https:\/\/museojudiodecordoba.org\/wp-content\/uploads\/2021\/08\/1966A.png\",\"width\":410,\"height\":628},{\"@type\":\"BreadcrumbList\",\"@id\":\"https:\/\/museojudiodecordoba.org\/linea_tiempo\/inauguracion-de-la-casa-argentina-en-israel-con-sedes-en-tel-aviv-jerusalen-y-nazareth\/#breadcrumb\",\"itemListElement\":[{\"@type\":\"ListItem\",\"position\":1,\"name\":\"Portada\",\"item\":\"https:\/\/museojudiodecordoba.org\/en\/\"},{\"@type\":\"ListItem\",\"position\":2,\"name\":\"Items linea del tiempo\",\"item\":\"https:\/\/museojudiodecordoba.org\/en\/linea_tiempo\/\"},{\"@type\":\"ListItem\",\"position\":3,\"name\":\"Inauguraci\u00f3n de la casa Argentina en Israel con sedes en Tel Aviv, Jerusal\u00e9n y Nazareth\"}]},{\"@type\":\"WebSite\",\"@id\":\"https:\/\/museojudiodecordoba.org\/en\/#website\",\"url\":\"https:\/\/museojudiodecordoba.org\/en\/\",\"name\":\"MUJU\",\"description\":\"\",\"potentialAction\":[{\"@type\":\"SearchAction\",\"target\":{\"@type\":\"EntryPoint\",\"urlTemplate\":\"https:\/\/museojudiodecordoba.org\/en\/?s={search_term_string}\"},\"query-input\":\"required name=search_term_string\"}],\"inLanguage\":\"en-US\"}]}<\/script>\n<!-- \/ Yoast SEO plugin. -->","yoast_head_json":{"title":"Inauguraci\u00f3n de la casa Argentina en Israel con sedes en Tel Aviv, Jerusal\u00e9n y Nazareth - MUJU","robots":{"index":"index","follow":"follow","max-snippet":"max-snippet:-1","max-image-preview":"max-image-preview:large","max-video-preview":"max-video-preview:-1"},"canonical":"https:\/\/museojudiodecordoba.org\/linea_tiempo\/inauguracion-de-la-casa-argentina-en-israel-con-sedes-en-tel-aviv-jerusalen-y-nazareth\/","og_locale":"en_US","og_type":"article","og_title":"Inauguraci\u00f3n de la casa Argentina en Israel con sedes en Tel Aviv, Jerusal\u00e9n y Nazareth - MUJU","og_description":"[...]Read More...","og_url":"https:\/\/museojudiodecordoba.org\/linea_tiempo\/inauguracion-de-la-casa-argentina-en-israel-con-sedes-en-tel-aviv-jerusalen-y-nazareth\/","og_site_name":"MUJU","og_image":[{"width":410,"height":628,"url":"https:\/\/museojudiodecordoba.org\/wp-content\/uploads\/2021\/08\/1966A.png","type":"image\/png"}],"twitter_card":"summary_large_image","schema":{"@context":"https:\/\/schema.org","@graph":[{"@type":"WebPage","@id":"https:\/\/museojudiodecordoba.org\/linea_tiempo\/inauguracion-de-la-casa-argentina-en-israel-con-sedes-en-tel-aviv-jerusalen-y-nazareth\/","url":"https:\/\/museojudiodecordoba.org\/linea_tiempo\/inauguracion-de-la-casa-argentina-en-israel-con-sedes-en-tel-aviv-jerusalen-y-nazareth\/","name":"Inauguraci\u00f3n de la casa Argentina en Israel con sedes en Tel Aviv, Jerusal\u00e9n y Nazareth - MUJU","isPartOf":{"@id":"https:\/\/museojudiodecordoba.org\/en\/#website"},"primaryImageOfPage":{"@id":"https:\/\/museojudiodecordoba.org\/linea_tiempo\/inauguracion-de-la-casa-argentina-en-israel-con-sedes-en-tel-aviv-jerusalen-y-nazareth\/#primaryimage"},"image":{"@id":"https:\/\/museojudiodecordoba.org\/linea_tiempo\/inauguracion-de-la-casa-argentina-en-israel-con-sedes-en-tel-aviv-jerusalen-y-nazareth\/#primaryimage"},"thumbnailUrl":"https:\/\/museojudiodecordoba.org\/wp-content\/uploads\/2021\/08\/1966A.png","datePublished":"2021-08-03T18:01:17+00:00","dateModified":"2021-08-03T18:01:17+00:00","breadcrumb":{"@id":"https:\/\/museojudiodecordoba.org\/linea_tiempo\/inauguracion-de-la-casa-argentina-en-israel-con-sedes-en-tel-aviv-jerusalen-y-nazareth\/#breadcrumb"},"inLanguage":"en-US","potentialAction":[{"@type":"ReadAction","target":["https:\/\/museojudiodecordoba.org\/linea_tiempo\/inauguracion-de-la-casa-argentina-en-israel-con-sedes-en-tel-aviv-jerusalen-y-nazareth\/"]}]},{"@type":"ImageObject","inLanguage":"en-US","@id":"https:\/\/museojudiodecordoba.org\/linea_tiempo\/inauguracion-de-la-casa-argentina-en-israel-con-sedes-en-tel-aviv-jerusalen-y-nazareth\/#primaryimage","url":"https:\/\/museojudiodecordoba.org\/wp-content\/uploads\/2021\/08\/1966A.png","contentUrl":"https:\/\/museojudiodecordoba.org\/wp-content\/uploads\/2021\/08\/1966A.png","width":410,"height":628},{"@type":"BreadcrumbList","@id":"https:\/\/museojudiodecordoba.org\/linea_tiempo\/inauguracion-de-la-casa-argentina-en-israel-con-sedes-en-tel-aviv-jerusalen-y-nazareth\/#breadcrumb","itemListElement":[{"@type":"ListItem","position":1,"name":"Portada","item":"https:\/\/museojudiodecordoba.org\/en\/"},{"@type":"ListItem","position":2,"name":"Items linea del tiempo","item":"https:\/\/museojudiodecordoba.org\/en\/linea_tiempo\/"},{"@type":"ListItem","position":3,"name":"Inauguraci\u00f3n de la casa Argentina en Israel con sedes en Tel Aviv, Jerusal\u00e9n y Nazareth"}]},{"@type":"WebSite","@id":"https:\/\/museojudiodecordoba.org\/en\/#website","url":"https:\/\/museojudiodecordoba.org\/en\/","name":"MUJU","description":"","potentialAction":[{"@type":"SearchAction","target":{"@type":"EntryPoint","urlTemplate":"https:\/\/museojudiodecordoba.org\/en\/?s={search_term_string}"},"query-input":"required name=search_term_string"}],"inLanguage":"en-US"}]}},"acf":{"year":"1966","end_year":"1966","display_date":"1966","headline":"Inauguraci\u00f3n de la casa Argentina en Israel con sedes en Tel Aviv, Jerusal\u00e9n y Nazareth","text":"Se inaugura la Casa Argentina en Israel: Tierra Santa es una instituci\u00f3n no gubernamental con sedes en Argentina y en Israel, que promueve la Paz a trav\u00e9s del di\u00e1logo interconfesional desde 1966. Fue fundada, entre otros, por Baruj Tenembaum, Mons. Ernesto Segura, Numo Werthein, Ra\u00fal Soldi y Jorge Luis Borges. Alberga a cristianos, jud\u00edos e isl\u00e1micos, tanto creyentes como agn\u00f3sticos.En Buenos Aires y Jerusalem ya ha ganado un espacio protag\u00f3nico como foco de difusi\u00f3n de lo mejor de la cultura argentina a trav\u00e9s de iniciativas propias o en emprendimientos conjuntos con universidades, fundaciones y delegaciones diplom\u00e1ticas. Casa Argentina es un foro desde el cual se estimulan las relaciones interconfesionales y la armon\u00eda entre los credos.","media":"http:\/\/museojudiodecordoba.org\/wp-content\/uploads\/2020\/12\/1966A.png"},"_links":{"self":[{"href":"https:\/\/museojudiodecordoba.org\/en\/wp-json\/wp\/v2\/ltiempo\/4167","targetHints":{"allow":["GET"]}}],"collection":[{"href":"https:\/\/museojudiodecordoba.org\/en\/wp-json\/wp\/v2\/ltiempo"}],"about":[{"href":"https:\/\/museojudiodecordoba.org\/en\/wp-json\/wp\/v2\/types\/linea_tiempo"}],"wp:featuredmedia":[{"embeddable":true,"href":"https:\/\/museojudiodecordoba.org\/en\/wp-json\/wp\/v2\/media\/4168"}],"wp:attachment":[{"href":"https:\/\/museojudiodecordoba.org\/en\/wp-json\/wp\/v2\/media?parent=4167"}],"wp:term":[{"taxonomy":"category","embeddable":true,"href":"https:\/\/museojudiodecordoba.org\/en\/wp-json\/wp\/v2\/categories?post=4167"}],"curies":[{"name":"wp","href":"https:\/\/api.w.org\/{rel}","templated":true}]}}

Inauguración de la casa Argentina en Israel con sedes en Tel Aviv, Jerusalén y Nazareth

<!-- This site is optimized with the Yoast SEO plugin v23.3 - https://yoast.com/wordpress/plugins/seo/ -->
<title>Inauguración de la casa Argentina en Israel con sedes en Tel Aviv, Jerusalén y Nazareth - MUJU</title>
<meta name="robots" content="index, follow, max-snippet:-1, max-image-preview:large, max-video-preview:-1" />
<link rel="canonical" href="https://museojudiodecordoba.org/linea_tiempo/inauguracion-de-la-casa-argentina-en-israel-con-sedes-en-tel-aviv-jerusalen-y-nazareth/" />
<meta property="og:locale" content="en_US" />
<meta property="og:type" content="article" />
<meta property="og:title" content="Inauguración de la casa Argentina en Israel con sedes en Tel Aviv, Jerusalén y Nazareth - MUJU" />
<meta property="og:description" content="[...]Read More..." />
<meta property="og:url" content="https://museojudiodecordoba.org/linea_tiempo/inauguracion-de-la-casa-argentina-en-israel-con-sedes-en-tel-aviv-jerusalen-y-nazareth/" />
<meta property="og:site_name" content="MUJU" />
<meta property="og:image" content="https://museojudiodecordoba.org/wp-content/uploads/2021/08/1966A.png" />
	<meta property="og:image:width" content="410" />
	<meta property="og:image:height" content="628" />
	<meta property="og:image:type" content="image/png" />
<meta name="twitter:card" content="summary_large_image" />
<script type="application/ld+json" class="yoast-schema-graph">{"@context":"https://schema.org","@graph":[{"@type":"WebPage","@id":"https://museojudiodecordoba.org/linea_tiempo/inauguracion-de-la-casa-argentina-en-israel-con-sedes-en-tel-aviv-jerusalen-y-nazareth/","url":"https://museojudiodecordoba.org/linea_tiempo/inauguracion-de-la-casa-argentina-en-israel-con-sedes-en-tel-aviv-jerusalen-y-nazareth/","name":"Inauguración de la casa Argentina en Israel con sedes en Tel Aviv, Jerusalén y Nazareth - MUJU","isPartOf":{"@id":"https://museojudiodecordoba.org/en/#website"},"primaryImageOfPage":{"@id":"https://museojudiodecordoba.org/linea_tiempo/inauguracion-de-la-casa-argentina-en-israel-con-sedes-en-tel-aviv-jerusalen-y-nazareth/#primaryimage"},"image":{"@id":"https://museojudiodecordoba.org/linea_tiempo/inauguracion-de-la-casa-argentina-en-israel-con-sedes-en-tel-aviv-jerusalen-y-nazareth/#primaryimage"},"thumbnailUrl":"https://museojudiodecordoba.org/wp-content/uploads/2021/08/1966A.png","datePublished":"2021-08-03T18:01:17+00:00","dateModified":"2021-08-03T18:01:17+00:00","breadcrumb":{"@id":"https://museojudiodecordoba.org/linea_tiempo/inauguracion-de-la-casa-argentina-en-israel-con-sedes-en-tel-aviv-jerusalen-y-nazareth/#breadcrumb"},"inLanguage":"en-US","potentialAction":[{"@type":"ReadAction","target":["https://museojudiodecordoba.org/linea_tiempo/inauguracion-de-la-casa-argentina-en-israel-con-sedes-en-tel-aviv-jerusalen-y-nazareth/"]}]},{"@type":"ImageObject","inLanguage":"en-US","@id":"https://museojudiodecordoba.org/linea_tiempo/inauguracion-de-la-casa-argentina-en-israel-con-sedes-en-tel-aviv-jerusalen-y-nazareth/#primaryimage","url":"https://museojudiodecordoba.org/wp-content/uploads/2021/08/1966A.png","contentUrl":"https://museojudiodecordoba.org/wp-content/uploads/2021/08/1966A.png","width":410,"height":628},{"@type":"BreadcrumbList","@id":"https://museojudiodecordoba.org/linea_tiempo/inauguracion-de-la-casa-argentina-en-israel-con-sedes-en-tel-aviv-jerusalen-y-nazareth/#breadcrumb","itemListElement":[{"@type":"ListItem","position":1,"name":"Portada","item":"https://museojudiodecordoba.org/en/"},{"@type":"ListItem","position":2,"name":"Items linea del tiempo","item":"https://museojudiodecordoba.org/en/linea_tiempo/"},{"@type":"ListItem","position":3,"name":"Inauguración de la casa Argentina en Israel con sedes en Tel Aviv, Jerusalén y Nazareth"}]},{"@type":"WebSite","@id":"https://museojudiodecordoba.org/en/#website","url":"https://museojudiodecordoba.org/en/","name":"MUJU","description":"","potentialAction":[{"@type":"SearchAction","target":{"@type":"EntryPoint","urlTemplate":"https://museojudiodecordoba.org/en/?s={search_term_string}"},"query-input":"required name=search_term_string"}],"inLanguage":"en-US"}]}</script>
<!-- / Yoast SEO plugin. -->

Inauguración de la casa Argentina en Israel con sedes en Tel Aviv, Jerusalén y Nazareth - MUJU

Se inaugura la Casa Argentina en Israel: Tierra Santa es una institución no gubernamental con sedes en Argentina y en Israel, que promueve la Paz a través del diálogo interconfesional desde 1966. Fue fundada, entre otros, por Baruj Tenembaum, Mons. Ernesto Segura, Numo Werthein, Raúl Soldi y Jorge Luis Borges. Alberga a cristianos, judíos e islámicos, tanto creyentes como agnósticos.En Buenos Aires y Jerusalem ya ha ganado un espacio protagónico como foco de difusión de lo mejor de la cultura argentina a través de iniciativas propias o en emprendimientos conjuntos con universidades, fundaciones y delegaciones diplomáticas. Casa Argentina es un foro desde el cual se estimulan las relaciones interconfesionales y la armonía entre los credos.
