{"id":4173,"date":"2021-08-03T18:01:15","date_gmt":"2021-08-03T18:01:15","guid":{"rendered":"http:\/\/museojudiodecordoba.org\/?post_type=linea_tiempo&#038;p=4173"},"modified":"2021-08-03T18:01:15","modified_gmt":"2021-08-03T18:01:15","slug":"cordoba-vive-una-gran-actividad-comunitaria-en-todas-sus-areas-educativa-religiosa-y-cultural","status":"publish","type":"linea_tiempo","link":"https:\/\/museojudiodecordoba.org\/en\/linea_tiempo\/cordoba-vive-una-gran-actividad-comunitaria-en-todas-sus-areas-educativa-religiosa-y-cultural\/","title":{"rendered":"C\u00f3rdoba vive una gran actividad comunitaria en todas sus \u00e1reas: educativa, religiosa y cultural"},"featured_media":4174,"template":"","meta":{"inline_featured_image":false},"categories":[204],"class_list":["post-4173","linea_tiempo","type-linea_tiempo","status-publish","has-post-thumbnail","hentry","category-204"],"yoast_head":"<!-- This site is optimized with the Yoast SEO plugin v23.3 - https:\/\/yoast.com\/wordpress\/plugins\/seo\/ -->\n<title>C\u00f3rdoba vive una gran actividad comunitaria en todas sus \u00e1reas: educativa, religiosa y cultural - MUJU<\/title>\n<meta name=\"robots\" content=\"index, follow, max-snippet:-1, max-image-preview:large, max-video-preview:-1\" \/>\n<link rel=\"canonical\" href=\"https:\/\/museojudiodecordoba.org\/linea_tiempo\/cordoba-vive-una-gran-actividad-comunitaria-en-todas-sus-areas-educativa-religiosa-y-cultural\/\" \/>\n<meta property=\"og:locale\" content=\"en_US\" \/>\n<meta property=\"og:type\" content=\"article\" \/>\n<meta property=\"og:title\" content=\"C\u00f3rdoba vive una gran actividad comunitaria en todas sus \u00e1reas: educativa, religiosa y cultural - MUJU\" \/>\n<meta property=\"og:description\" content=\"[...]Read More...\" \/>\n<meta property=\"og:url\" content=\"https:\/\/museojudiodecordoba.org\/linea_tiempo\/cordoba-vive-una-gran-actividad-comunitaria-en-todas-sus-areas-educativa-religiosa-y-cultural\/\" \/>\n<meta property=\"og:site_name\" content=\"MUJU\" \/>\n<meta property=\"og:image\" content=\"https:\/\/museojudiodecordoba.org\/wp-content\/uploads\/2021\/08\/53.jpg\" \/>\n\t<meta property=\"og:image:width\" content=\"2500\" \/>\n\t<meta property=\"og:image:height\" content=\"1821\" \/>\n\t<meta property=\"og:image:type\" content=\"image\/jpeg\" \/>\n<meta name=\"twitter:card\" content=\"summary_large_image\" \/>\n<script type=\"application\/ld+json\" class=\"yoast-schema-graph\">{\"@context\":\"https:\/\/schema.org\",\"@graph\":[{\"@type\":\"WebPage\",\"@id\":\"https:\/\/museojudiodecordoba.org\/linea_tiempo\/cordoba-vive-una-gran-actividad-comunitaria-en-todas-sus-areas-educativa-religiosa-y-cultural\/\",\"url\":\"https:\/\/museojudiodecordoba.org\/linea_tiempo\/cordoba-vive-una-gran-actividad-comunitaria-en-todas-sus-areas-educativa-religiosa-y-cultural\/\",\"name\":\"C\u00f3rdoba vive una gran actividad comunitaria en todas sus \u00e1reas: educativa, religiosa y cultural - MUJU\",\"isPartOf\":{\"@id\":\"https:\/\/museojudiodecordoba.org\/en\/#website\"},\"primaryImageOfPage\":{\"@id\":\"https:\/\/museojudiodecordoba.org\/linea_tiempo\/cordoba-vive-una-gran-actividad-comunitaria-en-todas-sus-areas-educativa-religiosa-y-cultural\/#primaryimage\"},\"image\":{\"@id\":\"https:\/\/museojudiodecordoba.org\/linea_tiempo\/cordoba-vive-una-gran-actividad-comunitaria-en-todas-sus-areas-educativa-religiosa-y-cultural\/#primaryimage\"},\"thumbnailUrl\":\"https:\/\/museojudiodecordoba.org\/wp-content\/uploads\/2021\/08\/53.jpg\",\"datePublished\":\"2021-08-03T18:01:15+00:00\",\"dateModified\":\"2021-08-03T18:01:15+00:00\",\"breadcrumb\":{\"@id\":\"https:\/\/museojudiodecordoba.org\/linea_tiempo\/cordoba-vive-una-gran-actividad-comunitaria-en-todas-sus-areas-educativa-religiosa-y-cultural\/#breadcrumb\"},\"inLanguage\":\"en-US\",\"potentialAction\":[{\"@type\":\"ReadAction\",\"target\":[\"https:\/\/museojudiodecordoba.org\/linea_tiempo\/cordoba-vive-una-gran-actividad-comunitaria-en-todas-sus-areas-educativa-religiosa-y-cultural\/\"]}]},{\"@type\":\"ImageObject\",\"inLanguage\":\"en-US\",\"@id\":\"https:\/\/museojudiodecordoba.org\/linea_tiempo\/cordoba-vive-una-gran-actividad-comunitaria-en-todas-sus-areas-educativa-religiosa-y-cultural\/#primaryimage\",\"url\":\"https:\/\/museojudiodecordoba.org\/wp-content\/uploads\/2021\/08\/53.jpg\",\"contentUrl\":\"https:\/\/museojudiodecordoba.org\/wp-content\/uploads\/2021\/08\/53.jpg\",\"width\":2500,\"height\":1821},{\"@type\":\"BreadcrumbList\",\"@id\":\"https:\/\/museojudiodecordoba.org\/linea_tiempo\/cordoba-vive-una-gran-actividad-comunitaria-en-todas-sus-areas-educativa-religiosa-y-cultural\/#breadcrumb\",\"itemListElement\":[{\"@type\":\"ListItem\",\"position\":1,\"name\":\"Portada\",\"item\":\"https:\/\/museojudiodecordoba.org\/en\/\"},{\"@type\":\"ListItem\",\"position\":2,\"name\":\"Items linea del tiempo\",\"item\":\"https:\/\/museojudiodecordoba.org\/en\/linea_tiempo\/\"},{\"@type\":\"ListItem\",\"position\":3,\"name\":\"C\u00f3rdoba vive una gran actividad comunitaria en todas sus \u00e1reas: educativa, religiosa y cultural\"}]},{\"@type\":\"WebSite\",\"@id\":\"https:\/\/museojudiodecordoba.org\/en\/#website\",\"url\":\"https:\/\/museojudiodecordoba.org\/en\/\",\"name\":\"MUJU\",\"description\":\"\",\"potentialAction\":[{\"@type\":\"SearchAction\",\"target\":{\"@type\":\"EntryPoint\",\"urlTemplate\":\"https:\/\/museojudiodecordoba.org\/en\/?s={search_term_string}\"},\"query-input\":\"required name=search_term_string\"}],\"inLanguage\":\"en-US\"}]}<\/script>\n<!-- \/ Yoast SEO plugin. -->","yoast_head_json":{"title":"C\u00f3rdoba vive una gran actividad comunitaria en todas sus \u00e1reas: educativa, religiosa y cultural - MUJU","robots":{"index":"index","follow":"follow","max-snippet":"max-snippet:-1","max-image-preview":"max-image-preview:large","max-video-preview":"max-video-preview:-1"},"canonical":"https:\/\/museojudiodecordoba.org\/linea_tiempo\/cordoba-vive-una-gran-actividad-comunitaria-en-todas-sus-areas-educativa-religiosa-y-cultural\/","og_locale":"en_US","og_type":"article","og_title":"C\u00f3rdoba vive una gran actividad comunitaria en todas sus \u00e1reas: educativa, religiosa y cultural - MUJU","og_description":"[...]Read More...","og_url":"https:\/\/museojudiodecordoba.org\/linea_tiempo\/cordoba-vive-una-gran-actividad-comunitaria-en-todas-sus-areas-educativa-religiosa-y-cultural\/","og_site_name":"MUJU","og_image":[{"width":2500,"height":1821,"url":"https:\/\/museojudiodecordoba.org\/wp-content\/uploads\/2021\/08\/53.jpg","type":"image\/jpeg"}],"twitter_card":"summary_large_image","schema":{"@context":"https:\/\/schema.org","@graph":[{"@type":"WebPage","@id":"https:\/\/museojudiodecordoba.org\/linea_tiempo\/cordoba-vive-una-gran-actividad-comunitaria-en-todas-sus-areas-educativa-religiosa-y-cultural\/","url":"https:\/\/museojudiodecordoba.org\/linea_tiempo\/cordoba-vive-una-gran-actividad-comunitaria-en-todas-sus-areas-educativa-religiosa-y-cultural\/","name":"C\u00f3rdoba vive una gran actividad comunitaria en todas sus \u00e1reas: educativa, religiosa y cultural - MUJU","isPartOf":{"@id":"https:\/\/museojudiodecordoba.org\/en\/#website"},"primaryImageOfPage":{"@id":"https:\/\/museojudiodecordoba.org\/linea_tiempo\/cordoba-vive-una-gran-actividad-comunitaria-en-todas-sus-areas-educativa-religiosa-y-cultural\/#primaryimage"},"image":{"@id":"https:\/\/museojudiodecordoba.org\/linea_tiempo\/cordoba-vive-una-gran-actividad-comunitaria-en-todas-sus-areas-educativa-religiosa-y-cultural\/#primaryimage"},"thumbnailUrl":"https:\/\/museojudiodecordoba.org\/wp-content\/uploads\/2021\/08\/53.jpg","datePublished":"2021-08-03T18:01:15+00:00","dateModified":"2021-08-03T18:01:15+00:00","breadcrumb":{"@id":"https:\/\/museojudiodecordoba.org\/linea_tiempo\/cordoba-vive-una-gran-actividad-comunitaria-en-todas-sus-areas-educativa-religiosa-y-cultural\/#breadcrumb"},"inLanguage":"en-US","potentialAction":[{"@type":"ReadAction","target":["https:\/\/museojudiodecordoba.org\/linea_tiempo\/cordoba-vive-una-gran-actividad-comunitaria-en-todas-sus-areas-educativa-religiosa-y-cultural\/"]}]},{"@type":"ImageObject","inLanguage":"en-US","@id":"https:\/\/museojudiodecordoba.org\/linea_tiempo\/cordoba-vive-una-gran-actividad-comunitaria-en-todas-sus-areas-educativa-religiosa-y-cultural\/#primaryimage","url":"https:\/\/museojudiodecordoba.org\/wp-content\/uploads\/2021\/08\/53.jpg","contentUrl":"https:\/\/museojudiodecordoba.org\/wp-content\/uploads\/2021\/08\/53.jpg","width":2500,"height":1821},{"@type":"BreadcrumbList","@id":"https:\/\/museojudiodecordoba.org\/linea_tiempo\/cordoba-vive-una-gran-actividad-comunitaria-en-todas-sus-areas-educativa-religiosa-y-cultural\/#breadcrumb","itemListElement":[{"@type":"ListItem","position":1,"name":"Portada","item":"https:\/\/museojudiodecordoba.org\/en\/"},{"@type":"ListItem","position":2,"name":"Items linea del tiempo","item":"https:\/\/museojudiodecordoba.org\/en\/linea_tiempo\/"},{"@type":"ListItem","position":3,"name":"C\u00f3rdoba vive una gran actividad comunitaria en todas sus \u00e1reas: educativa, religiosa y cultural"}]},{"@type":"WebSite","@id":"https:\/\/museojudiodecordoba.org\/en\/#website","url":"https:\/\/museojudiodecordoba.org\/en\/","name":"MUJU","description":"","potentialAction":[{"@type":"SearchAction","target":{"@type":"EntryPoint","urlTemplate":"https:\/\/museojudiodecordoba.org\/en\/?s={search_term_string}"},"query-input":"required name=search_term_string"}],"inLanguage":"en-US"}]}},"acf":{"year":"1968","end_year":"1968","display_date":"1968","headline":"C\u00f3rdoba vive una gran actividad comunitaria en todas sus \u00e1reas: educativa, religiosa y cultural","text":"El Centro Uni\u00f3n Isrealita de C\u00f3rdoba adquiere 3 hect\u00e1reas para el colegio en Villa Cabrera. La propiedad ubicada en 9 de julio 777 para el jard\u00edn de infantes y la de Alvear 270.Este a\u00f1o se recibe la visita del Embajdor de Israel en Argentina Mosh\u00e9 Alon, del Presidente del Congreso Jud\u00edo Latinoamericano Moises Golman y de la hero\u00edna de los ghettos Tzivia Lubetkin.En este a\u00f1o el Centro Uni\u00f3n Isrealita de C\u00f3rdoba contaba con 1358 socios y se realizaron 16 casamientos y 21 Bar Mitzv\u00e1. Tambi\u00e9n se construy\u00f3 el hall de entrada al cementerio nuevo.","media":"http:\/\/museojudiodecordoba.org\/wp-content\/uploads\/2020\/12\/53.jpg"},"_links":{"self":[{"href":"https:\/\/museojudiodecordoba.org\/en\/wp-json\/wp\/v2\/ltiempo\/4173","targetHints":{"allow":["GET"]}}],"collection":[{"href":"https:\/\/museojudiodecordoba.org\/en\/wp-json\/wp\/v2\/ltiempo"}],"about":[{"href":"https:\/\/museojudiodecordoba.org\/en\/wp-json\/wp\/v2\/types\/linea_tiempo"}],"wp:featuredmedia":[{"embeddable":true,"href":"https:\/\/museojudiodecordoba.org\/en\/wp-json\/wp\/v2\/media\/4174"}],"wp:attachment":[{"href":"https:\/\/museojudiodecordoba.org\/en\/wp-json\/wp\/v2\/media?parent=4173"}],"wp:term":[{"taxonomy":"category","embeddable":true,"href":"https:\/\/museojudiodecordoba.org\/en\/wp-json\/wp\/v2\/categories?post=4173"}],"curies":[{"name":"wp","href":"https:\/\/api.w.org\/{rel}","templated":true}]}}

Córdoba vive una gran actividad comunitaria en todas sus áreas: educativa, religiosa y cultural

<!-- This site is optimized with the Yoast SEO plugin v23.3 - https://yoast.com/wordpress/plugins/seo/ -->
<title>Córdoba vive una gran actividad comunitaria en todas sus áreas: educativa, religiosa y cultural - MUJU</title>
<meta name="robots" content="index, follow, max-snippet:-1, max-image-preview:large, max-video-preview:-1" />
<link rel="canonical" href="https://museojudiodecordoba.org/linea_tiempo/cordoba-vive-una-gran-actividad-comunitaria-en-todas-sus-areas-educativa-religiosa-y-cultural/" />
<meta property="og:locale" content="en_US" />
<meta property="og:type" content="article" />
<meta property="og:title" content="Córdoba vive una gran actividad comunitaria en todas sus áreas: educativa, religiosa y cultural - MUJU" />
<meta property="og:description" content="[...]Read More..." />
<meta property="og:url" content="https://museojudiodecordoba.org/linea_tiempo/cordoba-vive-una-gran-actividad-comunitaria-en-todas-sus-areas-educativa-religiosa-y-cultural/" />
<meta property="og:site_name" content="MUJU" />
<meta property="og:image" content="https://museojudiodecordoba.org/wp-content/uploads/2021/08/53.jpg" />
	<meta property="og:image:width" content="2500" />
	<meta property="og:image:height" content="1821" />
	<meta property="og:image:type" content="image/jpeg" />
<meta name="twitter:card" content="summary_large_image" />
<script type="application/ld+json" class="yoast-schema-graph">{"@context":"https://schema.org","@graph":[{"@type":"WebPage","@id":"https://museojudiodecordoba.org/linea_tiempo/cordoba-vive-una-gran-actividad-comunitaria-en-todas-sus-areas-educativa-religiosa-y-cultural/","url":"https://museojudiodecordoba.org/linea_tiempo/cordoba-vive-una-gran-actividad-comunitaria-en-todas-sus-areas-educativa-religiosa-y-cultural/","name":"Córdoba vive una gran actividad comunitaria en todas sus áreas: educativa, religiosa y cultural - MUJU","isPartOf":{"@id":"https://museojudiodecordoba.org/en/#website"},"primaryImageOfPage":{"@id":"https://museojudiodecordoba.org/linea_tiempo/cordoba-vive-una-gran-actividad-comunitaria-en-todas-sus-areas-educativa-religiosa-y-cultural/#primaryimage"},"image":{"@id":"https://museojudiodecordoba.org/linea_tiempo/cordoba-vive-una-gran-actividad-comunitaria-en-todas-sus-areas-educativa-religiosa-y-cultural/#primaryimage"},"thumbnailUrl":"https://museojudiodecordoba.org/wp-content/uploads/2021/08/53.jpg","datePublished":"2021-08-03T18:01:15+00:00","dateModified":"2021-08-03T18:01:15+00:00","breadcrumb":{"@id":"https://museojudiodecordoba.org/linea_tiempo/cordoba-vive-una-gran-actividad-comunitaria-en-todas-sus-areas-educativa-religiosa-y-cultural/#breadcrumb"},"inLanguage":"en-US","potentialAction":[{"@type":"ReadAction","target":["https://museojudiodecordoba.org/linea_tiempo/cordoba-vive-una-gran-actividad-comunitaria-en-todas-sus-areas-educativa-religiosa-y-cultural/"]}]},{"@type":"ImageObject","inLanguage":"en-US","@id":"https://museojudiodecordoba.org/linea_tiempo/cordoba-vive-una-gran-actividad-comunitaria-en-todas-sus-areas-educativa-religiosa-y-cultural/#primaryimage","url":"https://museojudiodecordoba.org/wp-content/uploads/2021/08/53.jpg","contentUrl":"https://museojudiodecordoba.org/wp-content/uploads/2021/08/53.jpg","width":2500,"height":1821},{"@type":"BreadcrumbList","@id":"https://museojudiodecordoba.org/linea_tiempo/cordoba-vive-una-gran-actividad-comunitaria-en-todas-sus-areas-educativa-religiosa-y-cultural/#breadcrumb","itemListElement":[{"@type":"ListItem","position":1,"name":"Portada","item":"https://museojudiodecordoba.org/en/"},{"@type":"ListItem","position":2,"name":"Items linea del tiempo","item":"https://museojudiodecordoba.org/en/linea_tiempo/"},{"@type":"ListItem","position":3,"name":"Córdoba vive una gran actividad comunitaria en todas sus áreas: educativa, religiosa y cultural"}]},{"@type":"WebSite","@id":"https://museojudiodecordoba.org/en/#website","url":"https://museojudiodecordoba.org/en/","name":"MUJU","description":"","potentialAction":[{"@type":"SearchAction","target":{"@type":"EntryPoint","urlTemplate":"https://museojudiodecordoba.org/en/?s={search_term_string}"},"query-input":"required name=search_term_string"}],"inLanguage":"en-US"}]}</script>
<!-- / Yoast SEO plugin. -->

Córdoba vive una gran actividad comunitaria en todas sus áreas: educativa, religiosa y cultural - MUJU

El Centro Unión Isrealita de Córdoba adquiere 3 hectáreas para el colegio en Villa Cabrera. La propiedad ubicada en 9 de julio 777 para el jardín de infantes y la de Alvear 270.Este año se recibe la visita del Embajdor de Israel en Argentina Moshé Alon, del Presidente del Congreso Judío Latinoamericano Moises Golman y de la heroína de los ghettos Tzivia Lubetkin.En este año el Centro Unión Isrealita de Córdoba contaba con 1358 socios y se realizaron 16 casamientos y 21 Bar Mitzvá. También se construyó el hall de entrada al cementerio nuevo.
