{"id":4211,"date":"2021-08-03T18:00:41","date_gmt":"2021-08-03T18:00:41","guid":{"rendered":"http:\/\/museojudiodecordoba.org\/?post_type=linea_tiempo&#038;p=4211"},"modified":"2021-08-03T18:00:41","modified_gmt":"2021-08-03T18:00:41","slug":"los-soldados-judeo-argentinos-en-malvinas-reciben-de-rabinos-asistencia-religiosa","status":"publish","type":"linea_tiempo","link":"https:\/\/museojudiodecordoba.org\/en\/linea_tiempo\/los-soldados-judeo-argentinos-en-malvinas-reciben-de-rabinos-asistencia-religiosa\/","title":{"rendered":"Los soldados judeo-argentinos en Malvinas reciben de rabinos asistencia religiosa"},"featured_media":4212,"template":"","meta":{"inline_featured_image":false},"categories":[206],"class_list":["post-4211","linea_tiempo","type-linea_tiempo","status-publish","has-post-thumbnail","hentry","category-206"],"yoast_head":"<!-- This site is optimized with the Yoast SEO plugin v23.3 - https:\/\/yoast.com\/wordpress\/plugins\/seo\/ -->\n<title>Los soldados judeo-argentinos en Malvinas reciben de rabinos asistencia religiosa - MUJU<\/title>\n<meta name=\"robots\" content=\"index, follow, max-snippet:-1, max-image-preview:large, max-video-preview:-1\" \/>\n<link rel=\"canonical\" href=\"https:\/\/museojudiodecordoba.org\/linea_tiempo\/los-soldados-judeo-argentinos-en-malvinas-reciben-de-rabinos-asistencia-religiosa\/\" \/>\n<meta property=\"og:locale\" content=\"en_US\" \/>\n<meta property=\"og:type\" content=\"article\" \/>\n<meta property=\"og:title\" content=\"Los soldados judeo-argentinos en Malvinas reciben de rabinos asistencia religiosa - MUJU\" \/>\n<meta property=\"og:description\" content=\"[...]Read More...\" \/>\n<meta property=\"og:url\" content=\"https:\/\/museojudiodecordoba.org\/linea_tiempo\/los-soldados-judeo-argentinos-en-malvinas-reciben-de-rabinos-asistencia-religiosa\/\" \/>\n<meta property=\"og:site_name\" content=\"MUJU\" \/>\n<meta property=\"og:image\" content=\"https:\/\/museojudiodecordoba.org\/wp-content\/uploads\/2021\/08\/1982E.jpg\" \/>\n\t<meta property=\"og:image:width\" content=\"300\" \/>\n\t<meta property=\"og:image:height\" content=\"199\" \/>\n\t<meta property=\"og:image:type\" content=\"image\/jpeg\" \/>\n<meta name=\"twitter:card\" content=\"summary_large_image\" \/>\n<script type=\"application\/ld+json\" class=\"yoast-schema-graph\">{\"@context\":\"https:\/\/schema.org\",\"@graph\":[{\"@type\":\"WebPage\",\"@id\":\"https:\/\/museojudiodecordoba.org\/linea_tiempo\/los-soldados-judeo-argentinos-en-malvinas-reciben-de-rabinos-asistencia-religiosa\/\",\"url\":\"https:\/\/museojudiodecordoba.org\/linea_tiempo\/los-soldados-judeo-argentinos-en-malvinas-reciben-de-rabinos-asistencia-religiosa\/\",\"name\":\"Los soldados judeo-argentinos en Malvinas reciben de rabinos asistencia religiosa - MUJU\",\"isPartOf\":{\"@id\":\"https:\/\/museojudiodecordoba.org\/en\/#website\"},\"primaryImageOfPage\":{\"@id\":\"https:\/\/museojudiodecordoba.org\/linea_tiempo\/los-soldados-judeo-argentinos-en-malvinas-reciben-de-rabinos-asistencia-religiosa\/#primaryimage\"},\"image\":{\"@id\":\"https:\/\/museojudiodecordoba.org\/linea_tiempo\/los-soldados-judeo-argentinos-en-malvinas-reciben-de-rabinos-asistencia-religiosa\/#primaryimage\"},\"thumbnailUrl\":\"https:\/\/museojudiodecordoba.org\/wp-content\/uploads\/2021\/08\/1982E.jpg\",\"datePublished\":\"2021-08-03T18:00:41+00:00\",\"dateModified\":\"2021-08-03T18:00:41+00:00\",\"breadcrumb\":{\"@id\":\"https:\/\/museojudiodecordoba.org\/linea_tiempo\/los-soldados-judeo-argentinos-en-malvinas-reciben-de-rabinos-asistencia-religiosa\/#breadcrumb\"},\"inLanguage\":\"en-US\",\"potentialAction\":[{\"@type\":\"ReadAction\",\"target\":[\"https:\/\/museojudiodecordoba.org\/linea_tiempo\/los-soldados-judeo-argentinos-en-malvinas-reciben-de-rabinos-asistencia-religiosa\/\"]}]},{\"@type\":\"ImageObject\",\"inLanguage\":\"en-US\",\"@id\":\"https:\/\/museojudiodecordoba.org\/linea_tiempo\/los-soldados-judeo-argentinos-en-malvinas-reciben-de-rabinos-asistencia-religiosa\/#primaryimage\",\"url\":\"https:\/\/museojudiodecordoba.org\/wp-content\/uploads\/2021\/08\/1982E.jpg\",\"contentUrl\":\"https:\/\/museojudiodecordoba.org\/wp-content\/uploads\/2021\/08\/1982E.jpg\",\"width\":300,\"height\":199},{\"@type\":\"BreadcrumbList\",\"@id\":\"https:\/\/museojudiodecordoba.org\/linea_tiempo\/los-soldados-judeo-argentinos-en-malvinas-reciben-de-rabinos-asistencia-religiosa\/#breadcrumb\",\"itemListElement\":[{\"@type\":\"ListItem\",\"position\":1,\"name\":\"Portada\",\"item\":\"https:\/\/museojudiodecordoba.org\/en\/\"},{\"@type\":\"ListItem\",\"position\":2,\"name\":\"Items linea del tiempo\",\"item\":\"https:\/\/museojudiodecordoba.org\/en\/linea_tiempo\/\"},{\"@type\":\"ListItem\",\"position\":3,\"name\":\"Los soldados judeo-argentinos en Malvinas reciben de rabinos asistencia religiosa\"}]},{\"@type\":\"WebSite\",\"@id\":\"https:\/\/museojudiodecordoba.org\/en\/#website\",\"url\":\"https:\/\/museojudiodecordoba.org\/en\/\",\"name\":\"MUJU\",\"description\":\"\",\"potentialAction\":[{\"@type\":\"SearchAction\",\"target\":{\"@type\":\"EntryPoint\",\"urlTemplate\":\"https:\/\/museojudiodecordoba.org\/en\/?s={search_term_string}\"},\"query-input\":\"required name=search_term_string\"}],\"inLanguage\":\"en-US\"}]}<\/script>\n<!-- \/ Yoast SEO plugin. -->","yoast_head_json":{"title":"Los soldados judeo-argentinos en Malvinas reciben de rabinos asistencia religiosa - MUJU","robots":{"index":"index","follow":"follow","max-snippet":"max-snippet:-1","max-image-preview":"max-image-preview:large","max-video-preview":"max-video-preview:-1"},"canonical":"https:\/\/museojudiodecordoba.org\/linea_tiempo\/los-soldados-judeo-argentinos-en-malvinas-reciben-de-rabinos-asistencia-religiosa\/","og_locale":"en_US","og_type":"article","og_title":"Los soldados judeo-argentinos en Malvinas reciben de rabinos asistencia religiosa - MUJU","og_description":"[...]Read More...","og_url":"https:\/\/museojudiodecordoba.org\/linea_tiempo\/los-soldados-judeo-argentinos-en-malvinas-reciben-de-rabinos-asistencia-religiosa\/","og_site_name":"MUJU","og_image":[{"width":300,"height":199,"url":"https:\/\/museojudiodecordoba.org\/wp-content\/uploads\/2021\/08\/1982E.jpg","type":"image\/jpeg"}],"twitter_card":"summary_large_image","schema":{"@context":"https:\/\/schema.org","@graph":[{"@type":"WebPage","@id":"https:\/\/museojudiodecordoba.org\/linea_tiempo\/los-soldados-judeo-argentinos-en-malvinas-reciben-de-rabinos-asistencia-religiosa\/","url":"https:\/\/museojudiodecordoba.org\/linea_tiempo\/los-soldados-judeo-argentinos-en-malvinas-reciben-de-rabinos-asistencia-religiosa\/","name":"Los soldados judeo-argentinos en Malvinas reciben de rabinos asistencia religiosa - MUJU","isPartOf":{"@id":"https:\/\/museojudiodecordoba.org\/en\/#website"},"primaryImageOfPage":{"@id":"https:\/\/museojudiodecordoba.org\/linea_tiempo\/los-soldados-judeo-argentinos-en-malvinas-reciben-de-rabinos-asistencia-religiosa\/#primaryimage"},"image":{"@id":"https:\/\/museojudiodecordoba.org\/linea_tiempo\/los-soldados-judeo-argentinos-en-malvinas-reciben-de-rabinos-asistencia-religiosa\/#primaryimage"},"thumbnailUrl":"https:\/\/museojudiodecordoba.org\/wp-content\/uploads\/2021\/08\/1982E.jpg","datePublished":"2021-08-03T18:00:41+00:00","dateModified":"2021-08-03T18:00:41+00:00","breadcrumb":{"@id":"https:\/\/museojudiodecordoba.org\/linea_tiempo\/los-soldados-judeo-argentinos-en-malvinas-reciben-de-rabinos-asistencia-religiosa\/#breadcrumb"},"inLanguage":"en-US","potentialAction":[{"@type":"ReadAction","target":["https:\/\/museojudiodecordoba.org\/linea_tiempo\/los-soldados-judeo-argentinos-en-malvinas-reciben-de-rabinos-asistencia-religiosa\/"]}]},{"@type":"ImageObject","inLanguage":"en-US","@id":"https:\/\/museojudiodecordoba.org\/linea_tiempo\/los-soldados-judeo-argentinos-en-malvinas-reciben-de-rabinos-asistencia-religiosa\/#primaryimage","url":"https:\/\/museojudiodecordoba.org\/wp-content\/uploads\/2021\/08\/1982E.jpg","contentUrl":"https:\/\/museojudiodecordoba.org\/wp-content\/uploads\/2021\/08\/1982E.jpg","width":300,"height":199},{"@type":"BreadcrumbList","@id":"https:\/\/museojudiodecordoba.org\/linea_tiempo\/los-soldados-judeo-argentinos-en-malvinas-reciben-de-rabinos-asistencia-religiosa\/#breadcrumb","itemListElement":[{"@type":"ListItem","position":1,"name":"Portada","item":"https:\/\/museojudiodecordoba.org\/en\/"},{"@type":"ListItem","position":2,"name":"Items linea del tiempo","item":"https:\/\/museojudiodecordoba.org\/en\/linea_tiempo\/"},{"@type":"ListItem","position":3,"name":"Los soldados judeo-argentinos en Malvinas reciben de rabinos asistencia religiosa"}]},{"@type":"WebSite","@id":"https:\/\/museojudiodecordoba.org\/en\/#website","url":"https:\/\/museojudiodecordoba.org\/en\/","name":"MUJU","description":"","potentialAction":[{"@type":"SearchAction","target":{"@type":"EntryPoint","urlTemplate":"https:\/\/museojudiodecordoba.org\/en\/?s={search_term_string}"},"query-input":"required name=search_term_string"}],"inLanguage":"en-US"}]}},"acf":{"year":"1982","end_year":"1982","display_date":"1982","headline":"Los soldados judeo-argentinos en Malvinas reciben de rabinos asistencia religiosa","text":"En 1982 el Gral. Leopoldo Galtieri decidi\u00f3 la recuperaci\u00f3n de las Islas Malvinas. Las Islas fueron ocupadas por Gran Breta\u00f1a en 1833 y rebautizadas con el nombre de Falklands. El 2 de abril las tropas argentinas desembarcaron en Puerto Argentino; luego de la rendici\u00f3n del gobernador de las Islas asumi\u00f3 Benjam\u00edn Men\u00e9ndez como gobernador.J\u00f3venes argentinos y jud\u00edos fueron convocados como soldados para ir a las Malvinas. Del Movimiento Conservador y de su m\u00e1ximo exponente y fundador en el pa\u00eds, el rabino Marshall Meyer, surgi\u00f3 la idea de enviar religiosos para asistir espiritualmente a loscerca de 200 soldados jud\u00edos que estaban movilizados en el sur y en las Malvinas.Finalmente, luego de varias idas y vueltas, las Fuerzas Armadas aceptaron la presencia de los cinco rabinos convocados, quienes partieron inmediatamente a la zona de conflicto. All\u00ed se defend\u00eda el continente de una posible incursi\u00f3n brit\u00e1nica para atacar las bases desde donde despegaban los aviones que abastec\u00edan el archipi\u00e9lago y los que atacaban a la flota inglesa. Lo que resulta m\u00e1s incre\u00edble es que la designaci\u00f3n de los rabinos se dio durante la \u00faltima dictadura militar, acusada internacionalmente no s\u00f3lo de violaciones a los derechos humanos, sino particularmente del antisemitismo que exist\u00eda tanto entre sus filas como en los centros clandestinos de detenci\u00f3n.Pero la guerra todo lo pudo y los cinco religiosos lograron viajar y prestarles asistencia a los soldados jud\u00edos desplegados en la Patagonia. Sin embargo, no los dejaron llegar a las Malvinas por diferentes razones que van desde lo estrat\u00e9gico hasta el antisemitismo.As\u00ed, el rabino Baruj Plavnick viaj\u00f3 a Comodoro Rivadavia el 12 de mayo, en camino hacia Puerto Argentino, seguido por sus colegas Efra\u00edn Dines, quien deb\u00eda quedarse en esa ciudad (luego fue transferido a Trelew) y Tzv\u00ed Grunblatt, el cual fue destinado a R\u00edo Gallegos.Luego, Plavnick fue reemplazado, dos semanas despu\u00e9s, por Felipe Yaff\u00e9, el l\u00edder espiritual del Centro Uni\u00f3n Israelita de C\u00f3rdoba en esos a\u00f1os. Grunblatt, en cambio, fue relevado por su hermano, Nat\u00e1n, con quien trabajaba en Jabad Lubavitch de Buenos Aires.La poblaci\u00f3n Jud\u00eda estimada en el pa\u00eds era de 233.000 personas.","media":"http:\/\/museojudiodecordoba.org\/wp-content\/uploads\/2021\/02\/1982E.jpg"},"_links":{"self":[{"href":"https:\/\/museojudiodecordoba.org\/en\/wp-json\/wp\/v2\/ltiempo\/4211","targetHints":{"allow":["GET"]}}],"collection":[{"href":"https:\/\/museojudiodecordoba.org\/en\/wp-json\/wp\/v2\/ltiempo"}],"about":[{"href":"https:\/\/museojudiodecordoba.org\/en\/wp-json\/wp\/v2\/types\/linea_tiempo"}],"wp:featuredmedia":[{"embeddable":true,"href":"https:\/\/museojudiodecordoba.org\/en\/wp-json\/wp\/v2\/media\/4212"}],"wp:attachment":[{"href":"https:\/\/museojudiodecordoba.org\/en\/wp-json\/wp\/v2\/media?parent=4211"}],"wp:term":[{"taxonomy":"category","embeddable":true,"href":"https:\/\/museojudiodecordoba.org\/en\/wp-json\/wp\/v2\/categories?post=4211"}],"curies":[{"name":"wp","href":"https:\/\/api.w.org\/{rel}","templated":true}]}}

En 1982 el Gral. Leopoldo Galtieri decidió la recuperación de las Islas Malvinas. Las Islas fueron ocupadas por Gran Bretaña en 1833 y rebautizadas con el nombre de Falklands. El 2 de abril las tropas argentinas desembarcaron en Puerto Argentino; luego de la rendición del gobernador de las Islas asumió Benjamín Menéndez como gobernador.Jóvenes argentinos y judíos fueron convocados como soldados para ir a las Malvinas. Del Movimiento Conservador y de su máximo exponente y fundador en el país, el rabino Marshall Meyer, surgió la idea de enviar religiosos para asistir espiritualmente a loscerca de 200 soldados judíos que estaban movilizados en el sur y en las Malvinas.Finalmente, luego de varias idas y vueltas, las Fuerzas Armadas aceptaron la presencia de los cinco rabinos convocados, quienes partieron inmediatamente a la zona de conflicto. Allí se defendía el continente de una posible incursión británica para atacar las bases desde donde despegaban los aviones que abastecían el archipiélago y los que atacaban a la flota inglesa. Lo que resulta más increíble es que la designación de los rabinos se dio durante la última dictadura militar, acusada internacionalmente no sólo de violaciones a los derechos humanos, sino particularmente del antisemitismo que existía tanto entre sus filas como en los centros clandestinos de detención.Pero la guerra todo lo pudo y los cinco religiosos lograron viajar y prestarles asistencia a los soldados judíos desplegados en la Patagonia. Sin embargo, no los dejaron llegar a las Malvinas por diferentes razones que van desde lo estratégico hasta el antisemitismo.Así, el rabino Baruj Plavnick viajó a Comodoro Rivadavia el 12 de mayo, en camino hacia Puerto Argentino, seguido por sus colegas Efraín Dines, quien debía quedarse en esa ciudad (luego fue transferido a Trelew) y Tzví Grunblatt, el cual fue destinado a Río Gallegos.Luego, Plavnick fue reemplazado, dos semanas después, por Felipe Yaffé, el líder espiritual del Centro Unión Israelita de Córdoba en esos años. Grunblatt, en cambio, fue relevado por su hermano, Natán, con quien trabajaba en Jabad Lubavitch de Buenos Aires.La población Judía estimada en el país era de 233.000 personas.
