{"id":4215,"date":"2021-08-03T18:00:28","date_gmt":"2021-08-03T18:00:28","guid":{"rendered":"http:\/\/museojudiodecordoba.org\/?post_type=linea_tiempo&#038;p=4215"},"modified":"2021-08-03T18:00:28","modified_gmt":"2021-08-03T18:00:28","slug":"sectores-de-la-comunidad-adhieren-publicamente-a-los-reclamos-por-los-detenidos-desaparecidos","status":"publish","type":"linea_tiempo","link":"https:\/\/museojudiodecordoba.org\/en\/linea_tiempo\/sectores-de-la-comunidad-adhieren-publicamente-a-los-reclamos-por-los-detenidos-desaparecidos\/","title":{"rendered":"Sectores de la comunidad adhieren p\u00fablicamente a los reclamos por los \u201cdetenidos- desaparecidos\u201d"},"featured_media":4216,"template":"","meta":{"inline_featured_image":false},"categories":[206],"class_list":["post-4215","linea_tiempo","type-linea_tiempo","status-publish","has-post-thumbnail","hentry","category-206"],"yoast_head":"<!-- This site is optimized with the Yoast SEO plugin v23.3 - https:\/\/yoast.com\/wordpress\/plugins\/seo\/ -->\n<title>Sectores de la comunidad adhieren p\u00fablicamente a los reclamos por los \u201cdetenidos- desaparecidos\u201d - MUJU<\/title>\n<meta name=\"robots\" content=\"index, follow, max-snippet:-1, max-image-preview:large, max-video-preview:-1\" \/>\n<link rel=\"canonical\" href=\"https:\/\/museojudiodecordoba.org\/linea_tiempo\/sectores-de-la-comunidad-adhieren-publicamente-a-los-reclamos-por-los-detenidos-desaparecidos\/\" \/>\n<meta property=\"og:locale\" content=\"en_US\" \/>\n<meta property=\"og:type\" content=\"article\" \/>\n<meta property=\"og:title\" content=\"Sectores de la comunidad adhieren p\u00fablicamente a los reclamos por los \u201cdetenidos- desaparecidos\u201d - MUJU\" \/>\n<meta property=\"og:description\" content=\"[...]Read More...\" \/>\n<meta property=\"og:url\" content=\"https:\/\/museojudiodecordoba.org\/linea_tiempo\/sectores-de-la-comunidad-adhieren-publicamente-a-los-reclamos-por-los-detenidos-desaparecidos\/\" \/>\n<meta property=\"og:site_name\" content=\"MUJU\" \/>\n<meta property=\"og:image\" content=\"https:\/\/museojudiodecordoba.org\/wp-content\/uploads\/2021\/08\/1983A.jpg\" \/>\n\t<meta property=\"og:image:width\" content=\"605\" \/>\n\t<meta property=\"og:image:height\" content=\"342\" \/>\n\t<meta property=\"og:image:type\" content=\"image\/jpeg\" \/>\n<meta name=\"twitter:card\" content=\"summary_large_image\" \/>\n<script type=\"application\/ld+json\" class=\"yoast-schema-graph\">{\"@context\":\"https:\/\/schema.org\",\"@graph\":[{\"@type\":\"WebPage\",\"@id\":\"https:\/\/museojudiodecordoba.org\/linea_tiempo\/sectores-de-la-comunidad-adhieren-publicamente-a-los-reclamos-por-los-detenidos-desaparecidos\/\",\"url\":\"https:\/\/museojudiodecordoba.org\/linea_tiempo\/sectores-de-la-comunidad-adhieren-publicamente-a-los-reclamos-por-los-detenidos-desaparecidos\/\",\"name\":\"Sectores de la comunidad adhieren p\u00fablicamente a los reclamos por los \u201cdetenidos- desaparecidos\u201d - MUJU\",\"isPartOf\":{\"@id\":\"https:\/\/museojudiodecordoba.org\/en\/#website\"},\"primaryImageOfPage\":{\"@id\":\"https:\/\/museojudiodecordoba.org\/linea_tiempo\/sectores-de-la-comunidad-adhieren-publicamente-a-los-reclamos-por-los-detenidos-desaparecidos\/#primaryimage\"},\"image\":{\"@id\":\"https:\/\/museojudiodecordoba.org\/linea_tiempo\/sectores-de-la-comunidad-adhieren-publicamente-a-los-reclamos-por-los-detenidos-desaparecidos\/#primaryimage\"},\"thumbnailUrl\":\"https:\/\/museojudiodecordoba.org\/wp-content\/uploads\/2021\/08\/1983A.jpg\",\"datePublished\":\"2021-08-03T18:00:28+00:00\",\"dateModified\":\"2021-08-03T18:00:28+00:00\",\"breadcrumb\":{\"@id\":\"https:\/\/museojudiodecordoba.org\/linea_tiempo\/sectores-de-la-comunidad-adhieren-publicamente-a-los-reclamos-por-los-detenidos-desaparecidos\/#breadcrumb\"},\"inLanguage\":\"en-US\",\"potentialAction\":[{\"@type\":\"ReadAction\",\"target\":[\"https:\/\/museojudiodecordoba.org\/linea_tiempo\/sectores-de-la-comunidad-adhieren-publicamente-a-los-reclamos-por-los-detenidos-desaparecidos\/\"]}]},{\"@type\":\"ImageObject\",\"inLanguage\":\"en-US\",\"@id\":\"https:\/\/museojudiodecordoba.org\/linea_tiempo\/sectores-de-la-comunidad-adhieren-publicamente-a-los-reclamos-por-los-detenidos-desaparecidos\/#primaryimage\",\"url\":\"https:\/\/museojudiodecordoba.org\/wp-content\/uploads\/2021\/08\/1983A.jpg\",\"contentUrl\":\"https:\/\/museojudiodecordoba.org\/wp-content\/uploads\/2021\/08\/1983A.jpg\",\"width\":605,\"height\":342},{\"@type\":\"BreadcrumbList\",\"@id\":\"https:\/\/museojudiodecordoba.org\/linea_tiempo\/sectores-de-la-comunidad-adhieren-publicamente-a-los-reclamos-por-los-detenidos-desaparecidos\/#breadcrumb\",\"itemListElement\":[{\"@type\":\"ListItem\",\"position\":1,\"name\":\"Portada\",\"item\":\"https:\/\/museojudiodecordoba.org\/en\/\"},{\"@type\":\"ListItem\",\"position\":2,\"name\":\"Items linea del tiempo\",\"item\":\"https:\/\/museojudiodecordoba.org\/en\/linea_tiempo\/\"},{\"@type\":\"ListItem\",\"position\":3,\"name\":\"Sectores de la comunidad adhieren p\u00fablicamente a los reclamos por los \u201cdetenidos- desaparecidos\u201d\"}]},{\"@type\":\"WebSite\",\"@id\":\"https:\/\/museojudiodecordoba.org\/en\/#website\",\"url\":\"https:\/\/museojudiodecordoba.org\/en\/\",\"name\":\"MUJU\",\"description\":\"\",\"potentialAction\":[{\"@type\":\"SearchAction\",\"target\":{\"@type\":\"EntryPoint\",\"urlTemplate\":\"https:\/\/museojudiodecordoba.org\/en\/?s={search_term_string}\"},\"query-input\":\"required name=search_term_string\"}],\"inLanguage\":\"en-US\"}]}<\/script>\n<!-- \/ Yoast SEO plugin. -->","yoast_head_json":{"title":"Sectores de la comunidad adhieren p\u00fablicamente a los reclamos por los \u201cdetenidos- desaparecidos\u201d - MUJU","robots":{"index":"index","follow":"follow","max-snippet":"max-snippet:-1","max-image-preview":"max-image-preview:large","max-video-preview":"max-video-preview:-1"},"canonical":"https:\/\/museojudiodecordoba.org\/linea_tiempo\/sectores-de-la-comunidad-adhieren-publicamente-a-los-reclamos-por-los-detenidos-desaparecidos\/","og_locale":"en_US","og_type":"article","og_title":"Sectores de la comunidad adhieren p\u00fablicamente a los reclamos por los \u201cdetenidos- desaparecidos\u201d - MUJU","og_description":"[...]Read More...","og_url":"https:\/\/museojudiodecordoba.org\/linea_tiempo\/sectores-de-la-comunidad-adhieren-publicamente-a-los-reclamos-por-los-detenidos-desaparecidos\/","og_site_name":"MUJU","og_image":[{"width":605,"height":342,"url":"https:\/\/museojudiodecordoba.org\/wp-content\/uploads\/2021\/08\/1983A.jpg","type":"image\/jpeg"}],"twitter_card":"summary_large_image","schema":{"@context":"https:\/\/schema.org","@graph":[{"@type":"WebPage","@id":"https:\/\/museojudiodecordoba.org\/linea_tiempo\/sectores-de-la-comunidad-adhieren-publicamente-a-los-reclamos-por-los-detenidos-desaparecidos\/","url":"https:\/\/museojudiodecordoba.org\/linea_tiempo\/sectores-de-la-comunidad-adhieren-publicamente-a-los-reclamos-por-los-detenidos-desaparecidos\/","name":"Sectores de la comunidad adhieren p\u00fablicamente a los reclamos por los \u201cdetenidos- desaparecidos\u201d - MUJU","isPartOf":{"@id":"https:\/\/museojudiodecordoba.org\/en\/#website"},"primaryImageOfPage":{"@id":"https:\/\/museojudiodecordoba.org\/linea_tiempo\/sectores-de-la-comunidad-adhieren-publicamente-a-los-reclamos-por-los-detenidos-desaparecidos\/#primaryimage"},"image":{"@id":"https:\/\/museojudiodecordoba.org\/linea_tiempo\/sectores-de-la-comunidad-adhieren-publicamente-a-los-reclamos-por-los-detenidos-desaparecidos\/#primaryimage"},"thumbnailUrl":"https:\/\/museojudiodecordoba.org\/wp-content\/uploads\/2021\/08\/1983A.jpg","datePublished":"2021-08-03T18:00:28+00:00","dateModified":"2021-08-03T18:00:28+00:00","breadcrumb":{"@id":"https:\/\/museojudiodecordoba.org\/linea_tiempo\/sectores-de-la-comunidad-adhieren-publicamente-a-los-reclamos-por-los-detenidos-desaparecidos\/#breadcrumb"},"inLanguage":"en-US","potentialAction":[{"@type":"ReadAction","target":["https:\/\/museojudiodecordoba.org\/linea_tiempo\/sectores-de-la-comunidad-adhieren-publicamente-a-los-reclamos-por-los-detenidos-desaparecidos\/"]}]},{"@type":"ImageObject","inLanguage":"en-US","@id":"https:\/\/museojudiodecordoba.org\/linea_tiempo\/sectores-de-la-comunidad-adhieren-publicamente-a-los-reclamos-por-los-detenidos-desaparecidos\/#primaryimage","url":"https:\/\/museojudiodecordoba.org\/wp-content\/uploads\/2021\/08\/1983A.jpg","contentUrl":"https:\/\/museojudiodecordoba.org\/wp-content\/uploads\/2021\/08\/1983A.jpg","width":605,"height":342},{"@type":"BreadcrumbList","@id":"https:\/\/museojudiodecordoba.org\/linea_tiempo\/sectores-de-la-comunidad-adhieren-publicamente-a-los-reclamos-por-los-detenidos-desaparecidos\/#breadcrumb","itemListElement":[{"@type":"ListItem","position":1,"name":"Portada","item":"https:\/\/museojudiodecordoba.org\/en\/"},{"@type":"ListItem","position":2,"name":"Items linea del tiempo","item":"https:\/\/museojudiodecordoba.org\/en\/linea_tiempo\/"},{"@type":"ListItem","position":3,"name":"Sectores de la comunidad adhieren p\u00fablicamente a los reclamos por los \u201cdetenidos- desaparecidos\u201d"}]},{"@type":"WebSite","@id":"https:\/\/museojudiodecordoba.org\/en\/#website","url":"https:\/\/museojudiodecordoba.org\/en\/","name":"MUJU","description":"","potentialAction":[{"@type":"SearchAction","target":{"@type":"EntryPoint","urlTemplate":"https:\/\/museojudiodecordoba.org\/en\/?s={search_term_string}"},"query-input":"required name=search_term_string"}],"inLanguage":"en-US"}]}},"acf":{"year":"1983","end_year":"1983","display_date":"1983","headline":"Sectores de la comunidad adhieren p\u00fablicamente a los reclamos por los \u201cdetenidos- desaparecidos\u201d","text":"Algunos miembros de la comunidad padecieron la persecuci\u00f3n, detenci\u00f3n, que los llev\u00f3 a engrosar la luctuosa lista de desaparecidos que dej\u00f3 el terrorismo de Estado en nuestra historia reciente. Sectores de la comunidad adhieren p\u00fablicamente a los reclamos por los \u201cdetenidos- desaparecidos\u201d; entre los 30.000, 1.500 eran jud\u00edos.La dirigencia de la DAIA se vio intimidada por el accionar de los militares. La hija de 16 a\u00f1os del presidente de la DAIA de C\u00f3rdoba fue secuestrada con otra amiga no jud\u00eda \u2013s\u00f3lo esta \u00faltima reapareci\u00f3 poco d\u00edas despu\u00e9s-. El presidente de la filial cordobesa decidi\u00f3 renunciar a su cargo por el doble motivo de abocarse a la b\u00fasqueda de su hija y para no comprometer a la comunidad. La suerte no fue tan buena esta vez, la adolescente nunca apareci\u00f3. Lo \u00faltimo que se supo de ella fue su traslado con destino incierto desde el campo de detenci\u00f3n \u201cLa Perla\u201d. De la misma forma que \u201cquien salva una vida, salva al mundo entero\u201d, se podr\u00eda inferir que quien silencia una vida intenta silenciar a toda la humanidad. ","media":"http:\/\/museojudiodecordoba.org\/wp-content\/uploads\/2021\/02\/1983A.jpg"},"_links":{"self":[{"href":"https:\/\/museojudiodecordoba.org\/en\/wp-json\/wp\/v2\/ltiempo\/4215","targetHints":{"allow":["GET"]}}],"collection":[{"href":"https:\/\/museojudiodecordoba.org\/en\/wp-json\/wp\/v2\/ltiempo"}],"about":[{"href":"https:\/\/museojudiodecordoba.org\/en\/wp-json\/wp\/v2\/types\/linea_tiempo"}],"wp:featuredmedia":[{"embeddable":true,"href":"https:\/\/museojudiodecordoba.org\/en\/wp-json\/wp\/v2\/media\/4216"}],"wp:attachment":[{"href":"https:\/\/museojudiodecordoba.org\/en\/wp-json\/wp\/v2\/media?parent=4215"}],"wp:term":[{"taxonomy":"category","embeddable":true,"href":"https:\/\/museojudiodecordoba.org\/en\/wp-json\/wp\/v2\/categories?post=4215"}],"curies":[{"name":"wp","href":"https:\/\/api.w.org\/{rel}","templated":true}]}}

Sectores de la comunidad adhieren públicamente a los reclamos por los “detenidos- desaparecidos”

<!-- This site is optimized with the Yoast SEO plugin v23.3 - https://yoast.com/wordpress/plugins/seo/ -->
<title>Sectores de la comunidad adhieren públicamente a los reclamos por los “detenidos- desaparecidos” - MUJU</title>
<meta name="robots" content="index, follow, max-snippet:-1, max-image-preview:large, max-video-preview:-1" />
<link rel="canonical" href="https://museojudiodecordoba.org/linea_tiempo/sectores-de-la-comunidad-adhieren-publicamente-a-los-reclamos-por-los-detenidos-desaparecidos/" />
<meta property="og:locale" content="en_US" />
<meta property="og:type" content="article" />
<meta property="og:title" content="Sectores de la comunidad adhieren públicamente a los reclamos por los “detenidos- desaparecidos” - MUJU" />
<meta property="og:description" content="[...]Read More..." />
<meta property="og:url" content="https://museojudiodecordoba.org/linea_tiempo/sectores-de-la-comunidad-adhieren-publicamente-a-los-reclamos-por-los-detenidos-desaparecidos/" />
<meta property="og:site_name" content="MUJU" />
<meta property="og:image" content="https://museojudiodecordoba.org/wp-content/uploads/2021/08/1983A.jpg" />
	<meta property="og:image:width" content="605" />
	<meta property="og:image:height" content="342" />
	<meta property="og:image:type" content="image/jpeg" />
<meta name="twitter:card" content="summary_large_image" />
<script type="application/ld+json" class="yoast-schema-graph">{"@context":"https://schema.org","@graph":[{"@type":"WebPage","@id":"https://museojudiodecordoba.org/linea_tiempo/sectores-de-la-comunidad-adhieren-publicamente-a-los-reclamos-por-los-detenidos-desaparecidos/","url":"https://museojudiodecordoba.org/linea_tiempo/sectores-de-la-comunidad-adhieren-publicamente-a-los-reclamos-por-los-detenidos-desaparecidos/","name":"Sectores de la comunidad adhieren públicamente a los reclamos por los “detenidos- desaparecidos” - MUJU","isPartOf":{"@id":"https://museojudiodecordoba.org/en/#website"},"primaryImageOfPage":{"@id":"https://museojudiodecordoba.org/linea_tiempo/sectores-de-la-comunidad-adhieren-publicamente-a-los-reclamos-por-los-detenidos-desaparecidos/#primaryimage"},"image":{"@id":"https://museojudiodecordoba.org/linea_tiempo/sectores-de-la-comunidad-adhieren-publicamente-a-los-reclamos-por-los-detenidos-desaparecidos/#primaryimage"},"thumbnailUrl":"https://museojudiodecordoba.org/wp-content/uploads/2021/08/1983A.jpg","datePublished":"2021-08-03T18:00:28+00:00","dateModified":"2021-08-03T18:00:28+00:00","breadcrumb":{"@id":"https://museojudiodecordoba.org/linea_tiempo/sectores-de-la-comunidad-adhieren-publicamente-a-los-reclamos-por-los-detenidos-desaparecidos/#breadcrumb"},"inLanguage":"en-US","potentialAction":[{"@type":"ReadAction","target":["https://museojudiodecordoba.org/linea_tiempo/sectores-de-la-comunidad-adhieren-publicamente-a-los-reclamos-por-los-detenidos-desaparecidos/"]}]},{"@type":"ImageObject","inLanguage":"en-US","@id":"https://museojudiodecordoba.org/linea_tiempo/sectores-de-la-comunidad-adhieren-publicamente-a-los-reclamos-por-los-detenidos-desaparecidos/#primaryimage","url":"https://museojudiodecordoba.org/wp-content/uploads/2021/08/1983A.jpg","contentUrl":"https://museojudiodecordoba.org/wp-content/uploads/2021/08/1983A.jpg","width":605,"height":342},{"@type":"BreadcrumbList","@id":"https://museojudiodecordoba.org/linea_tiempo/sectores-de-la-comunidad-adhieren-publicamente-a-los-reclamos-por-los-detenidos-desaparecidos/#breadcrumb","itemListElement":[{"@type":"ListItem","position":1,"name":"Portada","item":"https://museojudiodecordoba.org/en/"},{"@type":"ListItem","position":2,"name":"Items linea del tiempo","item":"https://museojudiodecordoba.org/en/linea_tiempo/"},{"@type":"ListItem","position":3,"name":"Sectores de la comunidad adhieren públicamente a los reclamos por los “detenidos- desaparecidos”"}]},{"@type":"WebSite","@id":"https://museojudiodecordoba.org/en/#website","url":"https://museojudiodecordoba.org/en/","name":"MUJU","description":"","potentialAction":[{"@type":"SearchAction","target":{"@type":"EntryPoint","urlTemplate":"https://museojudiodecordoba.org/en/?s={search_term_string}"},"query-input":"required name=search_term_string"}],"inLanguage":"en-US"}]}</script>
<!-- / Yoast SEO plugin. -->

Sectores de la comunidad adhieren públicamente a los reclamos por los “detenidos- desaparecidos” - MUJU

Algunos miembros de la comunidad padecieron la persecución, detención, que los llevó a engrosar la luctuosa lista de desaparecidos que dejó el terrorismo de Estado en nuestra historia reciente. Sectores de la comunidad adhieren públicamente a los reclamos por los “detenidos- desaparecidos”; entre los 30.000, 1.500 eran judíos.La dirigencia de la DAIA se vio intimidada por el accionar de los militares. La hija de 16 años del presidente de la DAIA de Córdoba fue secuestrada con otra amiga no judía –sólo esta última reapareció poco días después-. El presidente de la filial cordobesa decidió renunciar a su cargo por el doble motivo de abocarse a la búsqueda de su hija y para no comprometer a la comunidad. La suerte no fue tan buena esta vez, la adolescente nunca apareció. Lo último que se supo de ella fue su traslado con destino incierto desde el campo de detención “La Perla”. De la misma forma que “quien salva una vida, salva al mundo entero”, se podría inferir que quien silencia una vida intenta silenciar a toda la humanidad.
