{"id":4218,"date":"2021-08-03T18:00:33","date_gmt":"2021-08-03T18:00:33","guid":{"rendered":"http:\/\/museojudiodecordoba.org\/?post_type=linea_tiempo&#038;p=4218"},"modified":"2021-08-03T18:00:33","modified_gmt":"2021-08-03T18:00:33","slug":"la-presencia-de-funcionarios-judios-dentro-del-gobierno-del-presidente-alfonsin-da-origen-a-una-nueva-campana-antisemita","status":"publish","type":"linea_tiempo","link":"https:\/\/museojudiodecordoba.org\/en\/linea_tiempo\/la-presencia-de-funcionarios-judios-dentro-del-gobierno-del-presidente-alfonsin-da-origen-a-una-nueva-campana-antisemita\/","title":{"rendered":"La presencia de funcionarios jud\u00edos dentro del gobierno del presidente Alfons\u00edn da origen a una nueva campa\u00f1a antisemita"},"featured_media":4219,"template":"","meta":{"inline_featured_image":false},"categories":[206],"class_list":["post-4218","linea_tiempo","type-linea_tiempo","status-publish","has-post-thumbnail","hentry","category-206"],"yoast_head":"<!-- This site is optimized with the Yoast SEO plugin v23.3 - https:\/\/yoast.com\/wordpress\/plugins\/seo\/ -->\n<title>La presencia de funcionarios jud\u00edos dentro del gobierno del presidente Alfons\u00edn da origen a una nueva campa\u00f1a antisemita - MUJU<\/title>\n<meta name=\"robots\" content=\"index, follow, max-snippet:-1, max-image-preview:large, max-video-preview:-1\" \/>\n<link rel=\"canonical\" href=\"https:\/\/museojudiodecordoba.org\/linea_tiempo\/la-presencia-de-funcionarios-judios-dentro-del-gobierno-del-presidente-alfonsin-da-origen-a-una-nueva-campana-antisemita\/\" \/>\n<meta property=\"og:locale\" content=\"en_US\" \/>\n<meta property=\"og:type\" content=\"article\" \/>\n<meta property=\"og:title\" content=\"La presencia de funcionarios jud\u00edos dentro del gobierno del presidente Alfons\u00edn da origen a una nueva campa\u00f1a antisemita - MUJU\" \/>\n<meta property=\"og:description\" content=\"[...]Read More...\" \/>\n<meta property=\"og:url\" content=\"https:\/\/museojudiodecordoba.org\/linea_tiempo\/la-presencia-de-funcionarios-judios-dentro-del-gobierno-del-presidente-alfonsin-da-origen-a-una-nueva-campana-antisemita\/\" \/>\n<meta property=\"og:site_name\" content=\"MUJU\" \/>\n<meta property=\"og:image\" content=\"https:\/\/museojudiodecordoba.org\/wp-content\/uploads\/2021\/08\/1984.jpg\" \/>\n\t<meta property=\"og:image:width\" content=\"370\" \/>\n\t<meta property=\"og:image:height\" content=\"628\" \/>\n\t<meta property=\"og:image:type\" content=\"image\/jpeg\" \/>\n<meta name=\"twitter:card\" content=\"summary_large_image\" \/>\n<script type=\"application\/ld+json\" class=\"yoast-schema-graph\">{\"@context\":\"https:\/\/schema.org\",\"@graph\":[{\"@type\":\"WebPage\",\"@id\":\"https:\/\/museojudiodecordoba.org\/linea_tiempo\/la-presencia-de-funcionarios-judios-dentro-del-gobierno-del-presidente-alfonsin-da-origen-a-una-nueva-campana-antisemita\/\",\"url\":\"https:\/\/museojudiodecordoba.org\/linea_tiempo\/la-presencia-de-funcionarios-judios-dentro-del-gobierno-del-presidente-alfonsin-da-origen-a-una-nueva-campana-antisemita\/\",\"name\":\"La presencia de funcionarios jud\u00edos dentro del gobierno del presidente Alfons\u00edn da origen a una nueva campa\u00f1a antisemita - MUJU\",\"isPartOf\":{\"@id\":\"https:\/\/museojudiodecordoba.org\/en\/#website\"},\"primaryImageOfPage\":{\"@id\":\"https:\/\/museojudiodecordoba.org\/linea_tiempo\/la-presencia-de-funcionarios-judios-dentro-del-gobierno-del-presidente-alfonsin-da-origen-a-una-nueva-campana-antisemita\/#primaryimage\"},\"image\":{\"@id\":\"https:\/\/museojudiodecordoba.org\/linea_tiempo\/la-presencia-de-funcionarios-judios-dentro-del-gobierno-del-presidente-alfonsin-da-origen-a-una-nueva-campana-antisemita\/#primaryimage\"},\"thumbnailUrl\":\"https:\/\/museojudiodecordoba.org\/wp-content\/uploads\/2021\/08\/1984.jpg\",\"datePublished\":\"2021-08-03T18:00:33+00:00\",\"dateModified\":\"2021-08-03T18:00:33+00:00\",\"breadcrumb\":{\"@id\":\"https:\/\/museojudiodecordoba.org\/linea_tiempo\/la-presencia-de-funcionarios-judios-dentro-del-gobierno-del-presidente-alfonsin-da-origen-a-una-nueva-campana-antisemita\/#breadcrumb\"},\"inLanguage\":\"en-US\",\"potentialAction\":[{\"@type\":\"ReadAction\",\"target\":[\"https:\/\/museojudiodecordoba.org\/linea_tiempo\/la-presencia-de-funcionarios-judios-dentro-del-gobierno-del-presidente-alfonsin-da-origen-a-una-nueva-campana-antisemita\/\"]}]},{\"@type\":\"ImageObject\",\"inLanguage\":\"en-US\",\"@id\":\"https:\/\/museojudiodecordoba.org\/linea_tiempo\/la-presencia-de-funcionarios-judios-dentro-del-gobierno-del-presidente-alfonsin-da-origen-a-una-nueva-campana-antisemita\/#primaryimage\",\"url\":\"https:\/\/museojudiodecordoba.org\/wp-content\/uploads\/2021\/08\/1984.jpg\",\"contentUrl\":\"https:\/\/museojudiodecordoba.org\/wp-content\/uploads\/2021\/08\/1984.jpg\",\"width\":370,\"height\":628},{\"@type\":\"BreadcrumbList\",\"@id\":\"https:\/\/museojudiodecordoba.org\/linea_tiempo\/la-presencia-de-funcionarios-judios-dentro-del-gobierno-del-presidente-alfonsin-da-origen-a-una-nueva-campana-antisemita\/#breadcrumb\",\"itemListElement\":[{\"@type\":\"ListItem\",\"position\":1,\"name\":\"Portada\",\"item\":\"https:\/\/museojudiodecordoba.org\/en\/\"},{\"@type\":\"ListItem\",\"position\":2,\"name\":\"Items linea del tiempo\",\"item\":\"https:\/\/museojudiodecordoba.org\/en\/linea_tiempo\/\"},{\"@type\":\"ListItem\",\"position\":3,\"name\":\"La presencia de funcionarios jud\u00edos dentro del gobierno del presidente Alfons\u00edn da origen a una nueva campa\u00f1a antisemita\"}]},{\"@type\":\"WebSite\",\"@id\":\"https:\/\/museojudiodecordoba.org\/en\/#website\",\"url\":\"https:\/\/museojudiodecordoba.org\/en\/\",\"name\":\"MUJU\",\"description\":\"\",\"potentialAction\":[{\"@type\":\"SearchAction\",\"target\":{\"@type\":\"EntryPoint\",\"urlTemplate\":\"https:\/\/museojudiodecordoba.org\/en\/?s={search_term_string}\"},\"query-input\":\"required name=search_term_string\"}],\"inLanguage\":\"en-US\"}]}<\/script>\n<!-- \/ Yoast SEO plugin. -->","yoast_head_json":{"title":"La presencia de funcionarios jud\u00edos dentro del gobierno del presidente Alfons\u00edn da origen a una nueva campa\u00f1a antisemita - MUJU","robots":{"index":"index","follow":"follow","max-snippet":"max-snippet:-1","max-image-preview":"max-image-preview:large","max-video-preview":"max-video-preview:-1"},"canonical":"https:\/\/museojudiodecordoba.org\/linea_tiempo\/la-presencia-de-funcionarios-judios-dentro-del-gobierno-del-presidente-alfonsin-da-origen-a-una-nueva-campana-antisemita\/","og_locale":"en_US","og_type":"article","og_title":"La presencia de funcionarios jud\u00edos dentro del gobierno del presidente Alfons\u00edn da origen a una nueva campa\u00f1a antisemita - MUJU","og_description":"[...]Read More...","og_url":"https:\/\/museojudiodecordoba.org\/linea_tiempo\/la-presencia-de-funcionarios-judios-dentro-del-gobierno-del-presidente-alfonsin-da-origen-a-una-nueva-campana-antisemita\/","og_site_name":"MUJU","og_image":[{"width":370,"height":628,"url":"https:\/\/museojudiodecordoba.org\/wp-content\/uploads\/2021\/08\/1984.jpg","type":"image\/jpeg"}],"twitter_card":"summary_large_image","schema":{"@context":"https:\/\/schema.org","@graph":[{"@type":"WebPage","@id":"https:\/\/museojudiodecordoba.org\/linea_tiempo\/la-presencia-de-funcionarios-judios-dentro-del-gobierno-del-presidente-alfonsin-da-origen-a-una-nueva-campana-antisemita\/","url":"https:\/\/museojudiodecordoba.org\/linea_tiempo\/la-presencia-de-funcionarios-judios-dentro-del-gobierno-del-presidente-alfonsin-da-origen-a-una-nueva-campana-antisemita\/","name":"La presencia de funcionarios jud\u00edos dentro del gobierno del presidente Alfons\u00edn da origen a una nueva campa\u00f1a antisemita - MUJU","isPartOf":{"@id":"https:\/\/museojudiodecordoba.org\/en\/#website"},"primaryImageOfPage":{"@id":"https:\/\/museojudiodecordoba.org\/linea_tiempo\/la-presencia-de-funcionarios-judios-dentro-del-gobierno-del-presidente-alfonsin-da-origen-a-una-nueva-campana-antisemita\/#primaryimage"},"image":{"@id":"https:\/\/museojudiodecordoba.org\/linea_tiempo\/la-presencia-de-funcionarios-judios-dentro-del-gobierno-del-presidente-alfonsin-da-origen-a-una-nueva-campana-antisemita\/#primaryimage"},"thumbnailUrl":"https:\/\/museojudiodecordoba.org\/wp-content\/uploads\/2021\/08\/1984.jpg","datePublished":"2021-08-03T18:00:33+00:00","dateModified":"2021-08-03T18:00:33+00:00","breadcrumb":{"@id":"https:\/\/museojudiodecordoba.org\/linea_tiempo\/la-presencia-de-funcionarios-judios-dentro-del-gobierno-del-presidente-alfonsin-da-origen-a-una-nueva-campana-antisemita\/#breadcrumb"},"inLanguage":"en-US","potentialAction":[{"@type":"ReadAction","target":["https:\/\/museojudiodecordoba.org\/linea_tiempo\/la-presencia-de-funcionarios-judios-dentro-del-gobierno-del-presidente-alfonsin-da-origen-a-una-nueva-campana-antisemita\/"]}]},{"@type":"ImageObject","inLanguage":"en-US","@id":"https:\/\/museojudiodecordoba.org\/linea_tiempo\/la-presencia-de-funcionarios-judios-dentro-del-gobierno-del-presidente-alfonsin-da-origen-a-una-nueva-campana-antisemita\/#primaryimage","url":"https:\/\/museojudiodecordoba.org\/wp-content\/uploads\/2021\/08\/1984.jpg","contentUrl":"https:\/\/museojudiodecordoba.org\/wp-content\/uploads\/2021\/08\/1984.jpg","width":370,"height":628},{"@type":"BreadcrumbList","@id":"https:\/\/museojudiodecordoba.org\/linea_tiempo\/la-presencia-de-funcionarios-judios-dentro-del-gobierno-del-presidente-alfonsin-da-origen-a-una-nueva-campana-antisemita\/#breadcrumb","itemListElement":[{"@type":"ListItem","position":1,"name":"Portada","item":"https:\/\/museojudiodecordoba.org\/en\/"},{"@type":"ListItem","position":2,"name":"Items linea del tiempo","item":"https:\/\/museojudiodecordoba.org\/en\/linea_tiempo\/"},{"@type":"ListItem","position":3,"name":"La presencia de funcionarios jud\u00edos dentro del gobierno del presidente Alfons\u00edn da origen a una nueva campa\u00f1a antisemita"}]},{"@type":"WebSite","@id":"https:\/\/museojudiodecordoba.org\/en\/#website","url":"https:\/\/museojudiodecordoba.org\/en\/","name":"MUJU","description":"","potentialAction":[{"@type":"SearchAction","target":{"@type":"EntryPoint","urlTemplate":"https:\/\/museojudiodecordoba.org\/en\/?s={search_term_string}"},"query-input":"required name=search_term_string"}],"inLanguage":"en-US"}]}},"acf":{"year":"1984","end_year":"1984","display_date":"1984","headline":"La presencia de funcionarios jud\u00edos dentro del gobierno del presidente Alfons\u00edn da origen a una nueva campa\u00f1a antisemita","text":"Durante el gobierno del Dr. Ra\u00fal Alfons\u00edn, y debido a la presencia de varios ministros de ascendencia jud\u00eda, los antisemitas cantaban en los ochenta... \"se va a acabar, se va a acabar, la sinagoga radical\".","media":"http:\/\/museojudiodecordoba.org\/wp-content\/uploads\/2021\/02\/1984.jpg"},"_links":{"self":[{"href":"https:\/\/museojudiodecordoba.org\/en\/wp-json\/wp\/v2\/ltiempo\/4218","targetHints":{"allow":["GET"]}}],"collection":[{"href":"https:\/\/museojudiodecordoba.org\/en\/wp-json\/wp\/v2\/ltiempo"}],"about":[{"href":"https:\/\/museojudiodecordoba.org\/en\/wp-json\/wp\/v2\/types\/linea_tiempo"}],"wp:featuredmedia":[{"embeddable":true,"href":"https:\/\/museojudiodecordoba.org\/en\/wp-json\/wp\/v2\/media\/4219"}],"wp:attachment":[{"href":"https:\/\/museojudiodecordoba.org\/en\/wp-json\/wp\/v2\/media?parent=4218"}],"wp:term":[{"taxonomy":"category","embeddable":true,"href":"https:\/\/museojudiodecordoba.org\/en\/wp-json\/wp\/v2\/categories?post=4218"}],"curies":[{"name":"wp","href":"https:\/\/api.w.org\/{rel}","templated":true}]}}

La presencia de funcionarios judíos dentro del gobierno del presidente Alfonsín da origen a una nueva campaña antisemita

<!-- This site is optimized with the Yoast SEO plugin v23.3 - https://yoast.com/wordpress/plugins/seo/ -->
<title>La presencia de funcionarios judíos dentro del gobierno del presidente Alfonsín da origen a una nueva campaña antisemita - MUJU</title>
<meta name="robots" content="index, follow, max-snippet:-1, max-image-preview:large, max-video-preview:-1" />
<link rel="canonical" href="https://museojudiodecordoba.org/linea_tiempo/la-presencia-de-funcionarios-judios-dentro-del-gobierno-del-presidente-alfonsin-da-origen-a-una-nueva-campana-antisemita/" />
<meta property="og:locale" content="en_US" />
<meta property="og:type" content="article" />
<meta property="og:title" content="La presencia de funcionarios judíos dentro del gobierno del presidente Alfonsín da origen a una nueva campaña antisemita - MUJU" />
<meta property="og:description" content="[...]Read More..." />
<meta property="og:url" content="https://museojudiodecordoba.org/linea_tiempo/la-presencia-de-funcionarios-judios-dentro-del-gobierno-del-presidente-alfonsin-da-origen-a-una-nueva-campana-antisemita/" />
<meta property="og:site_name" content="MUJU" />
<meta property="og:image" content="https://museojudiodecordoba.org/wp-content/uploads/2021/08/1984.jpg" />
	<meta property="og:image:width" content="370" />
	<meta property="og:image:height" content="628" />
	<meta property="og:image:type" content="image/jpeg" />
<meta name="twitter:card" content="summary_large_image" />
<script type="application/ld+json" class="yoast-schema-graph">{"@context":"https://schema.org","@graph":[{"@type":"WebPage","@id":"https://museojudiodecordoba.org/linea_tiempo/la-presencia-de-funcionarios-judios-dentro-del-gobierno-del-presidente-alfonsin-da-origen-a-una-nueva-campana-antisemita/","url":"https://museojudiodecordoba.org/linea_tiempo/la-presencia-de-funcionarios-judios-dentro-del-gobierno-del-presidente-alfonsin-da-origen-a-una-nueva-campana-antisemita/","name":"La presencia de funcionarios judíos dentro del gobierno del presidente Alfonsín da origen a una nueva campaña antisemita - MUJU","isPartOf":{"@id":"https://museojudiodecordoba.org/en/#website"},"primaryImageOfPage":{"@id":"https://museojudiodecordoba.org/linea_tiempo/la-presencia-de-funcionarios-judios-dentro-del-gobierno-del-presidente-alfonsin-da-origen-a-una-nueva-campana-antisemita/#primaryimage"},"image":{"@id":"https://museojudiodecordoba.org/linea_tiempo/la-presencia-de-funcionarios-judios-dentro-del-gobierno-del-presidente-alfonsin-da-origen-a-una-nueva-campana-antisemita/#primaryimage"},"thumbnailUrl":"https://museojudiodecordoba.org/wp-content/uploads/2021/08/1984.jpg","datePublished":"2021-08-03T18:00:33+00:00","dateModified":"2021-08-03T18:00:33+00:00","breadcrumb":{"@id":"https://museojudiodecordoba.org/linea_tiempo/la-presencia-de-funcionarios-judios-dentro-del-gobierno-del-presidente-alfonsin-da-origen-a-una-nueva-campana-antisemita/#breadcrumb"},"inLanguage":"en-US","potentialAction":[{"@type":"ReadAction","target":["https://museojudiodecordoba.org/linea_tiempo/la-presencia-de-funcionarios-judios-dentro-del-gobierno-del-presidente-alfonsin-da-origen-a-una-nueva-campana-antisemita/"]}]},{"@type":"ImageObject","inLanguage":"en-US","@id":"https://museojudiodecordoba.org/linea_tiempo/la-presencia-de-funcionarios-judios-dentro-del-gobierno-del-presidente-alfonsin-da-origen-a-una-nueva-campana-antisemita/#primaryimage","url":"https://museojudiodecordoba.org/wp-content/uploads/2021/08/1984.jpg","contentUrl":"https://museojudiodecordoba.org/wp-content/uploads/2021/08/1984.jpg","width":370,"height":628},{"@type":"BreadcrumbList","@id":"https://museojudiodecordoba.org/linea_tiempo/la-presencia-de-funcionarios-judios-dentro-del-gobierno-del-presidente-alfonsin-da-origen-a-una-nueva-campana-antisemita/#breadcrumb","itemListElement":[{"@type":"ListItem","position":1,"name":"Portada","item":"https://museojudiodecordoba.org/en/"},{"@type":"ListItem","position":2,"name":"Items linea del tiempo","item":"https://museojudiodecordoba.org/en/linea_tiempo/"},{"@type":"ListItem","position":3,"name":"La presencia de funcionarios judíos dentro del gobierno del presidente Alfonsín da origen a una nueva campaña antisemita"}]},{"@type":"WebSite","@id":"https://museojudiodecordoba.org/en/#website","url":"https://museojudiodecordoba.org/en/","name":"MUJU","description":"","potentialAction":[{"@type":"SearchAction","target":{"@type":"EntryPoint","urlTemplate":"https://museojudiodecordoba.org/en/?s={search_term_string}"},"query-input":"required name=search_term_string"}],"inLanguage":"en-US"}]}</script>
<!-- / Yoast SEO plugin. -->

La presencia de funcionarios judíos dentro del gobierno del presidente Alfonsín da origen a una nueva campaña antisemita - MUJU

Durante el gobierno del Dr. Raúl Alfonsín, y debido a la presencia de varios ministros de ascendencia judía, los antisemitas cantaban en los ochenta... "se va a acabar, se va a acabar, la sinagoga radical".
