{"id":4223,"date":"2021-08-03T18:00:26","date_gmt":"2021-08-03T18:00:26","guid":{"rendered":"http:\/\/museojudiodecordoba.org\/?post_type=linea_tiempo&#038;p=4223"},"modified":"2021-08-03T18:00:26","modified_gmt":"2021-08-03T18:00:26","slug":"participacion-de-la-comunidad-en-el-congreso-pedagogico-nacional","status":"publish","type":"linea_tiempo","link":"https:\/\/museojudiodecordoba.org\/en\/linea_tiempo\/participacion-de-la-comunidad-en-el-congreso-pedagogico-nacional\/","title":{"rendered":"Participaci\u00f3n de la Comunidad en el Congreso Pedag\u00f3gico Nacional"},"featured_media":4224,"template":"","meta":{"inline_featured_image":false},"categories":[206],"class_list":["post-4223","linea_tiempo","type-linea_tiempo","status-publish","has-post-thumbnail","hentry","category-206"],"yoast_head":"<!-- This site is optimized with the Yoast SEO plugin v23.3 - https:\/\/yoast.com\/wordpress\/plugins\/seo\/ -->\n<title>Participaci\u00f3n de la Comunidad en el Congreso Pedag\u00f3gico Nacional - MUJU<\/title>\n<meta name=\"robots\" content=\"index, follow, max-snippet:-1, max-image-preview:large, max-video-preview:-1\" \/>\n<link rel=\"canonical\" href=\"https:\/\/museojudiodecordoba.org\/linea_tiempo\/participacion-de-la-comunidad-en-el-congreso-pedagogico-nacional\/\" \/>\n<meta property=\"og:locale\" content=\"en_US\" \/>\n<meta property=\"og:type\" content=\"article\" \/>\n<meta property=\"og:title\" content=\"Participaci\u00f3n de la Comunidad en el Congreso Pedag\u00f3gico Nacional - MUJU\" \/>\n<meta property=\"og:description\" content=\"[...]Read More...\" \/>\n<meta property=\"og:url\" content=\"https:\/\/museojudiodecordoba.org\/linea_tiempo\/participacion-de-la-comunidad-en-el-congreso-pedagogico-nacional\/\" \/>\n<meta property=\"og:site_name\" content=\"MUJU\" \/>\n<meta property=\"og:image\" content=\"https:\/\/museojudiodecordoba.org\/wp-content\/uploads\/2021\/08\/1986.jpg\" \/>\n\t<meta property=\"og:image:width\" content=\"2058\" \/>\n\t<meta property=\"og:image:height\" content=\"1457\" \/>\n\t<meta property=\"og:image:type\" content=\"image\/jpeg\" \/>\n<meta name=\"twitter:card\" content=\"summary_large_image\" \/>\n<script type=\"application\/ld+json\" class=\"yoast-schema-graph\">{\"@context\":\"https:\/\/schema.org\",\"@graph\":[{\"@type\":\"WebPage\",\"@id\":\"https:\/\/museojudiodecordoba.org\/linea_tiempo\/participacion-de-la-comunidad-en-el-congreso-pedagogico-nacional\/\",\"url\":\"https:\/\/museojudiodecordoba.org\/linea_tiempo\/participacion-de-la-comunidad-en-el-congreso-pedagogico-nacional\/\",\"name\":\"Participaci\u00f3n de la Comunidad en el Congreso Pedag\u00f3gico Nacional - MUJU\",\"isPartOf\":{\"@id\":\"https:\/\/museojudiodecordoba.org\/en\/#website\"},\"primaryImageOfPage\":{\"@id\":\"https:\/\/museojudiodecordoba.org\/linea_tiempo\/participacion-de-la-comunidad-en-el-congreso-pedagogico-nacional\/#primaryimage\"},\"image\":{\"@id\":\"https:\/\/museojudiodecordoba.org\/linea_tiempo\/participacion-de-la-comunidad-en-el-congreso-pedagogico-nacional\/#primaryimage\"},\"thumbnailUrl\":\"https:\/\/museojudiodecordoba.org\/wp-content\/uploads\/2021\/08\/1986.jpg\",\"datePublished\":\"2021-08-03T18:00:26+00:00\",\"dateModified\":\"2021-08-03T18:00:26+00:00\",\"breadcrumb\":{\"@id\":\"https:\/\/museojudiodecordoba.org\/linea_tiempo\/participacion-de-la-comunidad-en-el-congreso-pedagogico-nacional\/#breadcrumb\"},\"inLanguage\":\"en-US\",\"potentialAction\":[{\"@type\":\"ReadAction\",\"target\":[\"https:\/\/museojudiodecordoba.org\/linea_tiempo\/participacion-de-la-comunidad-en-el-congreso-pedagogico-nacional\/\"]}]},{\"@type\":\"ImageObject\",\"inLanguage\":\"en-US\",\"@id\":\"https:\/\/museojudiodecordoba.org\/linea_tiempo\/participacion-de-la-comunidad-en-el-congreso-pedagogico-nacional\/#primaryimage\",\"url\":\"https:\/\/museojudiodecordoba.org\/wp-content\/uploads\/2021\/08\/1986.jpg\",\"contentUrl\":\"https:\/\/museojudiodecordoba.org\/wp-content\/uploads\/2021\/08\/1986.jpg\",\"width\":2058,\"height\":1457},{\"@type\":\"BreadcrumbList\",\"@id\":\"https:\/\/museojudiodecordoba.org\/linea_tiempo\/participacion-de-la-comunidad-en-el-congreso-pedagogico-nacional\/#breadcrumb\",\"itemListElement\":[{\"@type\":\"ListItem\",\"position\":1,\"name\":\"Portada\",\"item\":\"https:\/\/museojudiodecordoba.org\/en\/\"},{\"@type\":\"ListItem\",\"position\":2,\"name\":\"Items linea del tiempo\",\"item\":\"https:\/\/museojudiodecordoba.org\/en\/linea_tiempo\/\"},{\"@type\":\"ListItem\",\"position\":3,\"name\":\"Participaci\u00f3n de la Comunidad en el Congreso Pedag\u00f3gico Nacional\"}]},{\"@type\":\"WebSite\",\"@id\":\"https:\/\/museojudiodecordoba.org\/en\/#website\",\"url\":\"https:\/\/museojudiodecordoba.org\/en\/\",\"name\":\"MUJU\",\"description\":\"\",\"potentialAction\":[{\"@type\":\"SearchAction\",\"target\":{\"@type\":\"EntryPoint\",\"urlTemplate\":\"https:\/\/museojudiodecordoba.org\/en\/?s={search_term_string}\"},\"query-input\":\"required name=search_term_string\"}],\"inLanguage\":\"en-US\"}]}<\/script>\n<!-- \/ Yoast SEO plugin. -->","yoast_head_json":{"title":"Participaci\u00f3n de la Comunidad en el Congreso Pedag\u00f3gico Nacional - MUJU","robots":{"index":"index","follow":"follow","max-snippet":"max-snippet:-1","max-image-preview":"max-image-preview:large","max-video-preview":"max-video-preview:-1"},"canonical":"https:\/\/museojudiodecordoba.org\/linea_tiempo\/participacion-de-la-comunidad-en-el-congreso-pedagogico-nacional\/","og_locale":"en_US","og_type":"article","og_title":"Participaci\u00f3n de la Comunidad en el Congreso Pedag\u00f3gico Nacional - MUJU","og_description":"[...]Read More...","og_url":"https:\/\/museojudiodecordoba.org\/linea_tiempo\/participacion-de-la-comunidad-en-el-congreso-pedagogico-nacional\/","og_site_name":"MUJU","og_image":[{"width":2058,"height":1457,"url":"https:\/\/museojudiodecordoba.org\/wp-content\/uploads\/2021\/08\/1986.jpg","type":"image\/jpeg"}],"twitter_card":"summary_large_image","schema":{"@context":"https:\/\/schema.org","@graph":[{"@type":"WebPage","@id":"https:\/\/museojudiodecordoba.org\/linea_tiempo\/participacion-de-la-comunidad-en-el-congreso-pedagogico-nacional\/","url":"https:\/\/museojudiodecordoba.org\/linea_tiempo\/participacion-de-la-comunidad-en-el-congreso-pedagogico-nacional\/","name":"Participaci\u00f3n de la Comunidad en el Congreso Pedag\u00f3gico Nacional - MUJU","isPartOf":{"@id":"https:\/\/museojudiodecordoba.org\/en\/#website"},"primaryImageOfPage":{"@id":"https:\/\/museojudiodecordoba.org\/linea_tiempo\/participacion-de-la-comunidad-en-el-congreso-pedagogico-nacional\/#primaryimage"},"image":{"@id":"https:\/\/museojudiodecordoba.org\/linea_tiempo\/participacion-de-la-comunidad-en-el-congreso-pedagogico-nacional\/#primaryimage"},"thumbnailUrl":"https:\/\/museojudiodecordoba.org\/wp-content\/uploads\/2021\/08\/1986.jpg","datePublished":"2021-08-03T18:00:26+00:00","dateModified":"2021-08-03T18:00:26+00:00","breadcrumb":{"@id":"https:\/\/museojudiodecordoba.org\/linea_tiempo\/participacion-de-la-comunidad-en-el-congreso-pedagogico-nacional\/#breadcrumb"},"inLanguage":"en-US","potentialAction":[{"@type":"ReadAction","target":["https:\/\/museojudiodecordoba.org\/linea_tiempo\/participacion-de-la-comunidad-en-el-congreso-pedagogico-nacional\/"]}]},{"@type":"ImageObject","inLanguage":"en-US","@id":"https:\/\/museojudiodecordoba.org\/linea_tiempo\/participacion-de-la-comunidad-en-el-congreso-pedagogico-nacional\/#primaryimage","url":"https:\/\/museojudiodecordoba.org\/wp-content\/uploads\/2021\/08\/1986.jpg","contentUrl":"https:\/\/museojudiodecordoba.org\/wp-content\/uploads\/2021\/08\/1986.jpg","width":2058,"height":1457},{"@type":"BreadcrumbList","@id":"https:\/\/museojudiodecordoba.org\/linea_tiempo\/participacion-de-la-comunidad-en-el-congreso-pedagogico-nacional\/#breadcrumb","itemListElement":[{"@type":"ListItem","position":1,"name":"Portada","item":"https:\/\/museojudiodecordoba.org\/en\/"},{"@type":"ListItem","position":2,"name":"Items linea del tiempo","item":"https:\/\/museojudiodecordoba.org\/en\/linea_tiempo\/"},{"@type":"ListItem","position":3,"name":"Participaci\u00f3n de la Comunidad en el Congreso Pedag\u00f3gico Nacional"}]},{"@type":"WebSite","@id":"https:\/\/museojudiodecordoba.org\/en\/#website","url":"https:\/\/museojudiodecordoba.org\/en\/","name":"MUJU","description":"","potentialAction":[{"@type":"SearchAction","target":{"@type":"EntryPoint","urlTemplate":"https:\/\/museojudiodecordoba.org\/en\/?s={search_term_string}"},"query-input":"required name=search_term_string"}],"inLanguage":"en-US"}]}},"acf":{"year":"1986","end_year":"1986","display_date":"1986","headline":"Participaci\u00f3n de la Comunidad en el Congreso Pedag\u00f3gico Nacional","text":"El gobierno radical del Dr. Alfons\u00edn convoc\u00f3 a un Congreso Pedag\u00f3gico Nacional para atender las deficiencias del sistema educativo y tambi\u00e9n con el fin de definir si la educaci\u00f3n p\u00fablica deb\u00eda ser estatal o privada.Este mismo a\u00f1o se crea la Fundaci\u00f3n Banco Israelita de C\u00f3rdoba.","media":"http:\/\/museojudiodecordoba.org\/wp-content\/uploads\/2021\/02\/1986.jpg"},"_links":{"self":[{"href":"https:\/\/museojudiodecordoba.org\/en\/wp-json\/wp\/v2\/ltiempo\/4223","targetHints":{"allow":["GET"]}}],"collection":[{"href":"https:\/\/museojudiodecordoba.org\/en\/wp-json\/wp\/v2\/ltiempo"}],"about":[{"href":"https:\/\/museojudiodecordoba.org\/en\/wp-json\/wp\/v2\/types\/linea_tiempo"}],"wp:featuredmedia":[{"embeddable":true,"href":"https:\/\/museojudiodecordoba.org\/en\/wp-json\/wp\/v2\/media\/4224"}],"wp:attachment":[{"href":"https:\/\/museojudiodecordoba.org\/en\/wp-json\/wp\/v2\/media?parent=4223"}],"wp:term":[{"taxonomy":"category","embeddable":true,"href":"https:\/\/museojudiodecordoba.org\/en\/wp-json\/wp\/v2\/categories?post=4223"}],"curies":[{"name":"wp","href":"https:\/\/api.w.org\/{rel}","templated":true}]}}

Participación de la Comunidad en el Congreso Pedagógico Nacional

<!-- This site is optimized with the Yoast SEO plugin v23.3 - https://yoast.com/wordpress/plugins/seo/ -->
<title>Participación de la Comunidad en el Congreso Pedagógico Nacional - MUJU</title>
<meta name="robots" content="index, follow, max-snippet:-1, max-image-preview:large, max-video-preview:-1" />
<link rel="canonical" href="https://museojudiodecordoba.org/linea_tiempo/participacion-de-la-comunidad-en-el-congreso-pedagogico-nacional/" />
<meta property="og:locale" content="en_US" />
<meta property="og:type" content="article" />
<meta property="og:title" content="Participación de la Comunidad en el Congreso Pedagógico Nacional - MUJU" />
<meta property="og:description" content="[...]Read More..." />
<meta property="og:url" content="https://museojudiodecordoba.org/linea_tiempo/participacion-de-la-comunidad-en-el-congreso-pedagogico-nacional/" />
<meta property="og:site_name" content="MUJU" />
<meta property="og:image" content="https://museojudiodecordoba.org/wp-content/uploads/2021/08/1986.jpg" />
	<meta property="og:image:width" content="2058" />
	<meta property="og:image:height" content="1457" />
	<meta property="og:image:type" content="image/jpeg" />
<meta name="twitter:card" content="summary_large_image" />
<script type="application/ld+json" class="yoast-schema-graph">{"@context":"https://schema.org","@graph":[{"@type":"WebPage","@id":"https://museojudiodecordoba.org/linea_tiempo/participacion-de-la-comunidad-en-el-congreso-pedagogico-nacional/","url":"https://museojudiodecordoba.org/linea_tiempo/participacion-de-la-comunidad-en-el-congreso-pedagogico-nacional/","name":"Participación de la Comunidad en el Congreso Pedagógico Nacional - MUJU","isPartOf":{"@id":"https://museojudiodecordoba.org/en/#website"},"primaryImageOfPage":{"@id":"https://museojudiodecordoba.org/linea_tiempo/participacion-de-la-comunidad-en-el-congreso-pedagogico-nacional/#primaryimage"},"image":{"@id":"https://museojudiodecordoba.org/linea_tiempo/participacion-de-la-comunidad-en-el-congreso-pedagogico-nacional/#primaryimage"},"thumbnailUrl":"https://museojudiodecordoba.org/wp-content/uploads/2021/08/1986.jpg","datePublished":"2021-08-03T18:00:26+00:00","dateModified":"2021-08-03T18:00:26+00:00","breadcrumb":{"@id":"https://museojudiodecordoba.org/linea_tiempo/participacion-de-la-comunidad-en-el-congreso-pedagogico-nacional/#breadcrumb"},"inLanguage":"en-US","potentialAction":[{"@type":"ReadAction","target":["https://museojudiodecordoba.org/linea_tiempo/participacion-de-la-comunidad-en-el-congreso-pedagogico-nacional/"]}]},{"@type":"ImageObject","inLanguage":"en-US","@id":"https://museojudiodecordoba.org/linea_tiempo/participacion-de-la-comunidad-en-el-congreso-pedagogico-nacional/#primaryimage","url":"https://museojudiodecordoba.org/wp-content/uploads/2021/08/1986.jpg","contentUrl":"https://museojudiodecordoba.org/wp-content/uploads/2021/08/1986.jpg","width":2058,"height":1457},{"@type":"BreadcrumbList","@id":"https://museojudiodecordoba.org/linea_tiempo/participacion-de-la-comunidad-en-el-congreso-pedagogico-nacional/#breadcrumb","itemListElement":[{"@type":"ListItem","position":1,"name":"Portada","item":"https://museojudiodecordoba.org/en/"},{"@type":"ListItem","position":2,"name":"Items linea del tiempo","item":"https://museojudiodecordoba.org/en/linea_tiempo/"},{"@type":"ListItem","position":3,"name":"Participación de la Comunidad en el Congreso Pedagógico Nacional"}]},{"@type":"WebSite","@id":"https://museojudiodecordoba.org/en/#website","url":"https://museojudiodecordoba.org/en/","name":"MUJU","description":"","potentialAction":[{"@type":"SearchAction","target":{"@type":"EntryPoint","urlTemplate":"https://museojudiodecordoba.org/en/?s={search_term_string}"},"query-input":"required name=search_term_string"}],"inLanguage":"en-US"}]}</script>
<!-- / Yoast SEO plugin. -->

Participación de la Comunidad en el Congreso Pedagógico Nacional - MUJU

El gobierno radical del Dr. Alfonsín convocó a un Congreso Pedagógico Nacional para atender las deficiencias del sistema educativo y también con el fin de definir si la educación pública debía ser estatal o privada.Este mismo año se crea la Fundación Banco Israelita de Córdoba.
