{"id":1858,"date":"2020-10-28T19:34:08","date_gmt":"2020-10-28T19:34:08","guid":{"rendered":"https:\/\/herzlin.com\/muju\/?post_type=archivo&#038;p=1858"},"modified":"2021-06-08T00:11:20","modified_gmt":"2021-06-08T00:11:20","slug":"casamiento-judio-celebraciones-centro-union-israelita-de-cordoba-2","status":"publish","type":"archivo","link":"https:\/\/museojudiodecordoba.org\/iw\/archivo\/casamiento-judio-celebraciones-centro-union-israelita-de-cordoba-2\/","title":{"rendered":"Casamiento jud\u00edo. Celebraciones. Centro Uni\u00f3n Israelita de C\u00f3rdoba. En la foto: oficiante Sr. Handelsman (Padre de Luis Handelsman)."},"featured_media":1859,"template":"","categories":[65,71,88,89,168,171,177,178],"tags":[],"class_list":["post-1858","archivo","type-archivo","status-publish","has-post-thumbnail","hentry","category-casamiento","category-centro-union-israelita-de-cordoba","category-cui","category-culto","category-shill","category-sinagoga","category-templo","category-templo-beit-israel"],"yoast_head":"<!-- This site is optimized with the Yoast SEO plugin v23.3 - https:\/\/yoast.com\/wordpress\/plugins\/seo\/ -->\n<title><\/title>\n<meta name=\"robots\" content=\"index, follow, max-snippet:-1, max-image-preview:large, max-video-preview:-1\" \/>\n<link rel=\"canonical\" href=\"https:\/\/museojudiodecordoba.org\/archivo\/casamiento-judio-celebraciones-centro-union-israelita-de-cordoba-2\/\" \/>\n<meta property=\"og:locale\" content=\"en_US\" \/>\n<meta property=\"og:type\" content=\"article\" \/>\n<meta property=\"og:title\" content=\"[:es]Casamiento jud\u00edo. Celebraciones. Centro Uni\u00f3n Israelita de C\u00f3rdoba. En la foto: oficiante Sr. Handelsman (Padre de Luis Handelsman).[:] - MUJU\" \/>\n<meta property=\"og:description\" content=\"[...]Read More...\" \/>\n<meta property=\"og:url\" content=\"https:\/\/museojudiodecordoba.org\/archivo\/casamiento-judio-celebraciones-centro-union-israelita-de-cordoba-2\/\" \/>\n<meta property=\"og:site_name\" content=\"MUJU\" \/>\n<meta property=\"article:modified_time\" content=\"2021-06-08T00:11:20+00:00\" \/>\n<meta property=\"og:image\" content=\"https:\/\/museojudiodecordoba.org\/wp-content\/uploads\/2020\/10\/CUI.Celebraciones-casamiento2.jpg\" \/>\n\t<meta property=\"og:image:width\" content=\"1600\" \/>\n\t<meta property=\"og:image:height\" content=\"2167\" \/>\n\t<meta property=\"og:image:type\" content=\"image\/jpeg\" \/>\n<meta name=\"twitter:card\" content=\"summary_large_image\" \/>\n<script type=\"application\/ld+json\" class=\"yoast-schema-graph\">{\"@context\":\"https:\/\/schema.org\",\"@graph\":[{\"@type\":\"WebPage\",\"@id\":\"https:\/\/museojudiodecordoba.org\/archivo\/casamiento-judio-celebraciones-centro-union-israelita-de-cordoba-2\/\",\"url\":\"https:\/\/museojudiodecordoba.org\/archivo\/casamiento-judio-celebraciones-centro-union-israelita-de-cordoba-2\/\",\"name\":\"[:es]Casamiento jud\u00edo. Celebraciones. Centro Uni\u00f3n Israelita de C\u00f3rdoba. En la foto: oficiante Sr. Handelsman (Padre de Luis Handelsman).[:] - MUJU\",\"isPartOf\":{\"@id\":\"https:\/\/museojudiodecordoba.org\/en\/#website\"},\"primaryImageOfPage\":{\"@id\":\"https:\/\/museojudiodecordoba.org\/archivo\/casamiento-judio-celebraciones-centro-union-israelita-de-cordoba-2\/#primaryimage\"},\"image\":{\"@id\":\"https:\/\/museojudiodecordoba.org\/archivo\/casamiento-judio-celebraciones-centro-union-israelita-de-cordoba-2\/#primaryimage\"},\"thumbnailUrl\":\"https:\/\/museojudiodecordoba.org\/wp-content\/uploads\/2020\/10\/CUI.Celebraciones-casamiento2.jpg\",\"datePublished\":\"2020-10-28T19:34:08+00:00\",\"dateModified\":\"2021-06-08T00:11:20+00:00\",\"breadcrumb\":{\"@id\":\"https:\/\/museojudiodecordoba.org\/archivo\/casamiento-judio-celebraciones-centro-union-israelita-de-cordoba-2\/#breadcrumb\"},\"inLanguage\":\"iw-IL\",\"potentialAction\":[{\"@type\":\"ReadAction\",\"target\":[\"https:\/\/museojudiodecordoba.org\/archivo\/casamiento-judio-celebraciones-centro-union-israelita-de-cordoba-2\/\"]}]},{\"@type\":\"ImageObject\",\"inLanguage\":\"iw-IL\",\"@id\":\"https:\/\/museojudiodecordoba.org\/archivo\/casamiento-judio-celebraciones-centro-union-israelita-de-cordoba-2\/#primaryimage\",\"url\":\"https:\/\/museojudiodecordoba.org\/wp-content\/uploads\/2020\/10\/CUI.Celebraciones-casamiento2.jpg\",\"contentUrl\":\"https:\/\/museojudiodecordoba.org\/wp-content\/uploads\/2020\/10\/CUI.Celebraciones-casamiento2.jpg\",\"width\":1600,\"height\":2167},{\"@type\":\"BreadcrumbList\",\"@id\":\"https:\/\/museojudiodecordoba.org\/archivo\/casamiento-judio-celebraciones-centro-union-israelita-de-cordoba-2\/#breadcrumb\",\"itemListElement\":[{\"@type\":\"ListItem\",\"position\":1,\"name\":\"Portada\",\"item\":\"https:\/\/museojudiodecordoba.org\/en\/\"},{\"@type\":\"ListItem\",\"position\":2,\"name\":\"Casamiento jud\u00edo. Celebraciones. Centro Uni\u00f3n Israelita de C\u00f3rdoba. En la foto: oficiante Sr. Handelsman (Padre de Luis Handelsman).\"}]},{\"@type\":\"WebSite\",\"@id\":\"https:\/\/museojudiodecordoba.org\/en\/#website\",\"url\":\"https:\/\/museojudiodecordoba.org\/en\/\",\"name\":\"MUJU\",\"description\":\"\",\"potentialAction\":[{\"@type\":\"SearchAction\",\"target\":{\"@type\":\"EntryPoint\",\"urlTemplate\":\"https:\/\/museojudiodecordoba.org\/en\/?s={search_term_string}\"},\"query-input\":\"required name=search_term_string\"}],\"inLanguage\":\"iw-IL\"}]}<\/script>\n<!-- \/ Yoast SEO plugin. -->","yoast_head_json":{"title":"[:es]Casamiento jud\u00edo. Celebraciones. Centro Uni\u00f3n Israelita de C\u00f3rdoba. En la foto: oficiante Sr. Handelsman (Padre de Luis Handelsman).[:] - MUJU","robots":{"index":"index","follow":"follow","max-snippet":"max-snippet:-1","max-image-preview":"max-image-preview:large","max-video-preview":"max-video-preview:-1"},"canonical":"https:\/\/museojudiodecordoba.org\/archivo\/casamiento-judio-celebraciones-centro-union-israelita-de-cordoba-2\/","og_locale":"en_US","og_type":"article","og_title":"[:es]Casamiento jud\u00edo. Celebraciones. Centro Uni\u00f3n Israelita de C\u00f3rdoba. En la foto: oficiante Sr. Handelsman (Padre de Luis Handelsman).[:] - MUJU","og_description":"[...]Read More...","og_url":"https:\/\/museojudiodecordoba.org\/archivo\/casamiento-judio-celebraciones-centro-union-israelita-de-cordoba-2\/","og_site_name":"MUJU","article_modified_time":"2021-06-08T00:11:20+00:00","og_image":[{"width":1600,"height":2167,"url":"https:\/\/museojudiodecordoba.org\/wp-content\/uploads\/2020\/10\/CUI.Celebraciones-casamiento2.jpg","type":"image\/jpeg"}],"twitter_card":"summary_large_image","schema":{"@context":"https:\/\/schema.org","@graph":[{"@type":"WebPage","@id":"https:\/\/museojudiodecordoba.org\/archivo\/casamiento-judio-celebraciones-centro-union-israelita-de-cordoba-2\/","url":"https:\/\/museojudiodecordoba.org\/archivo\/casamiento-judio-celebraciones-centro-union-israelita-de-cordoba-2\/","name":"[:es]Casamiento jud\u00edo. Celebraciones. Centro Uni\u00f3n Israelita de C\u00f3rdoba. En la foto: oficiante Sr. Handelsman (Padre de Luis Handelsman).[:] - MUJU","isPartOf":{"@id":"https:\/\/museojudiodecordoba.org\/en\/#website"},"primaryImageOfPage":{"@id":"https:\/\/museojudiodecordoba.org\/archivo\/casamiento-judio-celebraciones-centro-union-israelita-de-cordoba-2\/#primaryimage"},"image":{"@id":"https:\/\/museojudiodecordoba.org\/archivo\/casamiento-judio-celebraciones-centro-union-israelita-de-cordoba-2\/#primaryimage"},"thumbnailUrl":"https:\/\/museojudiodecordoba.org\/wp-content\/uploads\/2020\/10\/CUI.Celebraciones-casamiento2.jpg","datePublished":"2020-10-28T19:34:08+00:00","dateModified":"2021-06-08T00:11:20+00:00","breadcrumb":{"@id":"https:\/\/museojudiodecordoba.org\/archivo\/casamiento-judio-celebraciones-centro-union-israelita-de-cordoba-2\/#breadcrumb"},"inLanguage":"iw-IL","potentialAction":[{"@type":"ReadAction","target":["https:\/\/museojudiodecordoba.org\/archivo\/casamiento-judio-celebraciones-centro-union-israelita-de-cordoba-2\/"]}]},{"@type":"ImageObject","inLanguage":"iw-IL","@id":"https:\/\/museojudiodecordoba.org\/archivo\/casamiento-judio-celebraciones-centro-union-israelita-de-cordoba-2\/#primaryimage","url":"https:\/\/museojudiodecordoba.org\/wp-content\/uploads\/2020\/10\/CUI.Celebraciones-casamiento2.jpg","contentUrl":"https:\/\/museojudiodecordoba.org\/wp-content\/uploads\/2020\/10\/CUI.Celebraciones-casamiento2.jpg","width":1600,"height":2167},{"@type":"BreadcrumbList","@id":"https:\/\/museojudiodecordoba.org\/archivo\/casamiento-judio-celebraciones-centro-union-israelita-de-cordoba-2\/#breadcrumb","itemListElement":[{"@type":"ListItem","position":1,"name":"Portada","item":"https:\/\/museojudiodecordoba.org\/en\/"},{"@type":"ListItem","position":2,"name":"Casamiento jud\u00edo. Celebraciones. Centro Uni\u00f3n Israelita de C\u00f3rdoba. En la foto: oficiante Sr. Handelsman (Padre de Luis Handelsman)."}]},{"@type":"WebSite","@id":"https:\/\/museojudiodecordoba.org\/en\/#website","url":"https:\/\/museojudiodecordoba.org\/en\/","name":"MUJU","description":"","potentialAction":[{"@type":"SearchAction","target":{"@type":"EntryPoint","urlTemplate":"https:\/\/museojudiodecordoba.org\/en\/?s={search_term_string}"},"query-input":"required name=search_term_string"}],"inLanguage":"iw-IL"}]}},"acf":[],"_links":{"self":[{"href":"https:\/\/museojudiodecordoba.org\/iw\/wp-json\/wp\/v2\/archivo\/1858","targetHints":{"allow":["GET"]}}],"collection":[{"href":"https:\/\/museojudiodecordoba.org\/iw\/wp-json\/wp\/v2\/archivo"}],"about":[{"href":"https:\/\/museojudiodecordoba.org\/iw\/wp-json\/wp\/v2\/types\/archivo"}],"wp:featuredmedia":[{"embeddable":true,"href":"https:\/\/museojudiodecordoba.org\/iw\/wp-json\/wp\/v2\/media\/1859"}],"wp:attachment":[{"href":"https:\/\/museojudiodecordoba.org\/iw\/wp-json\/wp\/v2\/media?parent=1858"}],"wp:term":[{"taxonomy":"category","embeddable":true,"href":"https:\/\/museojudiodecordoba.org\/iw\/wp-json\/wp\/v2\/categories?post=1858"},{"taxonomy":"post_tag","embeddable":true,"href":"https:\/\/museojudiodecordoba.org\/iw\/wp-json\/wp\/v2\/tags?post=1858"}],"curies":[{"name":"wp","href":"https:\/\/api.w.org\/{rel}","templated":true}]}}

Casamiento judío. Celebraciones. Centro Unión Israelita de Córdoba. En la foto: oficiante Sr. Handelsman (Padre de Luis Handelsman).

<!-- This site is optimized with the Yoast SEO plugin v23.3 - https://yoast.com/wordpress/plugins/seo/ -->
<title></title>
<meta name="robots" content="index, follow, max-snippet:-1, max-image-preview:large, max-video-preview:-1" />
<link rel="canonical" href="https://museojudiodecordoba.org/archivo/casamiento-judio-celebraciones-centro-union-israelita-de-cordoba-2/" />
<meta property="og:locale" content="en_US" />
<meta property="og:type" content="article" />
<meta property="og:title" content="[:es]Casamiento judío. Celebraciones. Centro Unión Israelita de Córdoba. En la foto: oficiante Sr. Handelsman (Padre de Luis Handelsman).[:] - MUJU" />
<meta property="og:description" content="[...]Read More..." />
<meta property="og:url" content="https://museojudiodecordoba.org/archivo/casamiento-judio-celebraciones-centro-union-israelita-de-cordoba-2/" />
<meta property="og:site_name" content="MUJU" />
<meta property="article:modified_time" content="2021-06-08T00:11:20+00:00" />
<meta property="og:image" content="https://museojudiodecordoba.org/wp-content/uploads/2020/10/CUI.Celebraciones-casamiento2.jpg" />
	<meta property="og:image:width" content="1600" />
	<meta property="og:image:height" content="2167" />
	<meta property="og:image:type" content="image/jpeg" />
<meta name="twitter:card" content="summary_large_image" />
<script type="application/ld+json" class="yoast-schema-graph">{"@context":"https://schema.org","@graph":[{"@type":"WebPage","@id":"https://museojudiodecordoba.org/archivo/casamiento-judio-celebraciones-centro-union-israelita-de-cordoba-2/","url":"https://museojudiodecordoba.org/archivo/casamiento-judio-celebraciones-centro-union-israelita-de-cordoba-2/","name":"[:es]Casamiento judío. Celebraciones. Centro Unión Israelita de Córdoba. En la foto: oficiante Sr. Handelsman (Padre de Luis Handelsman).[:] - MUJU","isPartOf":{"@id":"https://museojudiodecordoba.org/en/#website"},"primaryImageOfPage":{"@id":"https://museojudiodecordoba.org/archivo/casamiento-judio-celebraciones-centro-union-israelita-de-cordoba-2/#primaryimage"},"image":{"@id":"https://museojudiodecordoba.org/archivo/casamiento-judio-celebraciones-centro-union-israelita-de-cordoba-2/#primaryimage"},"thumbnailUrl":"https://museojudiodecordoba.org/wp-content/uploads/2020/10/CUI.Celebraciones-casamiento2.jpg","datePublished":"2020-10-28T19:34:08+00:00","dateModified":"2021-06-08T00:11:20+00:00","breadcrumb":{"@id":"https://museojudiodecordoba.org/archivo/casamiento-judio-celebraciones-centro-union-israelita-de-cordoba-2/#breadcrumb"},"inLanguage":"iw-IL","potentialAction":[{"@type":"ReadAction","target":["https://museojudiodecordoba.org/archivo/casamiento-judio-celebraciones-centro-union-israelita-de-cordoba-2/"]}]},{"@type":"ImageObject","inLanguage":"iw-IL","@id":"https://museojudiodecordoba.org/archivo/casamiento-judio-celebraciones-centro-union-israelita-de-cordoba-2/#primaryimage","url":"https://museojudiodecordoba.org/wp-content/uploads/2020/10/CUI.Celebraciones-casamiento2.jpg","contentUrl":"https://museojudiodecordoba.org/wp-content/uploads/2020/10/CUI.Celebraciones-casamiento2.jpg","width":1600,"height":2167},{"@type":"BreadcrumbList","@id":"https://museojudiodecordoba.org/archivo/casamiento-judio-celebraciones-centro-union-israelita-de-cordoba-2/#breadcrumb","itemListElement":[{"@type":"ListItem","position":1,"name":"Portada","item":"https://museojudiodecordoba.org/en/"},{"@type":"ListItem","position":2,"name":"Casamiento judío. Celebraciones. Centro Unión Israelita de Córdoba. En la foto: oficiante Sr. Handelsman (Padre de Luis Handelsman)."}]},{"@type":"WebSite","@id":"https://museojudiodecordoba.org/en/#website","url":"https://museojudiodecordoba.org/en/","name":"MUJU","description":"","potentialAction":[{"@type":"SearchAction","target":{"@type":"EntryPoint","urlTemplate":"https://museojudiodecordoba.org/en/?s={search_term_string}"},"query-input":"required name=search_term_string"}],"inLanguage":"iw-IL"}]}</script>
<!-- / Yoast SEO plugin. -->

[:es]Casamiento judío. Celebraciones. Centro Unión Israelita de Córdoba. En la foto: oficiante Sr. Handelsman (Padre de Luis Handelsman).[:] - MUJU
