{"id":1906,"date":"2020-10-30T16:42:02","date_gmt":"2020-10-30T16:42:02","guid":{"rendered":"https:\/\/herzlin.com\/muju\/?post_type=archivo&#038;p=1906"},"modified":"2021-07-19T19:15:10","modified_gmt":"2021-07-19T19:15:10","slug":"escuela-israelita-general-san-martin-4","status":"publish","type":"archivo","link":"https:\/\/museojudiodecordoba.org\/iw\/archivo\/escuela-israelita-general-san-martin-4\/","title":{"rendered":"Escuela Israelita General San Mart\u00edn. Inauguraci\u00f3n de biblioteca. Fines de a\u00f1os &#8217;90. Ana Glaser, Luis Klinger, Susana Finkelstein, Mat\u00edas Halac, Ruth Nahum, Claudio Epelman, Mor\u00e1 Mery Chami, Ing Gelber, Dora Majlis."},"featured_media":1907,"template":"","categories":[95,97,98],"tags":[],"class_list":["post-1906","archivo","type-archivo","status-publish","has-post-thumbnail","hentry","category-escuela","category-escuela-general-san-martin","category-escuela-israelita"],"yoast_head":"<!-- This site is optimized with the Yoast SEO plugin v23.3 - https:\/\/yoast.com\/wordpress\/plugins\/seo\/ -->\n<title>Escuela Israelita General San Mart\u00edn. Inauguraci\u00f3n de biblioteca. Fines de a\u00f1os &#039;90. Ana Glaser, Luis Klinger, Susana Finkelstein, Mat\u00edas Halac, Ruth Nahum, Claudio Epelman, Mor\u00e1 Mery Chami, Ing Gelber, Dora Majlis. - MUJU<\/title>\n<meta name=\"robots\" content=\"index, follow, max-snippet:-1, max-image-preview:large, max-video-preview:-1\" \/>\n<link rel=\"canonical\" href=\"https:\/\/museojudiodecordoba.org\/archivo\/escuela-israelita-general-san-martin-4\/\" \/>\n<meta property=\"og:locale\" content=\"en_US\" \/>\n<meta property=\"og:type\" content=\"article\" \/>\n<meta property=\"og:title\" content=\"[:es]Escuela Israelita General San Mart\u00edn. En la foto: Lic. Ana Glaser, Claudio Epelman y Mora Mery Mesch de Chami, entre otros.[:iw]Escuela Israelita General San Mart\u00edn. Inauguraci\u00f3n de biblioteca. Fines de a\u00f1os &#039;90. Ana Glaser, Luis Klinger, Susana Finkelstein, Mat\u00edas Halac, Ruth Nahum, Claudio Epelman, Mor\u00e1 Mery Chami, Ing Gelber, Dora Majlis.[:] - MUJU\" \/>\n<meta property=\"og:description\" content=\"[...]Read More...\" \/>\n<meta property=\"og:url\" content=\"https:\/\/museojudiodecordoba.org\/archivo\/escuela-israelita-general-san-martin-4\/\" \/>\n<meta property=\"og:site_name\" content=\"MUJU\" \/>\n<meta property=\"article:modified_time\" content=\"2021-07-19T19:15:10+00:00\" \/>\n<meta property=\"og:image\" content=\"https:\/\/museojudiodecordoba.org\/wp-content\/uploads\/2020\/10\/Escuela-Israelita-General-San-Marti\u0301n.jpg\" \/>\n\t<meta property=\"og:image:width\" content=\"1600\" \/>\n\t<meta property=\"og:image:height\" content=\"1124\" \/>\n\t<meta property=\"og:image:type\" content=\"image\/jpeg\" \/>\n<meta name=\"twitter:card\" content=\"summary_large_image\" \/>\n<script type=\"application\/ld+json\" class=\"yoast-schema-graph\">{\"@context\":\"https:\/\/schema.org\",\"@graph\":[{\"@type\":\"WebPage\",\"@id\":\"https:\/\/museojudiodecordoba.org\/archivo\/escuela-israelita-general-san-martin-4\/\",\"url\":\"https:\/\/museojudiodecordoba.org\/archivo\/escuela-israelita-general-san-martin-4\/\",\"name\":\"[:es]Escuela Israelita General San Mart\u00edn. En la foto: Lic. Ana Glaser, Claudio Epelman y Mora Mery Mesch de Chami, entre otros.[:iw]Escuela Israelita General San Mart\u00edn. Inauguraci\u00f3n de biblioteca. Fines de a\u00f1os '90. Ana Glaser, Luis Klinger, Susana Finkelstein, Mat\u00edas Halac, Ruth Nahum, Claudio Epelman, Mor\u00e1 Mery Chami, Ing Gelber, Dora Majlis.[:] - MUJU\",\"isPartOf\":{\"@id\":\"https:\/\/museojudiodecordoba.org\/en\/#website\"},\"primaryImageOfPage\":{\"@id\":\"https:\/\/museojudiodecordoba.org\/archivo\/escuela-israelita-general-san-martin-4\/#primaryimage\"},\"image\":{\"@id\":\"https:\/\/museojudiodecordoba.org\/archivo\/escuela-israelita-general-san-martin-4\/#primaryimage\"},\"thumbnailUrl\":\"https:\/\/museojudiodecordoba.org\/wp-content\/uploads\/2020\/10\/Escuela-Israelita-General-San-Marti\u0301n.jpg\",\"datePublished\":\"2020-10-30T16:42:02+00:00\",\"dateModified\":\"2021-07-19T19:15:10+00:00\",\"breadcrumb\":{\"@id\":\"https:\/\/museojudiodecordoba.org\/archivo\/escuela-israelita-general-san-martin-4\/#breadcrumb\"},\"inLanguage\":\"iw-IL\",\"potentialAction\":[{\"@type\":\"ReadAction\",\"target\":[\"https:\/\/museojudiodecordoba.org\/archivo\/escuela-israelita-general-san-martin-4\/\"]}]},{\"@type\":\"ImageObject\",\"inLanguage\":\"iw-IL\",\"@id\":\"https:\/\/museojudiodecordoba.org\/archivo\/escuela-israelita-general-san-martin-4\/#primaryimage\",\"url\":\"https:\/\/museojudiodecordoba.org\/wp-content\/uploads\/2020\/10\/Escuela-Israelita-General-San-Marti\u0301n.jpg\",\"contentUrl\":\"https:\/\/museojudiodecordoba.org\/wp-content\/uploads\/2020\/10\/Escuela-Israelita-General-San-Marti\u0301n.jpg\",\"width\":1600,\"height\":1124},{\"@type\":\"BreadcrumbList\",\"@id\":\"https:\/\/museojudiodecordoba.org\/archivo\/escuela-israelita-general-san-martin-4\/#breadcrumb\",\"itemListElement\":[{\"@type\":\"ListItem\",\"position\":1,\"name\":\"Portada\",\"item\":\"https:\/\/museojudiodecordoba.org\/en\/\"},{\"@type\":\"ListItem\",\"position\":2,\"name\":\"Escuela Israelita General San Mart\u00edn. En la foto: Lic. Ana Glaser, Claudio Epelman y Mora Mery Mesch de Chami, entre otros.\"}]},{\"@type\":\"WebSite\",\"@id\":\"https:\/\/museojudiodecordoba.org\/en\/#website\",\"url\":\"https:\/\/museojudiodecordoba.org\/en\/\",\"name\":\"MUJU\",\"description\":\"\",\"potentialAction\":[{\"@type\":\"SearchAction\",\"target\":{\"@type\":\"EntryPoint\",\"urlTemplate\":\"https:\/\/museojudiodecordoba.org\/en\/?s={search_term_string}\"},\"query-input\":\"required name=search_term_string\"}],\"inLanguage\":\"iw-IL\"}]}<\/script>\n<!-- \/ Yoast SEO plugin. -->","yoast_head_json":{"title":"[:es]Escuela Israelita General San Mart\u00edn. En la foto: Lic. Ana Glaser, Claudio Epelman y Mora Mery Mesch de Chami, entre otros.[:iw]Escuela Israelita General San Mart\u00edn. Inauguraci\u00f3n de biblioteca. Fines de a\u00f1os '90. Ana Glaser, Luis Klinger, Susana Finkelstein, Mat\u00edas Halac, Ruth Nahum, Claudio Epelman, Mor\u00e1 Mery Chami, Ing Gelber, Dora Majlis.[:] - MUJU","robots":{"index":"index","follow":"follow","max-snippet":"max-snippet:-1","max-image-preview":"max-image-preview:large","max-video-preview":"max-video-preview:-1"},"canonical":"https:\/\/museojudiodecordoba.org\/archivo\/escuela-israelita-general-san-martin-4\/","og_locale":"en_US","og_type":"article","og_title":"[:es]Escuela Israelita General San Mart\u00edn. En la foto: Lic. Ana Glaser, Claudio Epelman y Mora Mery Mesch de Chami, entre otros.[:iw]Escuela Israelita General San Mart\u00edn. Inauguraci\u00f3n de biblioteca. Fines de a\u00f1os '90. Ana Glaser, Luis Klinger, Susana Finkelstein, Mat\u00edas Halac, Ruth Nahum, Claudio Epelman, Mor\u00e1 Mery Chami, Ing Gelber, Dora Majlis.[:] - MUJU","og_description":"[...]Read More...","og_url":"https:\/\/museojudiodecordoba.org\/archivo\/escuela-israelita-general-san-martin-4\/","og_site_name":"MUJU","article_modified_time":"2021-07-19T19:15:10+00:00","og_image":[{"width":1600,"height":1124,"url":"https:\/\/museojudiodecordoba.org\/wp-content\/uploads\/2020\/10\/Escuela-Israelita-General-San-Marti\u0301n.jpg","type":"image\/jpeg"}],"twitter_card":"summary_large_image","schema":{"@context":"https:\/\/schema.org","@graph":[{"@type":"WebPage","@id":"https:\/\/museojudiodecordoba.org\/archivo\/escuela-israelita-general-san-martin-4\/","url":"https:\/\/museojudiodecordoba.org\/archivo\/escuela-israelita-general-san-martin-4\/","name":"[:es]Escuela Israelita General San Mart\u00edn. En la foto: Lic. Ana Glaser, Claudio Epelman y Mora Mery Mesch de Chami, entre otros.[:iw]Escuela Israelita General San Mart\u00edn. Inauguraci\u00f3n de biblioteca. Fines de a\u00f1os '90. Ana Glaser, Luis Klinger, Susana Finkelstein, Mat\u00edas Halac, Ruth Nahum, Claudio Epelman, Mor\u00e1 Mery Chami, Ing Gelber, Dora Majlis.[:] - MUJU","isPartOf":{"@id":"https:\/\/museojudiodecordoba.org\/en\/#website"},"primaryImageOfPage":{"@id":"https:\/\/museojudiodecordoba.org\/archivo\/escuela-israelita-general-san-martin-4\/#primaryimage"},"image":{"@id":"https:\/\/museojudiodecordoba.org\/archivo\/escuela-israelita-general-san-martin-4\/#primaryimage"},"thumbnailUrl":"https:\/\/museojudiodecordoba.org\/wp-content\/uploads\/2020\/10\/Escuela-Israelita-General-San-Marti\u0301n.jpg","datePublished":"2020-10-30T16:42:02+00:00","dateModified":"2021-07-19T19:15:10+00:00","breadcrumb":{"@id":"https:\/\/museojudiodecordoba.org\/archivo\/escuela-israelita-general-san-martin-4\/#breadcrumb"},"inLanguage":"iw-IL","potentialAction":[{"@type":"ReadAction","target":["https:\/\/museojudiodecordoba.org\/archivo\/escuela-israelita-general-san-martin-4\/"]}]},{"@type":"ImageObject","inLanguage":"iw-IL","@id":"https:\/\/museojudiodecordoba.org\/archivo\/escuela-israelita-general-san-martin-4\/#primaryimage","url":"https:\/\/museojudiodecordoba.org\/wp-content\/uploads\/2020\/10\/Escuela-Israelita-General-San-Marti\u0301n.jpg","contentUrl":"https:\/\/museojudiodecordoba.org\/wp-content\/uploads\/2020\/10\/Escuela-Israelita-General-San-Marti\u0301n.jpg","width":1600,"height":1124},{"@type":"BreadcrumbList","@id":"https:\/\/museojudiodecordoba.org\/archivo\/escuela-israelita-general-san-martin-4\/#breadcrumb","itemListElement":[{"@type":"ListItem","position":1,"name":"Portada","item":"https:\/\/museojudiodecordoba.org\/en\/"},{"@type":"ListItem","position":2,"name":"Escuela Israelita General San Mart\u00edn. En la foto: Lic. Ana Glaser, Claudio Epelman y Mora Mery Mesch de Chami, entre otros."}]},{"@type":"WebSite","@id":"https:\/\/museojudiodecordoba.org\/en\/#website","url":"https:\/\/museojudiodecordoba.org\/en\/","name":"MUJU","description":"","potentialAction":[{"@type":"SearchAction","target":{"@type":"EntryPoint","urlTemplate":"https:\/\/museojudiodecordoba.org\/en\/?s={search_term_string}"},"query-input":"required name=search_term_string"}],"inLanguage":"iw-IL"}]}},"acf":[],"_links":{"self":[{"href":"https:\/\/museojudiodecordoba.org\/iw\/wp-json\/wp\/v2\/archivo\/1906","targetHints":{"allow":["GET"]}}],"collection":[{"href":"https:\/\/museojudiodecordoba.org\/iw\/wp-json\/wp\/v2\/archivo"}],"about":[{"href":"https:\/\/museojudiodecordoba.org\/iw\/wp-json\/wp\/v2\/types\/archivo"}],"wp:featuredmedia":[{"embeddable":true,"href":"https:\/\/museojudiodecordoba.org\/iw\/wp-json\/wp\/v2\/media\/1907"}],"wp:attachment":[{"href":"https:\/\/museojudiodecordoba.org\/iw\/wp-json\/wp\/v2\/media?parent=1906"}],"wp:term":[{"taxonomy":"category","embeddable":true,"href":"https:\/\/museojudiodecordoba.org\/iw\/wp-json\/wp\/v2\/categories?post=1906"},{"taxonomy":"post_tag","embeddable":true,"href":"https:\/\/museojudiodecordoba.org\/iw\/wp-json\/wp\/v2\/tags?post=1906"}],"curies":[{"name":"wp","href":"https:\/\/api.w.org\/{rel}","templated":true}]}}

Escuela Israelita General San Martín. Inauguración de biblioteca. Fines de años &#8217;90. Ana Glaser, Luis Klinger, Susana Finkelstein, Matías Halac, Ruth Nahum, Claudio Epelman, Morá Mery Chami, Ing Gelber, Dora Majlis.

<!-- This site is optimized with the Yoast SEO plugin v23.3 - https://yoast.com/wordpress/plugins/seo/ -->
<title>Escuela Israelita General San Martín. Inauguración de biblioteca. Fines de años &#039;90. Ana Glaser, Luis Klinger, Susana Finkelstein, Matías Halac, Ruth Nahum, Claudio Epelman, Morá Mery Chami, Ing Gelber, Dora Majlis. - MUJU</title>
<meta name="robots" content="index, follow, max-snippet:-1, max-image-preview:large, max-video-preview:-1" />
<link rel="canonical" href="https://museojudiodecordoba.org/archivo/escuela-israelita-general-san-martin-4/" />
<meta property="og:locale" content="en_US" />
<meta property="og:type" content="article" />
<meta property="og:title" content="[:es]Escuela Israelita General San Martín. En la foto: Lic. Ana Glaser, Claudio Epelman y Mora Mery Mesch de Chami, entre otros.[:iw]Escuela Israelita General San Martín. Inauguración de biblioteca. Fines de años &#039;90. Ana Glaser, Luis Klinger, Susana Finkelstein, Matías Halac, Ruth Nahum, Claudio Epelman, Morá Mery Chami, Ing Gelber, Dora Majlis.[:] - MUJU" />
<meta property="og:description" content="[...]Read More..." />
<meta property="og:url" content="https://museojudiodecordoba.org/archivo/escuela-israelita-general-san-martin-4/" />
<meta property="og:site_name" content="MUJU" />
<meta property="article:modified_time" content="2021-07-19T19:15:10+00:00" />
<meta property="og:image" content="https://museojudiodecordoba.org/wp-content/uploads/2020/10/Escuela-Israelita-General-San-Martín.jpg" />
	<meta property="og:image:width" content="1600" />
	<meta property="og:image:height" content="1124" />
	<meta property="og:image:type" content="image/jpeg" />
<meta name="twitter:card" content="summary_large_image" />
<script type="application/ld+json" class="yoast-schema-graph">{"@context":"https://schema.org","@graph":[{"@type":"WebPage","@id":"https://museojudiodecordoba.org/archivo/escuela-israelita-general-san-martin-4/","url":"https://museojudiodecordoba.org/archivo/escuela-israelita-general-san-martin-4/","name":"[:es]Escuela Israelita General San Martín. En la foto: Lic. Ana Glaser, Claudio Epelman y Mora Mery Mesch de Chami, entre otros.[:iw]Escuela Israelita General San Martín. Inauguración de biblioteca. Fines de años '90. Ana Glaser, Luis Klinger, Susana Finkelstein, Matías Halac, Ruth Nahum, Claudio Epelman, Morá Mery Chami, Ing Gelber, Dora Majlis.[:] - MUJU","isPartOf":{"@id":"https://museojudiodecordoba.org/en/#website"},"primaryImageOfPage":{"@id":"https://museojudiodecordoba.org/archivo/escuela-israelita-general-san-martin-4/#primaryimage"},"image":{"@id":"https://museojudiodecordoba.org/archivo/escuela-israelita-general-san-martin-4/#primaryimage"},"thumbnailUrl":"https://museojudiodecordoba.org/wp-content/uploads/2020/10/Escuela-Israelita-General-San-Martín.jpg","datePublished":"2020-10-30T16:42:02+00:00","dateModified":"2021-07-19T19:15:10+00:00","breadcrumb":{"@id":"https://museojudiodecordoba.org/archivo/escuela-israelita-general-san-martin-4/#breadcrumb"},"inLanguage":"iw-IL","potentialAction":[{"@type":"ReadAction","target":["https://museojudiodecordoba.org/archivo/escuela-israelita-general-san-martin-4/"]}]},{"@type":"ImageObject","inLanguage":"iw-IL","@id":"https://museojudiodecordoba.org/archivo/escuela-israelita-general-san-martin-4/#primaryimage","url":"https://museojudiodecordoba.org/wp-content/uploads/2020/10/Escuela-Israelita-General-San-Martín.jpg","contentUrl":"https://museojudiodecordoba.org/wp-content/uploads/2020/10/Escuela-Israelita-General-San-Martín.jpg","width":1600,"height":1124},{"@type":"BreadcrumbList","@id":"https://museojudiodecordoba.org/archivo/escuela-israelita-general-san-martin-4/#breadcrumb","itemListElement":[{"@type":"ListItem","position":1,"name":"Portada","item":"https://museojudiodecordoba.org/en/"},{"@type":"ListItem","position":2,"name":"Escuela Israelita General San Martín. En la foto: Lic. Ana Glaser, Claudio Epelman y Mora Mery Mesch de Chami, entre otros."}]},{"@type":"WebSite","@id":"https://museojudiodecordoba.org/en/#website","url":"https://museojudiodecordoba.org/en/","name":"MUJU","description":"","potentialAction":[{"@type":"SearchAction","target":{"@type":"EntryPoint","urlTemplate":"https://museojudiodecordoba.org/en/?s={search_term_string}"},"query-input":"required name=search_term_string"}],"inLanguage":"iw-IL"}]}</script>
<!-- / Yoast SEO plugin. -->

[:es]Escuela Israelita General San Martín. En la foto: Lic. Ana Glaser, Claudio Epelman y Mora Mery Mesch de Chami, entre otros.[:iw]Escuela Israelita General San Martín. Inauguración de biblioteca. Fines de años '90. Ana Glaser, Luis Klinger, Susana Finkelstein, Matías Halac, Ruth Nahum, Claudio Epelman, Morá Mery Chami, Ing Gelber, Dora Majlis.[:] - MUJU

Escuela Israelita General San Martín. En la foto: Lic. Ana Glaser, Claudio Epelman y Mora Mery Mesch de Chami, entre otros.
