{"id":2522,"date":"2020-12-09T15:16:31","date_gmt":"2020-12-09T15:16:31","guid":{"rendered":"http:\/\/museojudiodecordoba.org\/?post_type=archivo&#038;p=2522"},"modified":"2021-03-05T21:21:04","modified_gmt":"2021-03-05T21:21:04","slug":"centro-union-israelita-de-cordoba-edificio-calle-alvear","status":"publish","type":"archivo","link":"https:\/\/museojudiodecordoba.org\/iw\/archivo\/centro-union-israelita-de-cordoba-edificio-calle-alvear\/","title":{"rendered":"En 1944 comenz\u00f3 a funcionar la Escuela Israelita General San Mart\u00edn en el edificio de la calle Rioja 68, para ser reconocida en 1950 como Escuela Oficial por el Ministerio de Educaci\u00f3n, con los niveles inicial y primario.  Escuela Israelita. Edificio calle Rioja 68. A\u00f1o 1940."},"featured_media":2523,"template":"","categories":[59,70,88],"tags":[],"class_list":["post-2522","archivo","type-archivo","status-publish","has-post-thumbnail","hentry","category-calle-alvear","category-centro-union-israelita","category-cui"],"yoast_head":"<!-- This site is optimized with the Yoast SEO plugin v23.3 - https:\/\/yoast.com\/wordpress\/plugins\/seo\/ -->\n<title><\/title>\n<meta name=\"robots\" content=\"index, follow, max-snippet:-1, max-image-preview:large, max-video-preview:-1\" \/>\n<link rel=\"canonical\" href=\"https:\/\/museojudiodecordoba.org\/archivo\/centro-union-israelita-de-cordoba-edificio-calle-alvear\/\" \/>\n<meta property=\"og:locale\" content=\"en_US\" \/>\n<meta property=\"og:type\" content=\"article\" \/>\n<meta property=\"og:title\" content=\"[:es] En 1944 comenz\u00f3 a funcionar la Escuela Israelita General San Mart\u00edn en el edificio de la calle Rioja 68, para ser reconocida en 1950 como Escuela Oficial por el Ministerio de Educaci\u00f3n, con los niveles inicial y primario. Escuela Israelita. Edificio calle Rioja 68. A\u00f1o 1940. - MUJU\" \/>\n<meta property=\"og:description\" content=\"[...]Read More...\" \/>\n<meta property=\"og:url\" content=\"https:\/\/museojudiodecordoba.org\/archivo\/centro-union-israelita-de-cordoba-edificio-calle-alvear\/\" \/>\n<meta property=\"og:site_name\" content=\"MUJU\" \/>\n<meta property=\"article:modified_time\" content=\"2021-03-05T21:21:04+00:00\" \/>\n<meta property=\"og:image\" content=\"https:\/\/museojudiodecordoba.org\/wp-content\/uploads\/2020\/12\/Centro-Unio\u0301n-Israelita-de-Co\u0301rdoba.-Edificio-calle-Alvear-675x1024.jpg\" \/>\n\t<meta property=\"og:image:width\" content=\"675\" \/>\n\t<meta property=\"og:image:height\" content=\"1024\" \/>\n\t<meta property=\"og:image:type\" content=\"image\/jpeg\" \/>\n<meta name=\"twitter:card\" content=\"summary_large_image\" \/>\n<script type=\"application\/ld+json\" class=\"yoast-schema-graph\">{\"@context\":\"https:\/\/schema.org\",\"@graph\":[{\"@type\":\"WebPage\",\"@id\":\"https:\/\/museojudiodecordoba.org\/archivo\/centro-union-israelita-de-cordoba-edificio-calle-alvear\/\",\"url\":\"https:\/\/museojudiodecordoba.org\/archivo\/centro-union-israelita-de-cordoba-edificio-calle-alvear\/\",\"name\":\"[:es] En 1944 comenz\u00f3 a funcionar la Escuela Israelita General San Mart\u00edn en el edificio de la calle Rioja 68, para ser reconocida en 1950 como Escuela Oficial por el Ministerio de Educaci\u00f3n, con los niveles inicial y primario. Escuela Israelita. Edificio calle Rioja 68. A\u00f1o 1940. - MUJU\",\"isPartOf\":{\"@id\":\"https:\/\/museojudiodecordoba.org\/en\/#website\"},\"primaryImageOfPage\":{\"@id\":\"https:\/\/museojudiodecordoba.org\/archivo\/centro-union-israelita-de-cordoba-edificio-calle-alvear\/#primaryimage\"},\"image\":{\"@id\":\"https:\/\/museojudiodecordoba.org\/archivo\/centro-union-israelita-de-cordoba-edificio-calle-alvear\/#primaryimage\"},\"thumbnailUrl\":\"https:\/\/museojudiodecordoba.org\/wp-content\/uploads\/2020\/12\/Centro-Unio\u0301n-Israelita-de-Co\u0301rdoba.-Edificio-calle-Alvear.jpg\",\"datePublished\":\"2020-12-09T15:16:31+00:00\",\"dateModified\":\"2021-03-05T21:21:04+00:00\",\"breadcrumb\":{\"@id\":\"https:\/\/museojudiodecordoba.org\/archivo\/centro-union-israelita-de-cordoba-edificio-calle-alvear\/#breadcrumb\"},\"inLanguage\":\"iw-IL\",\"potentialAction\":[{\"@type\":\"ReadAction\",\"target\":[\"https:\/\/museojudiodecordoba.org\/archivo\/centro-union-israelita-de-cordoba-edificio-calle-alvear\/\"]}]},{\"@type\":\"ImageObject\",\"inLanguage\":\"iw-IL\",\"@id\":\"https:\/\/museojudiodecordoba.org\/archivo\/centro-union-israelita-de-cordoba-edificio-calle-alvear\/#primaryimage\",\"url\":\"https:\/\/museojudiodecordoba.org\/wp-content\/uploads\/2020\/12\/Centro-Unio\u0301n-Israelita-de-Co\u0301rdoba.-Edificio-calle-Alvear.jpg\",\"contentUrl\":\"https:\/\/museojudiodecordoba.org\/wp-content\/uploads\/2020\/12\/Centro-Unio\u0301n-Israelita-de-Co\u0301rdoba.-Edificio-calle-Alvear.jpg\",\"width\":1600,\"height\":2428},{\"@type\":\"BreadcrumbList\",\"@id\":\"https:\/\/museojudiodecordoba.org\/archivo\/centro-union-israelita-de-cordoba-edificio-calle-alvear\/#breadcrumb\",\"itemListElement\":[{\"@type\":\"ListItem\",\"position\":1,\"name\":\"Portada\",\"item\":\"https:\/\/museojudiodecordoba.org\/en\/\"},{\"@type\":\"ListItem\",\"position\":2,\"name\":\"En 1944 comenz\u00f3 a funcionar la Escuela Israelita General San Mart\u00edn en el edificio de la calle Rioja 68, para ser reconocida en 1950 como Escuela Oficial por el Ministerio de Educaci\u00f3n, con los niveles inicial y primario. Escuela Israelita. Edificio calle Rioja 68. A\u00f1o 1940.\"}]},{\"@type\":\"WebSite\",\"@id\":\"https:\/\/museojudiodecordoba.org\/en\/#website\",\"url\":\"https:\/\/museojudiodecordoba.org\/en\/\",\"name\":\"MUJU\",\"description\":\"\",\"potentialAction\":[{\"@type\":\"SearchAction\",\"target\":{\"@type\":\"EntryPoint\",\"urlTemplate\":\"https:\/\/museojudiodecordoba.org\/en\/?s={search_term_string}\"},\"query-input\":\"required name=search_term_string\"}],\"inLanguage\":\"iw-IL\"}]}<\/script>\n<!-- \/ Yoast SEO plugin. -->","yoast_head_json":{"title":"[:es] En 1944 comenz\u00f3 a funcionar la Escuela Israelita General San Mart\u00edn en el edificio de la calle Rioja 68, para ser reconocida en 1950 como Escuela Oficial por el Ministerio de Educaci\u00f3n, con los niveles inicial y primario. Escuela Israelita. Edificio calle Rioja 68. A\u00f1o 1940. - MUJU","robots":{"index":"index","follow":"follow","max-snippet":"max-snippet:-1","max-image-preview":"max-image-preview:large","max-video-preview":"max-video-preview:-1"},"canonical":"https:\/\/museojudiodecordoba.org\/archivo\/centro-union-israelita-de-cordoba-edificio-calle-alvear\/","og_locale":"en_US","og_type":"article","og_title":"[:es] En 1944 comenz\u00f3 a funcionar la Escuela Israelita General San Mart\u00edn en el edificio de la calle Rioja 68, para ser reconocida en 1950 como Escuela Oficial por el Ministerio de Educaci\u00f3n, con los niveles inicial y primario. Escuela Israelita. Edificio calle Rioja 68. A\u00f1o 1940. - MUJU","og_description":"[...]Read More...","og_url":"https:\/\/museojudiodecordoba.org\/archivo\/centro-union-israelita-de-cordoba-edificio-calle-alvear\/","og_site_name":"MUJU","article_modified_time":"2021-03-05T21:21:04+00:00","og_image":[{"width":675,"height":1024,"url":"https:\/\/museojudiodecordoba.org\/wp-content\/uploads\/2020\/12\/Centro-Unio\u0301n-Israelita-de-Co\u0301rdoba.-Edificio-calle-Alvear-675x1024.jpg","type":"image\/jpeg"}],"twitter_card":"summary_large_image","schema":{"@context":"https:\/\/schema.org","@graph":[{"@type":"WebPage","@id":"https:\/\/museojudiodecordoba.org\/archivo\/centro-union-israelita-de-cordoba-edificio-calle-alvear\/","url":"https:\/\/museojudiodecordoba.org\/archivo\/centro-union-israelita-de-cordoba-edificio-calle-alvear\/","name":"[:es] En 1944 comenz\u00f3 a funcionar la Escuela Israelita General San Mart\u00edn en el edificio de la calle Rioja 68, para ser reconocida en 1950 como Escuela Oficial por el Ministerio de Educaci\u00f3n, con los niveles inicial y primario. Escuela Israelita. Edificio calle Rioja 68. A\u00f1o 1940. - MUJU","isPartOf":{"@id":"https:\/\/museojudiodecordoba.org\/en\/#website"},"primaryImageOfPage":{"@id":"https:\/\/museojudiodecordoba.org\/archivo\/centro-union-israelita-de-cordoba-edificio-calle-alvear\/#primaryimage"},"image":{"@id":"https:\/\/museojudiodecordoba.org\/archivo\/centro-union-israelita-de-cordoba-edificio-calle-alvear\/#primaryimage"},"thumbnailUrl":"https:\/\/museojudiodecordoba.org\/wp-content\/uploads\/2020\/12\/Centro-Unio\u0301n-Israelita-de-Co\u0301rdoba.-Edificio-calle-Alvear.jpg","datePublished":"2020-12-09T15:16:31+00:00","dateModified":"2021-03-05T21:21:04+00:00","breadcrumb":{"@id":"https:\/\/museojudiodecordoba.org\/archivo\/centro-union-israelita-de-cordoba-edificio-calle-alvear\/#breadcrumb"},"inLanguage":"iw-IL","potentialAction":[{"@type":"ReadAction","target":["https:\/\/museojudiodecordoba.org\/archivo\/centro-union-israelita-de-cordoba-edificio-calle-alvear\/"]}]},{"@type":"ImageObject","inLanguage":"iw-IL","@id":"https:\/\/museojudiodecordoba.org\/archivo\/centro-union-israelita-de-cordoba-edificio-calle-alvear\/#primaryimage","url":"https:\/\/museojudiodecordoba.org\/wp-content\/uploads\/2020\/12\/Centro-Unio\u0301n-Israelita-de-Co\u0301rdoba.-Edificio-calle-Alvear.jpg","contentUrl":"https:\/\/museojudiodecordoba.org\/wp-content\/uploads\/2020\/12\/Centro-Unio\u0301n-Israelita-de-Co\u0301rdoba.-Edificio-calle-Alvear.jpg","width":1600,"height":2428},{"@type":"BreadcrumbList","@id":"https:\/\/museojudiodecordoba.org\/archivo\/centro-union-israelita-de-cordoba-edificio-calle-alvear\/#breadcrumb","itemListElement":[{"@type":"ListItem","position":1,"name":"Portada","item":"https:\/\/museojudiodecordoba.org\/en\/"},{"@type":"ListItem","position":2,"name":"En 1944 comenz\u00f3 a funcionar la Escuela Israelita General San Mart\u00edn en el edificio de la calle Rioja 68, para ser reconocida en 1950 como Escuela Oficial por el Ministerio de Educaci\u00f3n, con los niveles inicial y primario. Escuela Israelita. Edificio calle Rioja 68. A\u00f1o 1940."}]},{"@type":"WebSite","@id":"https:\/\/museojudiodecordoba.org\/en\/#website","url":"https:\/\/museojudiodecordoba.org\/en\/","name":"MUJU","description":"","potentialAction":[{"@type":"SearchAction","target":{"@type":"EntryPoint","urlTemplate":"https:\/\/museojudiodecordoba.org\/en\/?s={search_term_string}"},"query-input":"required name=search_term_string"}],"inLanguage":"iw-IL"}]}},"acf":[],"_links":{"self":[{"href":"https:\/\/museojudiodecordoba.org\/iw\/wp-json\/wp\/v2\/archivo\/2522","targetHints":{"allow":["GET"]}}],"collection":[{"href":"https:\/\/museojudiodecordoba.org\/iw\/wp-json\/wp\/v2\/archivo"}],"about":[{"href":"https:\/\/museojudiodecordoba.org\/iw\/wp-json\/wp\/v2\/types\/archivo"}],"wp:featuredmedia":[{"embeddable":true,"href":"https:\/\/museojudiodecordoba.org\/iw\/wp-json\/wp\/v2\/media\/2523"}],"wp:attachment":[{"href":"https:\/\/museojudiodecordoba.org\/iw\/wp-json\/wp\/v2\/media?parent=2522"}],"wp:term":[{"taxonomy":"category","embeddable":true,"href":"https:\/\/museojudiodecordoba.org\/iw\/wp-json\/wp\/v2\/categories?post=2522"},{"taxonomy":"post_tag","embeddable":true,"href":"https:\/\/museojudiodecordoba.org\/iw\/wp-json\/wp\/v2\/tags?post=2522"}],"curies":[{"name":"wp","href":"https:\/\/api.w.org\/{rel}","templated":true}]}}

En 1944 comenzó a funcionar la Escuela Israelita General San Martín en el edificio de la calle Rioja 68, para ser reconocida en 1950 como Escuela Oficial por el Ministerio de Educación, con los niveles inicial y primario.  Escuela Israelita. Edificio calle Rioja 68. Año 1940.

<!-- This site is optimized with the Yoast SEO plugin v23.3 - https://yoast.com/wordpress/plugins/seo/ -->
<title></title>
<meta name="robots" content="index, follow, max-snippet:-1, max-image-preview:large, max-video-preview:-1" />
<link rel="canonical" href="https://museojudiodecordoba.org/archivo/centro-union-israelita-de-cordoba-edificio-calle-alvear/" />
<meta property="og:locale" content="en_US" />
<meta property="og:type" content="article" />
<meta property="og:title" content="[:es] En 1944 comenzó a funcionar la Escuela Israelita General San Martín en el edificio de la calle Rioja 68, para ser reconocida en 1950 como Escuela Oficial por el Ministerio de Educación, con los niveles inicial y primario. Escuela Israelita. Edificio calle Rioja 68. Año 1940. - MUJU" />
<meta property="og:description" content="[...]Read More..." />
<meta property="og:url" content="https://museojudiodecordoba.org/archivo/centro-union-israelita-de-cordoba-edificio-calle-alvear/" />
<meta property="og:site_name" content="MUJU" />
<meta property="article:modified_time" content="2021-03-05T21:21:04+00:00" />
<meta property="og:image" content="https://museojudiodecordoba.org/wp-content/uploads/2020/12/Centro-Unión-Israelita-de-Córdoba.-Edificio-calle-Alvear-675x1024.jpg" />
	<meta property="og:image:width" content="675" />
	<meta property="og:image:height" content="1024" />
	<meta property="og:image:type" content="image/jpeg" />
<meta name="twitter:card" content="summary_large_image" />
<script type="application/ld+json" class="yoast-schema-graph">{"@context":"https://schema.org","@graph":[{"@type":"WebPage","@id":"https://museojudiodecordoba.org/archivo/centro-union-israelita-de-cordoba-edificio-calle-alvear/","url":"https://museojudiodecordoba.org/archivo/centro-union-israelita-de-cordoba-edificio-calle-alvear/","name":"[:es] En 1944 comenzó a funcionar la Escuela Israelita General San Martín en el edificio de la calle Rioja 68, para ser reconocida en 1950 como Escuela Oficial por el Ministerio de Educación, con los niveles inicial y primario. Escuela Israelita. Edificio calle Rioja 68. Año 1940. - MUJU","isPartOf":{"@id":"https://museojudiodecordoba.org/en/#website"},"primaryImageOfPage":{"@id":"https://museojudiodecordoba.org/archivo/centro-union-israelita-de-cordoba-edificio-calle-alvear/#primaryimage"},"image":{"@id":"https://museojudiodecordoba.org/archivo/centro-union-israelita-de-cordoba-edificio-calle-alvear/#primaryimage"},"thumbnailUrl":"https://museojudiodecordoba.org/wp-content/uploads/2020/12/Centro-Unión-Israelita-de-Córdoba.-Edificio-calle-Alvear.jpg","datePublished":"2020-12-09T15:16:31+00:00","dateModified":"2021-03-05T21:21:04+00:00","breadcrumb":{"@id":"https://museojudiodecordoba.org/archivo/centro-union-israelita-de-cordoba-edificio-calle-alvear/#breadcrumb"},"inLanguage":"iw-IL","potentialAction":[{"@type":"ReadAction","target":["https://museojudiodecordoba.org/archivo/centro-union-israelita-de-cordoba-edificio-calle-alvear/"]}]},{"@type":"ImageObject","inLanguage":"iw-IL","@id":"https://museojudiodecordoba.org/archivo/centro-union-israelita-de-cordoba-edificio-calle-alvear/#primaryimage","url":"https://museojudiodecordoba.org/wp-content/uploads/2020/12/Centro-Unión-Israelita-de-Córdoba.-Edificio-calle-Alvear.jpg","contentUrl":"https://museojudiodecordoba.org/wp-content/uploads/2020/12/Centro-Unión-Israelita-de-Córdoba.-Edificio-calle-Alvear.jpg","width":1600,"height":2428},{"@type":"BreadcrumbList","@id":"https://museojudiodecordoba.org/archivo/centro-union-israelita-de-cordoba-edificio-calle-alvear/#breadcrumb","itemListElement":[{"@type":"ListItem","position":1,"name":"Portada","item":"https://museojudiodecordoba.org/en/"},{"@type":"ListItem","position":2,"name":"En 1944 comenzó a funcionar la Escuela Israelita General San Martín en el edificio de la calle Rioja 68, para ser reconocida en 1950 como Escuela Oficial por el Ministerio de Educación, con los niveles inicial y primario. Escuela Israelita. Edificio calle Rioja 68. Año 1940."}]},{"@type":"WebSite","@id":"https://museojudiodecordoba.org/en/#website","url":"https://museojudiodecordoba.org/en/","name":"MUJU","description":"","potentialAction":[{"@type":"SearchAction","target":{"@type":"EntryPoint","urlTemplate":"https://museojudiodecordoba.org/en/?s={search_term_string}"},"query-input":"required name=search_term_string"}],"inLanguage":"iw-IL"}]}</script>
<!-- / Yoast SEO plugin. -->

[:es] En 1944 comenzó a funcionar la Escuela Israelita General San Martín en el edificio de la calle Rioja 68, para ser reconocida en 1950 como Escuela Oficial por el Ministerio de Educación, con los niveles inicial y primario. Escuela Israelita. Edificio calle Rioja 68. Año 1940. - MUJU

En 1944 comenzó a funcionar la Escuela Israelita General San Martín en el edificio de la calle Rioja 68, para ser reconocida en 1950 como Escuela Oficial por el Ministerio de Educación, con los niveles inicial y primario. Escuela Israelita. Edificio calle Rioja 68. Año 1940.
