{"id":3174,"date":"2021-07-05T19:36:17","date_gmt":"2021-07-05T19:36:17","guid":{"rendered":"http:\/\/museojudiodecordoba.org\/?post_type=galeriaitinerante&#038;p=3174"},"modified":"2021-07-05T19:36:17","modified_gmt":"2021-07-05T19:36:17","slug":"volvera-a-su-estado-original","status":"publish","type":"galeriaitinerante","link":"https:\/\/museojudiodecordoba.org\/iw\/galeriaitinerante\/volvera-a-su-estado-original\/","title":{"rendered":"Volver\u00e1 a su estado original"},"content":{"rendered":"","protected":false},"featured_media":3171,"template":"","artista":[196],"class_list":["post-3174","galeriaitinerante","type-galeriaitinerante","status-publish","has-post-thumbnail","hentry","artista-sara-goldman"],"yoast_head":"<!-- This site is optimized with the Yoast SEO plugin v23.3 - https:\/\/yoast.com\/wordpress\/plugins\/seo\/ -->\n<title><\/title>\n<meta name=\"robots\" content=\"index, follow, max-snippet:-1, max-image-preview:large, max-video-preview:-1\" \/>\n<link rel=\"canonical\" href=\"https:\/\/museojudiodecordoba.org\/galeriaitinerante\/volvera-a-su-estado-original\/\" \/>\n<meta property=\"og:locale\" content=\"en_US\" \/>\n<meta property=\"og:type\" content=\"article\" \/>\n<meta property=\"og:title\" content=\"[:es]Volver\u00e1 a su estado original [:] - MUJU\" \/>\n<meta property=\"og:description\" content=\"[...]Read More...\" \/>\n<meta property=\"og:url\" content=\"https:\/\/museojudiodecordoba.org\/galeriaitinerante\/volvera-a-su-estado-original\/\" \/>\n<meta property=\"og:site_name\" content=\"MUJU\" \/>\n<meta property=\"og:image\" content=\"https:\/\/museojudiodecordoba.org\/wp-content\/uploads\/2021\/07\/Volvera\u0301-a-su-estado-origina-2.jpeg\" \/>\n\t<meta property=\"og:image:width\" content=\"1280\" \/>\n\t<meta property=\"og:image:height\" content=\"960\" \/>\n\t<meta property=\"og:image:type\" content=\"image\/jpeg\" \/>\n<meta name=\"twitter:card\" content=\"summary_large_image\" \/>\n<script type=\"application\/ld+json\" class=\"yoast-schema-graph\">{\"@context\":\"https:\/\/schema.org\",\"@graph\":[{\"@type\":\"WebPage\",\"@id\":\"https:\/\/museojudiodecordoba.org\/galeriaitinerante\/volvera-a-su-estado-original\/\",\"url\":\"https:\/\/museojudiodecordoba.org\/galeriaitinerante\/volvera-a-su-estado-original\/\",\"name\":\"[:es]Volver\u00e1 a su estado original [:] - MUJU\",\"isPartOf\":{\"@id\":\"https:\/\/museojudiodecordoba.org\/en\/#website\"},\"primaryImageOfPage\":{\"@id\":\"https:\/\/museojudiodecordoba.org\/galeriaitinerante\/volvera-a-su-estado-original\/#primaryimage\"},\"image\":{\"@id\":\"https:\/\/museojudiodecordoba.org\/galeriaitinerante\/volvera-a-su-estado-original\/#primaryimage\"},\"thumbnailUrl\":\"https:\/\/museojudiodecordoba.org\/wp-content\/uploads\/2021\/07\/Volvera\u0301-a-su-estado-origina-2.jpeg\",\"datePublished\":\"2021-07-05T19:36:17+00:00\",\"dateModified\":\"2021-07-05T19:36:17+00:00\",\"breadcrumb\":{\"@id\":\"https:\/\/museojudiodecordoba.org\/galeriaitinerante\/volvera-a-su-estado-original\/#breadcrumb\"},\"inLanguage\":\"iw-IL\",\"potentialAction\":[{\"@type\":\"ReadAction\",\"target\":[\"https:\/\/museojudiodecordoba.org\/galeriaitinerante\/volvera-a-su-estado-original\/\"]}]},{\"@type\":\"ImageObject\",\"inLanguage\":\"iw-IL\",\"@id\":\"https:\/\/museojudiodecordoba.org\/galeriaitinerante\/volvera-a-su-estado-original\/#primaryimage\",\"url\":\"https:\/\/museojudiodecordoba.org\/wp-content\/uploads\/2021\/07\/Volvera\u0301-a-su-estado-origina-2.jpeg\",\"contentUrl\":\"https:\/\/museojudiodecordoba.org\/wp-content\/uploads\/2021\/07\/Volvera\u0301-a-su-estado-origina-2.jpeg\",\"width\":1280,\"height\":960},{\"@type\":\"BreadcrumbList\",\"@id\":\"https:\/\/museojudiodecordoba.org\/galeriaitinerante\/volvera-a-su-estado-original\/#breadcrumb\",\"itemListElement\":[{\"@type\":\"ListItem\",\"position\":1,\"name\":\"Portada\",\"item\":\"https:\/\/museojudiodecordoba.org\/en\/\"},{\"@type\":\"ListItem\",\"position\":2,\"name\":\"Volver\u00e1 a su estado original\"}]},{\"@type\":\"WebSite\",\"@id\":\"https:\/\/museojudiodecordoba.org\/en\/#website\",\"url\":\"https:\/\/museojudiodecordoba.org\/en\/\",\"name\":\"MUJU\",\"description\":\"\",\"potentialAction\":[{\"@type\":\"SearchAction\",\"target\":{\"@type\":\"EntryPoint\",\"urlTemplate\":\"https:\/\/museojudiodecordoba.org\/en\/?s={search_term_string}\"},\"query-input\":\"required name=search_term_string\"}],\"inLanguage\":\"iw-IL\"}]}<\/script>\n<!-- \/ Yoast SEO plugin. -->","yoast_head_json":{"title":"[:es]Volver\u00e1 a su estado original [:] - MUJU","robots":{"index":"index","follow":"follow","max-snippet":"max-snippet:-1","max-image-preview":"max-image-preview:large","max-video-preview":"max-video-preview:-1"},"canonical":"https:\/\/museojudiodecordoba.org\/galeriaitinerante\/volvera-a-su-estado-original\/","og_locale":"en_US","og_type":"article","og_title":"[:es]Volver\u00e1 a su estado original [:] - MUJU","og_description":"[...]Read More...","og_url":"https:\/\/museojudiodecordoba.org\/galeriaitinerante\/volvera-a-su-estado-original\/","og_site_name":"MUJU","og_image":[{"width":1280,"height":960,"url":"https:\/\/museojudiodecordoba.org\/wp-content\/uploads\/2021\/07\/Volvera\u0301-a-su-estado-origina-2.jpeg","type":"image\/jpeg"}],"twitter_card":"summary_large_image","schema":{"@context":"https:\/\/schema.org","@graph":[{"@type":"WebPage","@id":"https:\/\/museojudiodecordoba.org\/galeriaitinerante\/volvera-a-su-estado-original\/","url":"https:\/\/museojudiodecordoba.org\/galeriaitinerante\/volvera-a-su-estado-original\/","name":"[:es]Volver\u00e1 a su estado original [:] - MUJU","isPartOf":{"@id":"https:\/\/museojudiodecordoba.org\/en\/#website"},"primaryImageOfPage":{"@id":"https:\/\/museojudiodecordoba.org\/galeriaitinerante\/volvera-a-su-estado-original\/#primaryimage"},"image":{"@id":"https:\/\/museojudiodecordoba.org\/galeriaitinerante\/volvera-a-su-estado-original\/#primaryimage"},"thumbnailUrl":"https:\/\/museojudiodecordoba.org\/wp-content\/uploads\/2021\/07\/Volvera\u0301-a-su-estado-origina-2.jpeg","datePublished":"2021-07-05T19:36:17+00:00","dateModified":"2021-07-05T19:36:17+00:00","breadcrumb":{"@id":"https:\/\/museojudiodecordoba.org\/galeriaitinerante\/volvera-a-su-estado-original\/#breadcrumb"},"inLanguage":"iw-IL","potentialAction":[{"@type":"ReadAction","target":["https:\/\/museojudiodecordoba.org\/galeriaitinerante\/volvera-a-su-estado-original\/"]}]},{"@type":"ImageObject","inLanguage":"iw-IL","@id":"https:\/\/museojudiodecordoba.org\/galeriaitinerante\/volvera-a-su-estado-original\/#primaryimage","url":"https:\/\/museojudiodecordoba.org\/wp-content\/uploads\/2021\/07\/Volvera\u0301-a-su-estado-origina-2.jpeg","contentUrl":"https:\/\/museojudiodecordoba.org\/wp-content\/uploads\/2021\/07\/Volvera\u0301-a-su-estado-origina-2.jpeg","width":1280,"height":960},{"@type":"BreadcrumbList","@id":"https:\/\/museojudiodecordoba.org\/galeriaitinerante\/volvera-a-su-estado-original\/#breadcrumb","itemListElement":[{"@type":"ListItem","position":1,"name":"Portada","item":"https:\/\/museojudiodecordoba.org\/en\/"},{"@type":"ListItem","position":2,"name":"Volver\u00e1 a su estado original"}]},{"@type":"WebSite","@id":"https:\/\/museojudiodecordoba.org\/en\/#website","url":"https:\/\/museojudiodecordoba.org\/en\/","name":"MUJU","description":"","potentialAction":[{"@type":"SearchAction","target":{"@type":"EntryPoint","urlTemplate":"https:\/\/museojudiodecordoba.org\/en\/?s={search_term_string}"},"query-input":"required name=search_term_string"}],"inLanguage":"iw-IL"}]}},"acf":{"texto_previo_obras":"<p><strong>Volver\u00e1 a su estado original <\/strong><\/p>\n<p>2018<\/p>\n<p>Instalaci\u00f3n con tanza y tubos pl\u00e1sticos, im\u00e1genes y texto. Centro de Arte Contempor\u00e1neo. L\u00ednea de Pandora.<\/p>\n<p>&nbsp;<\/p>\n<p><em>En este laberinto siempre he encontrado la salida.<\/em><\/p>\n<p><em>Un cristal se rompi\u00f3.<\/em><\/p>\n<p><em>Restaurado, ya no volver\u00e1 a su estado original, perdi\u00f3 su transparencia.<\/em><\/p>\n<p><em>Los a\u00f1os pasaron, la taza roja se rompi\u00f3.<\/em><\/p>\n<p><em>Fuimos y volvimos:<\/em><\/p>\n<p><em>de la claridad a la oscuridad<\/em><\/p>\n<p><em>de la opacidad a la turbiedad<\/em><\/p>\n<p><em>de enga\u00f1os a desenga\u00f1os<\/em><\/p>\n<p><em>de ocultar a revelar.<\/em><\/p>\n<p><em>Hasta cu\u00e1ndo guardar?<\/em><\/p>\n<p><em>\u00a0<\/em><\/p>\n<p><em>Sara Goldman, C\u00f3rdoba, Argentina.<\/em><\/p>\n<p>&nbsp;<\/p>\n<p>Video: <a href=\"https:\/\/youtu.be\/olfFmCCNj7E\">https:\/\/youtu.be\/olfFmCCNj7E<\/a><\/p>\n","obras_a_mostrar_en_la_galeria":[3168,3170,3172],"titulo_registro_obras":"","obras_secundaria_galeria":"","headerWithImage":true,"foto_de_fondo_para_cabecera":false,"colorCabeceraDePagina":""},"_links":{"self":[{"href":"https:\/\/museojudiodecordoba.org\/iw\/wp-json\/wp\/v2\/galeriaitinerante\/3174","targetHints":{"allow":["GET"]}}],"collection":[{"href":"https:\/\/museojudiodecordoba.org\/iw\/wp-json\/wp\/v2\/galeriaitinerante"}],"about":[{"href":"https:\/\/museojudiodecordoba.org\/iw\/wp-json\/wp\/v2\/types\/galeriaitinerante"}],"wp:featuredmedia":[{"embeddable":true,"href":"https:\/\/museojudiodecordoba.org\/iw\/wp-json\/wp\/v2\/media\/3171"}],"wp:attachment":[{"href":"https:\/\/museojudiodecordoba.org\/iw\/wp-json\/wp\/v2\/media?parent=3174"}],"wp:term":[{"taxonomy":"artista","embeddable":true,"href":"https:\/\/museojudiodecordoba.org\/iw\/wp-json\/wp\/v2\/artista?post=3174"}],"curies":[{"name":"wp","href":"https:\/\/api.w.org\/{rel}","templated":true}]}}

Volverá a su estado original

<!-- This site is optimized with the Yoast SEO plugin v23.3 - https://yoast.com/wordpress/plugins/seo/ -->
<title></title>
<meta name="robots" content="index, follow, max-snippet:-1, max-image-preview:large, max-video-preview:-1" />
<link rel="canonical" href="https://museojudiodecordoba.org/galeriaitinerante/volvera-a-su-estado-original/" />
<meta property="og:locale" content="en_US" />
<meta property="og:type" content="article" />
<meta property="og:title" content="[:es]Volverá a su estado original [:] - MUJU" />
<meta property="og:description" content="[...]Read More..." />
<meta property="og:url" content="https://museojudiodecordoba.org/galeriaitinerante/volvera-a-su-estado-original/" />
<meta property="og:site_name" content="MUJU" />
<meta property="og:image" content="https://museojudiodecordoba.org/wp-content/uploads/2021/07/Volverá-a-su-estado-origina-2.jpeg" />
	<meta property="og:image:width" content="1280" />
	<meta property="og:image:height" content="960" />
	<meta property="og:image:type" content="image/jpeg" />
<meta name="twitter:card" content="summary_large_image" />
<script type="application/ld+json" class="yoast-schema-graph">{"@context":"https://schema.org","@graph":[{"@type":"WebPage","@id":"https://museojudiodecordoba.org/galeriaitinerante/volvera-a-su-estado-original/","url":"https://museojudiodecordoba.org/galeriaitinerante/volvera-a-su-estado-original/","name":"[:es]Volverá a su estado original [:] - MUJU","isPartOf":{"@id":"https://museojudiodecordoba.org/en/#website"},"primaryImageOfPage":{"@id":"https://museojudiodecordoba.org/galeriaitinerante/volvera-a-su-estado-original/#primaryimage"},"image":{"@id":"https://museojudiodecordoba.org/galeriaitinerante/volvera-a-su-estado-original/#primaryimage"},"thumbnailUrl":"https://museojudiodecordoba.org/wp-content/uploads/2021/07/Volverá-a-su-estado-origina-2.jpeg","datePublished":"2021-07-05T19:36:17+00:00","dateModified":"2021-07-05T19:36:17+00:00","breadcrumb":{"@id":"https://museojudiodecordoba.org/galeriaitinerante/volvera-a-su-estado-original/#breadcrumb"},"inLanguage":"iw-IL","potentialAction":[{"@type":"ReadAction","target":["https://museojudiodecordoba.org/galeriaitinerante/volvera-a-su-estado-original/"]}]},{"@type":"ImageObject","inLanguage":"iw-IL","@id":"https://museojudiodecordoba.org/galeriaitinerante/volvera-a-su-estado-original/#primaryimage","url":"https://museojudiodecordoba.org/wp-content/uploads/2021/07/Volverá-a-su-estado-origina-2.jpeg","contentUrl":"https://museojudiodecordoba.org/wp-content/uploads/2021/07/Volverá-a-su-estado-origina-2.jpeg","width":1280,"height":960},{"@type":"BreadcrumbList","@id":"https://museojudiodecordoba.org/galeriaitinerante/volvera-a-su-estado-original/#breadcrumb","itemListElement":[{"@type":"ListItem","position":1,"name":"Portada","item":"https://museojudiodecordoba.org/en/"},{"@type":"ListItem","position":2,"name":"Volverá a su estado original"}]},{"@type":"WebSite","@id":"https://museojudiodecordoba.org/en/#website","url":"https://museojudiodecordoba.org/en/","name":"MUJU","description":"","potentialAction":[{"@type":"SearchAction","target":{"@type":"EntryPoint","urlTemplate":"https://museojudiodecordoba.org/en/?s={search_term_string}"},"query-input":"required name=search_term_string"}],"inLanguage":"iw-IL"}]}</script>
<!-- / Yoast SEO plugin. -->

[:es]Volverá a su estado original [:] - MUJU

<p><strong>Volverá a su estado original </strong></p>
<p>2018</p>
<p>Instalación con tanza y tubos plásticos, imágenes y texto. Centro de Arte Contemporáneo. Línea de Pandora.</p>
<p>&nbsp;</p>
<p><em>En este laberinto siempre he encontrado la salida.</em></p>
<p><em>Un cristal se rompió.</em></p>
<p><em>Restaurado, ya no volverá a su estado original, perdió su transparencia.</em></p>
<p><em>Los años pasaron, la taza roja se rompió.</em></p>
<p><em>Fuimos y volvimos:</em></p>
<p><em>de la claridad a la oscuridad</em></p>
<p><em>de la opacidad a la turbiedad</em></p>
<p><em>de engaños a desengaños</em></p>
<p><em>de ocultar a revelar.</em></p>
<p><em>Hasta cuándo guardar?</em></p>
<p><em> </em></p>
<p><em>Sara Goldman, Córdoba, Argentina.</em></p>
<p>&nbsp;</p>
<p>Video: <a href="https://youtu.be/olfFmCCNj7E">https://youtu.be/olfFmCCNj7E</a></p>
