{"id":3848,"date":"2021-08-03T17:57:01","date_gmt":"2021-08-03T17:57:01","guid":{"rendered":"http:\/\/museojudiodecordoba.org\/?post_type=linea_tiempo&#038;p=3848"},"modified":"2021-08-03T17:57:36","modified_gmt":"2021-08-03T17:57:36","slug":"argentina-se-declara-neutral-en-la-guerra-mundial","status":"publish","type":"linea_tiempo","link":"https:\/\/museojudiodecordoba.org\/iw\/linea_tiempo\/argentina-se-declara-neutral-en-la-guerra-mundial\/","title":{"rendered":"Argentina se declara neutral en la Guerra Mundial"},"featured_media":3849,"template":"","meta":{"inline_featured_image":false},"categories":[198],"class_list":["post-3848","linea_tiempo","type-linea_tiempo","status-publish","has-post-thumbnail","hentry","category-198"],"yoast_head":"<!-- This site is optimized with the Yoast SEO plugin v23.3 - https:\/\/yoast.com\/wordpress\/plugins\/seo\/ -->\n<title>Argentina se declara neutral en la Guerra Mundial - MUJU<\/title>\n<meta name=\"robots\" content=\"index, follow, max-snippet:-1, max-image-preview:large, max-video-preview:-1\" \/>\n<link rel=\"canonical\" href=\"https:\/\/museojudiodecordoba.org\/linea_tiempo\/argentina-se-declara-neutral-en-la-guerra-mundial\/\" \/>\n<meta property=\"og:locale\" content=\"en_US\" \/>\n<meta property=\"og:type\" content=\"article\" \/>\n<meta property=\"og:title\" content=\"Argentina se declara neutral en la Guerra Mundial - MUJU\" \/>\n<meta property=\"og:description\" content=\"[...]Read More...\" \/>\n<meta property=\"og:url\" content=\"https:\/\/museojudiodecordoba.org\/linea_tiempo\/argentina-se-declara-neutral-en-la-guerra-mundial\/\" \/>\n<meta property=\"og:site_name\" content=\"MUJU\" \/>\n<meta property=\"article:modified_time\" content=\"2021-08-03T17:57:36+00:00\" \/>\n<meta property=\"og:image\" content=\"https:\/\/museojudiodecordoba.org\/wp-content\/uploads\/2021\/08\/1915.png\" \/>\n\t<meta property=\"og:image:width\" content=\"784\" \/>\n\t<meta property=\"og:image:height\" content=\"441\" \/>\n\t<meta property=\"og:image:type\" content=\"image\/png\" \/>\n<meta name=\"twitter:card\" content=\"summary_large_image\" \/>\n<script type=\"application\/ld+json\" class=\"yoast-schema-graph\">{\"@context\":\"https:\/\/schema.org\",\"@graph\":[{\"@type\":\"WebPage\",\"@id\":\"https:\/\/museojudiodecordoba.org\/linea_tiempo\/argentina-se-declara-neutral-en-la-guerra-mundial\/\",\"url\":\"https:\/\/museojudiodecordoba.org\/linea_tiempo\/argentina-se-declara-neutral-en-la-guerra-mundial\/\",\"name\":\"Argentina se declara neutral en la Guerra Mundial - MUJU\",\"isPartOf\":{\"@id\":\"https:\/\/museojudiodecordoba.org\/en\/#website\"},\"primaryImageOfPage\":{\"@id\":\"https:\/\/museojudiodecordoba.org\/linea_tiempo\/argentina-se-declara-neutral-en-la-guerra-mundial\/#primaryimage\"},\"image\":{\"@id\":\"https:\/\/museojudiodecordoba.org\/linea_tiempo\/argentina-se-declara-neutral-en-la-guerra-mundial\/#primaryimage\"},\"thumbnailUrl\":\"https:\/\/museojudiodecordoba.org\/wp-content\/uploads\/2021\/08\/1915.png\",\"datePublished\":\"2021-08-03T17:57:01+00:00\",\"dateModified\":\"2021-08-03T17:57:36+00:00\",\"breadcrumb\":{\"@id\":\"https:\/\/museojudiodecordoba.org\/linea_tiempo\/argentina-se-declara-neutral-en-la-guerra-mundial\/#breadcrumb\"},\"inLanguage\":\"iw-IL\",\"potentialAction\":[{\"@type\":\"ReadAction\",\"target\":[\"https:\/\/museojudiodecordoba.org\/linea_tiempo\/argentina-se-declara-neutral-en-la-guerra-mundial\/\"]}]},{\"@type\":\"ImageObject\",\"inLanguage\":\"iw-IL\",\"@id\":\"https:\/\/museojudiodecordoba.org\/linea_tiempo\/argentina-se-declara-neutral-en-la-guerra-mundial\/#primaryimage\",\"url\":\"https:\/\/museojudiodecordoba.org\/wp-content\/uploads\/2021\/08\/1915.png\",\"contentUrl\":\"https:\/\/museojudiodecordoba.org\/wp-content\/uploads\/2021\/08\/1915.png\",\"width\":784,\"height\":441},{\"@type\":\"BreadcrumbList\",\"@id\":\"https:\/\/museojudiodecordoba.org\/linea_tiempo\/argentina-se-declara-neutral-en-la-guerra-mundial\/#breadcrumb\",\"itemListElement\":[{\"@type\":\"ListItem\",\"position\":1,\"name\":\"Portada\",\"item\":\"https:\/\/museojudiodecordoba.org\/en\/\"},{\"@type\":\"ListItem\",\"position\":2,\"name\":\"Items linea del tiempo\",\"item\":\"https:\/\/museojudiodecordoba.org\/en\/linea_tiempo\/\"},{\"@type\":\"ListItem\",\"position\":3,\"name\":\"Argentina se declara neutral en la Guerra Mundial\"}]},{\"@type\":\"WebSite\",\"@id\":\"https:\/\/museojudiodecordoba.org\/en\/#website\",\"url\":\"https:\/\/museojudiodecordoba.org\/en\/\",\"name\":\"MUJU\",\"description\":\"\",\"potentialAction\":[{\"@type\":\"SearchAction\",\"target\":{\"@type\":\"EntryPoint\",\"urlTemplate\":\"https:\/\/museojudiodecordoba.org\/en\/?s={search_term_string}\"},\"query-input\":\"required name=search_term_string\"}],\"inLanguage\":\"iw-IL\"}]}<\/script>\n<!-- \/ Yoast SEO plugin. -->","yoast_head_json":{"title":"Argentina se declara neutral en la Guerra Mundial - MUJU","robots":{"index":"index","follow":"follow","max-snippet":"max-snippet:-1","max-image-preview":"max-image-preview:large","max-video-preview":"max-video-preview:-1"},"canonical":"https:\/\/museojudiodecordoba.org\/linea_tiempo\/argentina-se-declara-neutral-en-la-guerra-mundial\/","og_locale":"en_US","og_type":"article","og_title":"Argentina se declara neutral en la Guerra Mundial - MUJU","og_description":"[...]Read More...","og_url":"https:\/\/museojudiodecordoba.org\/linea_tiempo\/argentina-se-declara-neutral-en-la-guerra-mundial\/","og_site_name":"MUJU","article_modified_time":"2021-08-03T17:57:36+00:00","og_image":[{"width":784,"height":441,"url":"https:\/\/museojudiodecordoba.org\/wp-content\/uploads\/2021\/08\/1915.png","type":"image\/png"}],"twitter_card":"summary_large_image","schema":{"@context":"https:\/\/schema.org","@graph":[{"@type":"WebPage","@id":"https:\/\/museojudiodecordoba.org\/linea_tiempo\/argentina-se-declara-neutral-en-la-guerra-mundial\/","url":"https:\/\/museojudiodecordoba.org\/linea_tiempo\/argentina-se-declara-neutral-en-la-guerra-mundial\/","name":"Argentina se declara neutral en la Guerra Mundial - MUJU","isPartOf":{"@id":"https:\/\/museojudiodecordoba.org\/en\/#website"},"primaryImageOfPage":{"@id":"https:\/\/museojudiodecordoba.org\/linea_tiempo\/argentina-se-declara-neutral-en-la-guerra-mundial\/#primaryimage"},"image":{"@id":"https:\/\/museojudiodecordoba.org\/linea_tiempo\/argentina-se-declara-neutral-en-la-guerra-mundial\/#primaryimage"},"thumbnailUrl":"https:\/\/museojudiodecordoba.org\/wp-content\/uploads\/2021\/08\/1915.png","datePublished":"2021-08-03T17:57:01+00:00","dateModified":"2021-08-03T17:57:36+00:00","breadcrumb":{"@id":"https:\/\/museojudiodecordoba.org\/linea_tiempo\/argentina-se-declara-neutral-en-la-guerra-mundial\/#breadcrumb"},"inLanguage":"iw-IL","potentialAction":[{"@type":"ReadAction","target":["https:\/\/museojudiodecordoba.org\/linea_tiempo\/argentina-se-declara-neutral-en-la-guerra-mundial\/"]}]},{"@type":"ImageObject","inLanguage":"iw-IL","@id":"https:\/\/museojudiodecordoba.org\/linea_tiempo\/argentina-se-declara-neutral-en-la-guerra-mundial\/#primaryimage","url":"https:\/\/museojudiodecordoba.org\/wp-content\/uploads\/2021\/08\/1915.png","contentUrl":"https:\/\/museojudiodecordoba.org\/wp-content\/uploads\/2021\/08\/1915.png","width":784,"height":441},{"@type":"BreadcrumbList","@id":"https:\/\/museojudiodecordoba.org\/linea_tiempo\/argentina-se-declara-neutral-en-la-guerra-mundial\/#breadcrumb","itemListElement":[{"@type":"ListItem","position":1,"name":"Portada","item":"https:\/\/museojudiodecordoba.org\/en\/"},{"@type":"ListItem","position":2,"name":"Items linea del tiempo","item":"https:\/\/museojudiodecordoba.org\/en\/linea_tiempo\/"},{"@type":"ListItem","position":3,"name":"Argentina se declara neutral en la Guerra Mundial"}]},{"@type":"WebSite","@id":"https:\/\/museojudiodecordoba.org\/en\/#website","url":"https:\/\/museojudiodecordoba.org\/en\/","name":"MUJU","description":"","potentialAction":[{"@type":"SearchAction","target":{"@type":"EntryPoint","urlTemplate":"https:\/\/museojudiodecordoba.org\/en\/?s={search_term_string}"},"query-input":"required name=search_term_string"}],"inLanguage":"iw-IL"}]}},"acf":{"year":"1915","end_year":"1915","display_date":"1915","headline":"Argentina se declara neutral en la Guerra Mundial","text":"Las potencias mundiales empujaron a la humanidad a la Primera Guerra Mundial (1914-1918), que aunque se inici\u00f3 como un conflicto entre naciones europeas, termin\u00f3 absorbiendo a los principales pa\u00edses del mundo. Las guerras del siglo XX tuvieron una dimensi\u00f3n infinitamente mayor que los conflictos anteriores. Ante esta circunstancia, la posici\u00f3n oficial de la Argentina fue de neutralidad, tanto del gobierno conservador de Victorino de la Plaza como del radical Hip\u00f3lito Yrigoyen. ","media":"https:\/\/herzlin.com\/muju\/wp-content\/uploads\/2020\/10\/1915.png"},"_links":{"self":[{"href":"https:\/\/museojudiodecordoba.org\/iw\/wp-json\/wp\/v2\/ltiempo\/3848","targetHints":{"allow":["GET"]}}],"collection":[{"href":"https:\/\/museojudiodecordoba.org\/iw\/wp-json\/wp\/v2\/ltiempo"}],"about":[{"href":"https:\/\/museojudiodecordoba.org\/iw\/wp-json\/wp\/v2\/types\/linea_tiempo"}],"wp:featuredmedia":[{"embeddable":true,"href":"https:\/\/museojudiodecordoba.org\/iw\/wp-json\/wp\/v2\/media\/3849"}],"wp:attachment":[{"href":"https:\/\/museojudiodecordoba.org\/iw\/wp-json\/wp\/v2\/media?parent=3848"}],"wp:term":[{"taxonomy":"category","embeddable":true,"href":"https:\/\/museojudiodecordoba.org\/iw\/wp-json\/wp\/v2\/categories?post=3848"}],"curies":[{"name":"wp","href":"https:\/\/api.w.org\/{rel}","templated":true}]}}

Las potencias mundiales empujaron a la humanidad a la Primera Guerra Mundial (1914-1918), que aunque se inició como un conflicto entre naciones europeas, terminó absorbiendo a los principales países del mundo. Las guerras del siglo XX tuvieron una dimensión infinitamente mayor que los conflictos anteriores. Ante esta circunstancia, la posición oficial de la Argentina fue de neutralidad, tanto del gobierno conservador de Victorino de la Plaza como del radical Hipólito Yrigoyen.
