{"id":4090,"date":"2021-08-03T18:04:54","date_gmt":"2021-08-03T18:04:54","guid":{"rendered":"http:\/\/museojudiodecordoba.org\/?post_type=linea_tiempo&#038;p=4090"},"modified":"2021-08-03T18:04:54","modified_gmt":"2021-08-03T18:04:54","slug":"creacion-de-la-liga-israelita-argentina-contra-la-tuberculosis","status":"publish","type":"linea_tiempo","link":"https:\/\/museojudiodecordoba.org\/iw\/linea_tiempo\/creacion-de-la-liga-israelita-argentina-contra-la-tuberculosis\/","title":{"rendered":"Creaci\u00f3n de la Liga Israelita Argentina contra la tuberculosis"},"featured_media":4091,"template":"","meta":{"inline_featured_image":false},"categories":[18],"class_list":["post-4090","linea_tiempo","type-linea_tiempo","status-publish","has-post-thumbnail","hentry","category-18"],"yoast_head":"<!-- This site is optimized with the Yoast SEO plugin v23.3 - https:\/\/yoast.com\/wordpress\/plugins\/seo\/ -->\n<title>Creaci\u00f3n de la Liga Israelita Argentina contra la tuberculosis - MUJU<\/title>\n<meta name=\"robots\" content=\"index, follow, max-snippet:-1, max-image-preview:large, max-video-preview:-1\" \/>\n<link rel=\"canonical\" href=\"https:\/\/museojudiodecordoba.org\/linea_tiempo\/creacion-de-la-liga-israelita-argentina-contra-la-tuberculosis\/\" \/>\n<meta property=\"og:locale\" content=\"en_US\" \/>\n<meta property=\"og:type\" content=\"article\" \/>\n<meta property=\"og:title\" content=\"Creaci\u00f3n de la Liga Israelita Argentina contra la tuberculosis - MUJU\" \/>\n<meta property=\"og:description\" content=\"[...]Read More...\" \/>\n<meta property=\"og:url\" content=\"https:\/\/museojudiodecordoba.org\/linea_tiempo\/creacion-de-la-liga-israelita-argentina-contra-la-tuberculosis\/\" \/>\n<meta property=\"og:site_name\" content=\"MUJU\" \/>\n<meta property=\"og:image\" content=\"https:\/\/museojudiodecordoba.org\/wp-content\/uploads\/2021\/08\/1945B-1.png\" \/>\n\t<meta property=\"og:image:width\" content=\"627\" \/>\n\t<meta property=\"og:image:height\" content=\"462\" \/>\n\t<meta property=\"og:image:type\" content=\"image\/png\" \/>\n<meta name=\"twitter:card\" content=\"summary_large_image\" \/>\n<script type=\"application\/ld+json\" class=\"yoast-schema-graph\">{\"@context\":\"https:\/\/schema.org\",\"@graph\":[{\"@type\":\"WebPage\",\"@id\":\"https:\/\/museojudiodecordoba.org\/linea_tiempo\/creacion-de-la-liga-israelita-argentina-contra-la-tuberculosis\/\",\"url\":\"https:\/\/museojudiodecordoba.org\/linea_tiempo\/creacion-de-la-liga-israelita-argentina-contra-la-tuberculosis\/\",\"name\":\"Creaci\u00f3n de la Liga Israelita Argentina contra la tuberculosis - MUJU\",\"isPartOf\":{\"@id\":\"https:\/\/museojudiodecordoba.org\/en\/#website\"},\"primaryImageOfPage\":{\"@id\":\"https:\/\/museojudiodecordoba.org\/linea_tiempo\/creacion-de-la-liga-israelita-argentina-contra-la-tuberculosis\/#primaryimage\"},\"image\":{\"@id\":\"https:\/\/museojudiodecordoba.org\/linea_tiempo\/creacion-de-la-liga-israelita-argentina-contra-la-tuberculosis\/#primaryimage\"},\"thumbnailUrl\":\"https:\/\/museojudiodecordoba.org\/wp-content\/uploads\/2021\/08\/1945B-1.png\",\"datePublished\":\"2021-08-03T18:04:54+00:00\",\"dateModified\":\"2021-08-03T18:04:54+00:00\",\"breadcrumb\":{\"@id\":\"https:\/\/museojudiodecordoba.org\/linea_tiempo\/creacion-de-la-liga-israelita-argentina-contra-la-tuberculosis\/#breadcrumb\"},\"inLanguage\":\"iw-IL\",\"potentialAction\":[{\"@type\":\"ReadAction\",\"target\":[\"https:\/\/museojudiodecordoba.org\/linea_tiempo\/creacion-de-la-liga-israelita-argentina-contra-la-tuberculosis\/\"]}]},{\"@type\":\"ImageObject\",\"inLanguage\":\"iw-IL\",\"@id\":\"https:\/\/museojudiodecordoba.org\/linea_tiempo\/creacion-de-la-liga-israelita-argentina-contra-la-tuberculosis\/#primaryimage\",\"url\":\"https:\/\/museojudiodecordoba.org\/wp-content\/uploads\/2021\/08\/1945B-1.png\",\"contentUrl\":\"https:\/\/museojudiodecordoba.org\/wp-content\/uploads\/2021\/08\/1945B-1.png\",\"width\":627,\"height\":462},{\"@type\":\"BreadcrumbList\",\"@id\":\"https:\/\/museojudiodecordoba.org\/linea_tiempo\/creacion-de-la-liga-israelita-argentina-contra-la-tuberculosis\/#breadcrumb\",\"itemListElement\":[{\"@type\":\"ListItem\",\"position\":1,\"name\":\"Portada\",\"item\":\"https:\/\/museojudiodecordoba.org\/en\/\"},{\"@type\":\"ListItem\",\"position\":2,\"name\":\"Items linea del tiempo\",\"item\":\"https:\/\/museojudiodecordoba.org\/en\/linea_tiempo\/\"},{\"@type\":\"ListItem\",\"position\":3,\"name\":\"Creaci\u00f3n de la Liga Israelita Argentina contra la tuberculosis\"}]},{\"@type\":\"WebSite\",\"@id\":\"https:\/\/museojudiodecordoba.org\/en\/#website\",\"url\":\"https:\/\/museojudiodecordoba.org\/en\/\",\"name\":\"MUJU\",\"description\":\"\",\"potentialAction\":[{\"@type\":\"SearchAction\",\"target\":{\"@type\":\"EntryPoint\",\"urlTemplate\":\"https:\/\/museojudiodecordoba.org\/en\/?s={search_term_string}\"},\"query-input\":\"required name=search_term_string\"}],\"inLanguage\":\"iw-IL\"}]}<\/script>\n<!-- \/ Yoast SEO plugin. -->","yoast_head_json":{"title":"Creaci\u00f3n de la Liga Israelita Argentina contra la tuberculosis - MUJU","robots":{"index":"index","follow":"follow","max-snippet":"max-snippet:-1","max-image-preview":"max-image-preview:large","max-video-preview":"max-video-preview:-1"},"canonical":"https:\/\/museojudiodecordoba.org\/linea_tiempo\/creacion-de-la-liga-israelita-argentina-contra-la-tuberculosis\/","og_locale":"en_US","og_type":"article","og_title":"Creaci\u00f3n de la Liga Israelita Argentina contra la tuberculosis - MUJU","og_description":"[...]Read More...","og_url":"https:\/\/museojudiodecordoba.org\/linea_tiempo\/creacion-de-la-liga-israelita-argentina-contra-la-tuberculosis\/","og_site_name":"MUJU","og_image":[{"width":627,"height":462,"url":"https:\/\/museojudiodecordoba.org\/wp-content\/uploads\/2021\/08\/1945B-1.png","type":"image\/png"}],"twitter_card":"summary_large_image","schema":{"@context":"https:\/\/schema.org","@graph":[{"@type":"WebPage","@id":"https:\/\/museojudiodecordoba.org\/linea_tiempo\/creacion-de-la-liga-israelita-argentina-contra-la-tuberculosis\/","url":"https:\/\/museojudiodecordoba.org\/linea_tiempo\/creacion-de-la-liga-israelita-argentina-contra-la-tuberculosis\/","name":"Creaci\u00f3n de la Liga Israelita Argentina contra la tuberculosis - MUJU","isPartOf":{"@id":"https:\/\/museojudiodecordoba.org\/en\/#website"},"primaryImageOfPage":{"@id":"https:\/\/museojudiodecordoba.org\/linea_tiempo\/creacion-de-la-liga-israelita-argentina-contra-la-tuberculosis\/#primaryimage"},"image":{"@id":"https:\/\/museojudiodecordoba.org\/linea_tiempo\/creacion-de-la-liga-israelita-argentina-contra-la-tuberculosis\/#primaryimage"},"thumbnailUrl":"https:\/\/museojudiodecordoba.org\/wp-content\/uploads\/2021\/08\/1945B-1.png","datePublished":"2021-08-03T18:04:54+00:00","dateModified":"2021-08-03T18:04:54+00:00","breadcrumb":{"@id":"https:\/\/museojudiodecordoba.org\/linea_tiempo\/creacion-de-la-liga-israelita-argentina-contra-la-tuberculosis\/#breadcrumb"},"inLanguage":"iw-IL","potentialAction":[{"@type":"ReadAction","target":["https:\/\/museojudiodecordoba.org\/linea_tiempo\/creacion-de-la-liga-israelita-argentina-contra-la-tuberculosis\/"]}]},{"@type":"ImageObject","inLanguage":"iw-IL","@id":"https:\/\/museojudiodecordoba.org\/linea_tiempo\/creacion-de-la-liga-israelita-argentina-contra-la-tuberculosis\/#primaryimage","url":"https:\/\/museojudiodecordoba.org\/wp-content\/uploads\/2021\/08\/1945B-1.png","contentUrl":"https:\/\/museojudiodecordoba.org\/wp-content\/uploads\/2021\/08\/1945B-1.png","width":627,"height":462},{"@type":"BreadcrumbList","@id":"https:\/\/museojudiodecordoba.org\/linea_tiempo\/creacion-de-la-liga-israelita-argentina-contra-la-tuberculosis\/#breadcrumb","itemListElement":[{"@type":"ListItem","position":1,"name":"Portada","item":"https:\/\/museojudiodecordoba.org\/en\/"},{"@type":"ListItem","position":2,"name":"Items linea del tiempo","item":"https:\/\/museojudiodecordoba.org\/en\/linea_tiempo\/"},{"@type":"ListItem","position":3,"name":"Creaci\u00f3n de la Liga Israelita Argentina contra la tuberculosis"}]},{"@type":"WebSite","@id":"https:\/\/museojudiodecordoba.org\/en\/#website","url":"https:\/\/museojudiodecordoba.org\/en\/","name":"MUJU","description":"","potentialAction":[{"@type":"SearchAction","target":{"@type":"EntryPoint","urlTemplate":"https:\/\/museojudiodecordoba.org\/en\/?s={search_term_string}"},"query-input":"required name=search_term_string"}],"inLanguage":"iw-IL"}]}},"acf":{"year":"1945","end_year":"1945","display_date":"1945","headline":"Creaci\u00f3n de la Liga Israelita Argentina contra la tuberculosis","text":"El 26 de marzo de 1944 se coloc\u00f3 la piedra fundamental del llamado Dispensario Modelo el cual qued\u00f3 formalmente inaugurado el 8 de julio de 1945 con un acto donde asistieron autoridades nacionales, municipales y entidades cient\u00edficas, m\u00e1s autoridades de la colectividad.El dispensario de Capital estaba ubicado en Fragata Sarmiento 2152 y fue provisto del instrumental m\u00e1s moderno de la \u00e9poca y con un Servicio Social muy activo que prestaba ayuda a los enfermos indigentes. Para aquellos afectados que requer\u00edan la cura de monta\u00f1a se los derivaba al Sanatorio de Unquillo en C\u00f3rdoba, que ten\u00eda capacidad para 100 pacientes y estaba construido es un paradisiaco lugar de 65 mil metros cuadrados con jardines parques y paisajes magn\u00edficos, ideales para la curaci\u00f3n de los enfermos. La tuberculosis significaba desde principios del 1900 hasta la d\u00e9cada de 1940, una sentencia de muerte segura en breve tiempo. Lo \u00fanico que exist\u00eda era el tratamiento higi\u00e9nico-diet\u00e9tico: reposar en un lugar de clima sano y alimentarse.Para ese a\u00f1o, la poblaci\u00f3n jud\u00eda estimada en el pa\u00eds era de 273.000 personas.","media":"https:\/\/herzlin.com\/muju\/wp-content\/uploads\/2020\/10\/1945B.png"},"_links":{"self":[{"href":"https:\/\/museojudiodecordoba.org\/iw\/wp-json\/wp\/v2\/ltiempo\/4090","targetHints":{"allow":["GET"]}}],"collection":[{"href":"https:\/\/museojudiodecordoba.org\/iw\/wp-json\/wp\/v2\/ltiempo"}],"about":[{"href":"https:\/\/museojudiodecordoba.org\/iw\/wp-json\/wp\/v2\/types\/linea_tiempo"}],"wp:featuredmedia":[{"embeddable":true,"href":"https:\/\/museojudiodecordoba.org\/iw\/wp-json\/wp\/v2\/media\/4091"}],"wp:attachment":[{"href":"https:\/\/museojudiodecordoba.org\/iw\/wp-json\/wp\/v2\/media?parent=4090"}],"wp:term":[{"taxonomy":"category","embeddable":true,"href":"https:\/\/museojudiodecordoba.org\/iw\/wp-json\/wp\/v2\/categories?post=4090"}],"curies":[{"name":"wp","href":"https:\/\/api.w.org\/{rel}","templated":true}]}}

Creación de la Liga Israelita Argentina contra la tuberculosis

<!-- This site is optimized with the Yoast SEO plugin v23.3 - https://yoast.com/wordpress/plugins/seo/ -->
<title>Creación de la Liga Israelita Argentina contra la tuberculosis - MUJU</title>
<meta name="robots" content="index, follow, max-snippet:-1, max-image-preview:large, max-video-preview:-1" />
<link rel="canonical" href="https://museojudiodecordoba.org/linea_tiempo/creacion-de-la-liga-israelita-argentina-contra-la-tuberculosis/" />
<meta property="og:locale" content="en_US" />
<meta property="og:type" content="article" />
<meta property="og:title" content="Creación de la Liga Israelita Argentina contra la tuberculosis - MUJU" />
<meta property="og:description" content="[...]Read More..." />
<meta property="og:url" content="https://museojudiodecordoba.org/linea_tiempo/creacion-de-la-liga-israelita-argentina-contra-la-tuberculosis/" />
<meta property="og:site_name" content="MUJU" />
<meta property="og:image" content="https://museojudiodecordoba.org/wp-content/uploads/2021/08/1945B-1.png" />
	<meta property="og:image:width" content="627" />
	<meta property="og:image:height" content="462" />
	<meta property="og:image:type" content="image/png" />
<meta name="twitter:card" content="summary_large_image" />
<script type="application/ld+json" class="yoast-schema-graph">{"@context":"https://schema.org","@graph":[{"@type":"WebPage","@id":"https://museojudiodecordoba.org/linea_tiempo/creacion-de-la-liga-israelita-argentina-contra-la-tuberculosis/","url":"https://museojudiodecordoba.org/linea_tiempo/creacion-de-la-liga-israelita-argentina-contra-la-tuberculosis/","name":"Creación de la Liga Israelita Argentina contra la tuberculosis - MUJU","isPartOf":{"@id":"https://museojudiodecordoba.org/en/#website"},"primaryImageOfPage":{"@id":"https://museojudiodecordoba.org/linea_tiempo/creacion-de-la-liga-israelita-argentina-contra-la-tuberculosis/#primaryimage"},"image":{"@id":"https://museojudiodecordoba.org/linea_tiempo/creacion-de-la-liga-israelita-argentina-contra-la-tuberculosis/#primaryimage"},"thumbnailUrl":"https://museojudiodecordoba.org/wp-content/uploads/2021/08/1945B-1.png","datePublished":"2021-08-03T18:04:54+00:00","dateModified":"2021-08-03T18:04:54+00:00","breadcrumb":{"@id":"https://museojudiodecordoba.org/linea_tiempo/creacion-de-la-liga-israelita-argentina-contra-la-tuberculosis/#breadcrumb"},"inLanguage":"iw-IL","potentialAction":[{"@type":"ReadAction","target":["https://museojudiodecordoba.org/linea_tiempo/creacion-de-la-liga-israelita-argentina-contra-la-tuberculosis/"]}]},{"@type":"ImageObject","inLanguage":"iw-IL","@id":"https://museojudiodecordoba.org/linea_tiempo/creacion-de-la-liga-israelita-argentina-contra-la-tuberculosis/#primaryimage","url":"https://museojudiodecordoba.org/wp-content/uploads/2021/08/1945B-1.png","contentUrl":"https://museojudiodecordoba.org/wp-content/uploads/2021/08/1945B-1.png","width":627,"height":462},{"@type":"BreadcrumbList","@id":"https://museojudiodecordoba.org/linea_tiempo/creacion-de-la-liga-israelita-argentina-contra-la-tuberculosis/#breadcrumb","itemListElement":[{"@type":"ListItem","position":1,"name":"Portada","item":"https://museojudiodecordoba.org/en/"},{"@type":"ListItem","position":2,"name":"Items linea del tiempo","item":"https://museojudiodecordoba.org/en/linea_tiempo/"},{"@type":"ListItem","position":3,"name":"Creación de la Liga Israelita Argentina contra la tuberculosis"}]},{"@type":"WebSite","@id":"https://museojudiodecordoba.org/en/#website","url":"https://museojudiodecordoba.org/en/","name":"MUJU","description":"","potentialAction":[{"@type":"SearchAction","target":{"@type":"EntryPoint","urlTemplate":"https://museojudiodecordoba.org/en/?s={search_term_string}"},"query-input":"required name=search_term_string"}],"inLanguage":"iw-IL"}]}</script>
<!-- / Yoast SEO plugin. -->

Creación de la Liga Israelita Argentina contra la tuberculosis - MUJU

El 26 de marzo de 1944 se colocó la piedra fundamental del llamado Dispensario Modelo el cual quedó formalmente inaugurado el 8 de julio de 1945 con un acto donde asistieron autoridades nacionales, municipales y entidades científicas, más autoridades de la colectividad.El dispensario de Capital estaba ubicado en Fragata Sarmiento 2152 y fue provisto del instrumental más moderno de la época y con un Servicio Social muy activo que prestaba ayuda a los enfermos indigentes. Para aquellos afectados que requerían la cura de montaña se los derivaba al Sanatorio de Unquillo en Córdoba, que tenía capacidad para 100 pacientes y estaba construido es un paradisiaco lugar de 65 mil metros cuadrados con jardines parques y paisajes magníficos, ideales para la curación de los enfermos. La tuberculosis significaba desde principios del 1900 hasta la década de 1940, una sentencia de muerte segura en breve tiempo. Lo único que existía era el tratamiento higiénico-dietético: reposar en un lugar de clima sano y alimentarse.Para ese año, la población judía estimada en el país era de 273.000 personas.
