{"id":4096,"date":"2021-08-03T18:04:49","date_gmt":"2021-08-03T18:04:49","guid":{"rendered":"http:\/\/museojudiodecordoba.org\/?post_type=linea_tiempo&#038;p=4096"},"modified":"2021-08-03T18:04:49","modified_gmt":"2021-08-03T18:04:49","slug":"acto-de-protesta-por-las-medidas-britanicas-contra-los-inmigrantes-del-barco-exodus","status":"publish","type":"linea_tiempo","link":"https:\/\/museojudiodecordoba.org\/iw\/linea_tiempo\/acto-de-protesta-por-las-medidas-britanicas-contra-los-inmigrantes-del-barco-exodus\/","title":{"rendered":"Acto de protesta por las medidas brit\u00e1nicas contra los inmigrantes del barco \u201cExodus\u201d"},"featured_media":4097,"template":"","meta":{"inline_featured_image":false},"categories":[18],"class_list":["post-4096","linea_tiempo","type-linea_tiempo","status-publish","has-post-thumbnail","hentry","category-18"],"yoast_head":"<!-- This site is optimized with the Yoast SEO plugin v23.3 - https:\/\/yoast.com\/wordpress\/plugins\/seo\/ -->\n<title>Acto de protesta por las medidas brit\u00e1nicas contra los inmigrantes del barco \u201cExodus\u201d - MUJU<\/title>\n<meta name=\"robots\" content=\"index, follow, max-snippet:-1, max-image-preview:large, max-video-preview:-1\" \/>\n<link rel=\"canonical\" href=\"https:\/\/museojudiodecordoba.org\/linea_tiempo\/acto-de-protesta-por-las-medidas-britanicas-contra-los-inmigrantes-del-barco-exodus\/\" \/>\n<meta property=\"og:locale\" content=\"en_US\" \/>\n<meta property=\"og:type\" content=\"article\" \/>\n<meta property=\"og:title\" content=\"Acto de protesta por las medidas brit\u00e1nicas contra los inmigrantes del barco \u201cExodus\u201d - MUJU\" \/>\n<meta property=\"og:description\" content=\"[...]Read More...\" \/>\n<meta property=\"og:url\" content=\"https:\/\/museojudiodecordoba.org\/linea_tiempo\/acto-de-protesta-por-las-medidas-britanicas-contra-los-inmigrantes-del-barco-exodus\/\" \/>\n<meta property=\"og:site_name\" content=\"MUJU\" \/>\n<meta property=\"og:image\" content=\"https:\/\/museojudiodecordoba.org\/wp-content\/uploads\/2021\/08\/1947-1.jpg\" \/>\n\t<meta property=\"og:image:width\" content=\"1300\" \/>\n\t<meta property=\"og:image:height\" content=\"1086\" \/>\n\t<meta property=\"og:image:type\" content=\"image\/jpeg\" \/>\n<meta name=\"twitter:card\" content=\"summary_large_image\" \/>\n<script type=\"application\/ld+json\" class=\"yoast-schema-graph\">{\"@context\":\"https:\/\/schema.org\",\"@graph\":[{\"@type\":\"WebPage\",\"@id\":\"https:\/\/museojudiodecordoba.org\/linea_tiempo\/acto-de-protesta-por-las-medidas-britanicas-contra-los-inmigrantes-del-barco-exodus\/\",\"url\":\"https:\/\/museojudiodecordoba.org\/linea_tiempo\/acto-de-protesta-por-las-medidas-britanicas-contra-los-inmigrantes-del-barco-exodus\/\",\"name\":\"Acto de protesta por las medidas brit\u00e1nicas contra los inmigrantes del barco \u201cExodus\u201d - MUJU\",\"isPartOf\":{\"@id\":\"https:\/\/museojudiodecordoba.org\/en\/#website\"},\"primaryImageOfPage\":{\"@id\":\"https:\/\/museojudiodecordoba.org\/linea_tiempo\/acto-de-protesta-por-las-medidas-britanicas-contra-los-inmigrantes-del-barco-exodus\/#primaryimage\"},\"image\":{\"@id\":\"https:\/\/museojudiodecordoba.org\/linea_tiempo\/acto-de-protesta-por-las-medidas-britanicas-contra-los-inmigrantes-del-barco-exodus\/#primaryimage\"},\"thumbnailUrl\":\"https:\/\/museojudiodecordoba.org\/wp-content\/uploads\/2021\/08\/1947-1.jpg\",\"datePublished\":\"2021-08-03T18:04:49+00:00\",\"dateModified\":\"2021-08-03T18:04:49+00:00\",\"breadcrumb\":{\"@id\":\"https:\/\/museojudiodecordoba.org\/linea_tiempo\/acto-de-protesta-por-las-medidas-britanicas-contra-los-inmigrantes-del-barco-exodus\/#breadcrumb\"},\"inLanguage\":\"iw-IL\",\"potentialAction\":[{\"@type\":\"ReadAction\",\"target\":[\"https:\/\/museojudiodecordoba.org\/linea_tiempo\/acto-de-protesta-por-las-medidas-britanicas-contra-los-inmigrantes-del-barco-exodus\/\"]}]},{\"@type\":\"ImageObject\",\"inLanguage\":\"iw-IL\",\"@id\":\"https:\/\/museojudiodecordoba.org\/linea_tiempo\/acto-de-protesta-por-las-medidas-britanicas-contra-los-inmigrantes-del-barco-exodus\/#primaryimage\",\"url\":\"https:\/\/museojudiodecordoba.org\/wp-content\/uploads\/2021\/08\/1947-1.jpg\",\"contentUrl\":\"https:\/\/museojudiodecordoba.org\/wp-content\/uploads\/2021\/08\/1947-1.jpg\",\"width\":1300,\"height\":1086},{\"@type\":\"BreadcrumbList\",\"@id\":\"https:\/\/museojudiodecordoba.org\/linea_tiempo\/acto-de-protesta-por-las-medidas-britanicas-contra-los-inmigrantes-del-barco-exodus\/#breadcrumb\",\"itemListElement\":[{\"@type\":\"ListItem\",\"position\":1,\"name\":\"Portada\",\"item\":\"https:\/\/museojudiodecordoba.org\/en\/\"},{\"@type\":\"ListItem\",\"position\":2,\"name\":\"Items linea del tiempo\",\"item\":\"https:\/\/museojudiodecordoba.org\/en\/linea_tiempo\/\"},{\"@type\":\"ListItem\",\"position\":3,\"name\":\"Acto de protesta por las medidas brit\u00e1nicas contra los inmigrantes del barco \u201cExodus\u201d\"}]},{\"@type\":\"WebSite\",\"@id\":\"https:\/\/museojudiodecordoba.org\/en\/#website\",\"url\":\"https:\/\/museojudiodecordoba.org\/en\/\",\"name\":\"MUJU\",\"description\":\"\",\"potentialAction\":[{\"@type\":\"SearchAction\",\"target\":{\"@type\":\"EntryPoint\",\"urlTemplate\":\"https:\/\/museojudiodecordoba.org\/en\/?s={search_term_string}\"},\"query-input\":\"required name=search_term_string\"}],\"inLanguage\":\"iw-IL\"}]}<\/script>\n<!-- \/ Yoast SEO plugin. -->","yoast_head_json":{"title":"Acto de protesta por las medidas brit\u00e1nicas contra los inmigrantes del barco \u201cExodus\u201d - MUJU","robots":{"index":"index","follow":"follow","max-snippet":"max-snippet:-1","max-image-preview":"max-image-preview:large","max-video-preview":"max-video-preview:-1"},"canonical":"https:\/\/museojudiodecordoba.org\/linea_tiempo\/acto-de-protesta-por-las-medidas-britanicas-contra-los-inmigrantes-del-barco-exodus\/","og_locale":"en_US","og_type":"article","og_title":"Acto de protesta por las medidas brit\u00e1nicas contra los inmigrantes del barco \u201cExodus\u201d - MUJU","og_description":"[...]Read More...","og_url":"https:\/\/museojudiodecordoba.org\/linea_tiempo\/acto-de-protesta-por-las-medidas-britanicas-contra-los-inmigrantes-del-barco-exodus\/","og_site_name":"MUJU","og_image":[{"width":1300,"height":1086,"url":"https:\/\/museojudiodecordoba.org\/wp-content\/uploads\/2021\/08\/1947-1.jpg","type":"image\/jpeg"}],"twitter_card":"summary_large_image","schema":{"@context":"https:\/\/schema.org","@graph":[{"@type":"WebPage","@id":"https:\/\/museojudiodecordoba.org\/linea_tiempo\/acto-de-protesta-por-las-medidas-britanicas-contra-los-inmigrantes-del-barco-exodus\/","url":"https:\/\/museojudiodecordoba.org\/linea_tiempo\/acto-de-protesta-por-las-medidas-britanicas-contra-los-inmigrantes-del-barco-exodus\/","name":"Acto de protesta por las medidas brit\u00e1nicas contra los inmigrantes del barco \u201cExodus\u201d - MUJU","isPartOf":{"@id":"https:\/\/museojudiodecordoba.org\/en\/#website"},"primaryImageOfPage":{"@id":"https:\/\/museojudiodecordoba.org\/linea_tiempo\/acto-de-protesta-por-las-medidas-britanicas-contra-los-inmigrantes-del-barco-exodus\/#primaryimage"},"image":{"@id":"https:\/\/museojudiodecordoba.org\/linea_tiempo\/acto-de-protesta-por-las-medidas-britanicas-contra-los-inmigrantes-del-barco-exodus\/#primaryimage"},"thumbnailUrl":"https:\/\/museojudiodecordoba.org\/wp-content\/uploads\/2021\/08\/1947-1.jpg","datePublished":"2021-08-03T18:04:49+00:00","dateModified":"2021-08-03T18:04:49+00:00","breadcrumb":{"@id":"https:\/\/museojudiodecordoba.org\/linea_tiempo\/acto-de-protesta-por-las-medidas-britanicas-contra-los-inmigrantes-del-barco-exodus\/#breadcrumb"},"inLanguage":"iw-IL","potentialAction":[{"@type":"ReadAction","target":["https:\/\/museojudiodecordoba.org\/linea_tiempo\/acto-de-protesta-por-las-medidas-britanicas-contra-los-inmigrantes-del-barco-exodus\/"]}]},{"@type":"ImageObject","inLanguage":"iw-IL","@id":"https:\/\/museojudiodecordoba.org\/linea_tiempo\/acto-de-protesta-por-las-medidas-britanicas-contra-los-inmigrantes-del-barco-exodus\/#primaryimage","url":"https:\/\/museojudiodecordoba.org\/wp-content\/uploads\/2021\/08\/1947-1.jpg","contentUrl":"https:\/\/museojudiodecordoba.org\/wp-content\/uploads\/2021\/08\/1947-1.jpg","width":1300,"height":1086},{"@type":"BreadcrumbList","@id":"https:\/\/museojudiodecordoba.org\/linea_tiempo\/acto-de-protesta-por-las-medidas-britanicas-contra-los-inmigrantes-del-barco-exodus\/#breadcrumb","itemListElement":[{"@type":"ListItem","position":1,"name":"Portada","item":"https:\/\/museojudiodecordoba.org\/en\/"},{"@type":"ListItem","position":2,"name":"Items linea del tiempo","item":"https:\/\/museojudiodecordoba.org\/en\/linea_tiempo\/"},{"@type":"ListItem","position":3,"name":"Acto de protesta por las medidas brit\u00e1nicas contra los inmigrantes del barco \u201cExodus\u201d"}]},{"@type":"WebSite","@id":"https:\/\/museojudiodecordoba.org\/en\/#website","url":"https:\/\/museojudiodecordoba.org\/en\/","name":"MUJU","description":"","potentialAction":[{"@type":"SearchAction","target":{"@type":"EntryPoint","urlTemplate":"https:\/\/museojudiodecordoba.org\/en\/?s={search_term_string}"},"query-input":"required name=search_term_string"}],"inLanguage":"iw-IL"}]}},"acf":{"year":"1947","end_year":"1947","display_date":"1947","headline":"Acto de protesta por las medidas brit\u00e1nicas contra los inmigrantes del barco \u201cExodus\u201d","text":"Mientras en C\u00f3rdoba se proced\u00eda a la aprobaci\u00f3n de los planos de la Sinagoga y del edificio Social del Centro Uni\u00f3n Israel\u00ecta de C\u00f3rdoba, los jud\u00edos europeos eran afectados por las medidas en su contra. La historia de la embarcaci\u00f3n \"Exodus\" es solo una entre tantas.El barco fue adquirido como chatarra por 8.000 d\u00f3lares por la Hagan\u00e1, cuya finalidad era usarlo para transportar jud\u00edos europeos que buscaban emigrar a Palestina. Lo rebautizaron \"Exodus\" en 1947. En julio de 1947, el Exodus zarp\u00f3 de un puerto cercano a Marsella con destino a Palestina con m\u00e1s de 4.500 pasajeros a bordo, entre ellos 600 ni\u00f1os. Barcos ingleses lo siguieron durante semanas, hasta que se aproxim\u00f3 a las costas palestinas, donde fue abordado. El pasaje opuso resistencia y se produjo el triste espect\u00e1culo de marinos ingleses forcejeando con sobrevivientes del Holocausto por el control del nav\u00edo. Tres jud\u00edos resultaron muertos y varios, heridos. La Hagan\u00e1 transmiti\u00f3 en vivo por radio el episodio a la prensa internacional. En el calor del momento, una desafiante Golda Meir declar\u00f3:\"Al Reino Unido le decimos: es una gran ilusi\u00f3n creernos d\u00e9biles. Que Gran Breta\u00f1a, con su poderosa flota y sus muchas armas y aviones, sepa que este pueblo no es d\u00e9bil, y que su fuerza se mantendr\u00e1 en pie.\" La Marina Real brit\u00e1nica prevaleci\u00f3 en su voluntad de impedir que la multitud de refugiados, desplazados y sobrevivientes jud\u00edos lograra poner pie en el aun por nacer Estado jud\u00edo.Impasibles a las protestas de la opini\u00f3n p\u00fablica, marineros brit\u00e1nicos remolcaron el barco al puerto de Haifa, donde reubicaron a los pasajeros en tres buques, que fueron enviados de regreso a Europa. La primera parada de los barcos fue en Toulon, Francia, donde se orden\u00f3 a los jud\u00edos desembarcar, pero rehusaron obedecer la orden. Las autoridades francesas se negaron a retirar por la fuerza a los desdichados y los brit\u00e1nicos optaron por esperar hasta que los pasajeros abandonasen el nav\u00edo por su propia voluntad. Pero estos respondieron m\u00e1s tercamente a\u00fan y declararon una huelga de hambre que dur\u00f3 m\u00e1s de tres semanas. La indignaci\u00f3n global puso presi\u00f3n sobre Londres, que decidi\u00f3 enviar a todo el pasaje a Hamburgo, en la zona de Alemania ocupada por los brit\u00e1nicos. Una vez all\u00ed, fueron asignados a campos de internamiento de Lubeck. Un peri\u00f3dico estadounidense public\u00f3 el siguiente titular: \u201cDe regreso al Reich\u201d.","media":"https:\/\/herzlin.com\/muju\/wp-content\/uploads\/2020\/10\/1947.jpg"},"_links":{"self":[{"href":"https:\/\/museojudiodecordoba.org\/iw\/wp-json\/wp\/v2\/ltiempo\/4096","targetHints":{"allow":["GET"]}}],"collection":[{"href":"https:\/\/museojudiodecordoba.org\/iw\/wp-json\/wp\/v2\/ltiempo"}],"about":[{"href":"https:\/\/museojudiodecordoba.org\/iw\/wp-json\/wp\/v2\/types\/linea_tiempo"}],"wp:featuredmedia":[{"embeddable":true,"href":"https:\/\/museojudiodecordoba.org\/iw\/wp-json\/wp\/v2\/media\/4097"}],"wp:attachment":[{"href":"https:\/\/museojudiodecordoba.org\/iw\/wp-json\/wp\/v2\/media?parent=4096"}],"wp:term":[{"taxonomy":"category","embeddable":true,"href":"https:\/\/museojudiodecordoba.org\/iw\/wp-json\/wp\/v2\/categories?post=4096"}],"curies":[{"name":"wp","href":"https:\/\/api.w.org\/{rel}","templated":true}]}}

Acto de protesta por las medidas británicas contra los inmigrantes del barco “Exodus”

<!-- This site is optimized with the Yoast SEO plugin v23.3 - https://yoast.com/wordpress/plugins/seo/ -->
<title>Acto de protesta por las medidas británicas contra los inmigrantes del barco “Exodus” - MUJU</title>
<meta name="robots" content="index, follow, max-snippet:-1, max-image-preview:large, max-video-preview:-1" />
<link rel="canonical" href="https://museojudiodecordoba.org/linea_tiempo/acto-de-protesta-por-las-medidas-britanicas-contra-los-inmigrantes-del-barco-exodus/" />
<meta property="og:locale" content="en_US" />
<meta property="og:type" content="article" />
<meta property="og:title" content="Acto de protesta por las medidas británicas contra los inmigrantes del barco “Exodus” - MUJU" />
<meta property="og:description" content="[...]Read More..." />
<meta property="og:url" content="https://museojudiodecordoba.org/linea_tiempo/acto-de-protesta-por-las-medidas-britanicas-contra-los-inmigrantes-del-barco-exodus/" />
<meta property="og:site_name" content="MUJU" />
<meta property="og:image" content="https://museojudiodecordoba.org/wp-content/uploads/2021/08/1947-1.jpg" />
	<meta property="og:image:width" content="1300" />
	<meta property="og:image:height" content="1086" />
	<meta property="og:image:type" content="image/jpeg" />
<meta name="twitter:card" content="summary_large_image" />
<script type="application/ld+json" class="yoast-schema-graph">{"@context":"https://schema.org","@graph":[{"@type":"WebPage","@id":"https://museojudiodecordoba.org/linea_tiempo/acto-de-protesta-por-las-medidas-britanicas-contra-los-inmigrantes-del-barco-exodus/","url":"https://museojudiodecordoba.org/linea_tiempo/acto-de-protesta-por-las-medidas-britanicas-contra-los-inmigrantes-del-barco-exodus/","name":"Acto de protesta por las medidas británicas contra los inmigrantes del barco “Exodus” - MUJU","isPartOf":{"@id":"https://museojudiodecordoba.org/en/#website"},"primaryImageOfPage":{"@id":"https://museojudiodecordoba.org/linea_tiempo/acto-de-protesta-por-las-medidas-britanicas-contra-los-inmigrantes-del-barco-exodus/#primaryimage"},"image":{"@id":"https://museojudiodecordoba.org/linea_tiempo/acto-de-protesta-por-las-medidas-britanicas-contra-los-inmigrantes-del-barco-exodus/#primaryimage"},"thumbnailUrl":"https://museojudiodecordoba.org/wp-content/uploads/2021/08/1947-1.jpg","datePublished":"2021-08-03T18:04:49+00:00","dateModified":"2021-08-03T18:04:49+00:00","breadcrumb":{"@id":"https://museojudiodecordoba.org/linea_tiempo/acto-de-protesta-por-las-medidas-britanicas-contra-los-inmigrantes-del-barco-exodus/#breadcrumb"},"inLanguage":"iw-IL","potentialAction":[{"@type":"ReadAction","target":["https://museojudiodecordoba.org/linea_tiempo/acto-de-protesta-por-las-medidas-britanicas-contra-los-inmigrantes-del-barco-exodus/"]}]},{"@type":"ImageObject","inLanguage":"iw-IL","@id":"https://museojudiodecordoba.org/linea_tiempo/acto-de-protesta-por-las-medidas-britanicas-contra-los-inmigrantes-del-barco-exodus/#primaryimage","url":"https://museojudiodecordoba.org/wp-content/uploads/2021/08/1947-1.jpg","contentUrl":"https://museojudiodecordoba.org/wp-content/uploads/2021/08/1947-1.jpg","width":1300,"height":1086},{"@type":"BreadcrumbList","@id":"https://museojudiodecordoba.org/linea_tiempo/acto-de-protesta-por-las-medidas-britanicas-contra-los-inmigrantes-del-barco-exodus/#breadcrumb","itemListElement":[{"@type":"ListItem","position":1,"name":"Portada","item":"https://museojudiodecordoba.org/en/"},{"@type":"ListItem","position":2,"name":"Items linea del tiempo","item":"https://museojudiodecordoba.org/en/linea_tiempo/"},{"@type":"ListItem","position":3,"name":"Acto de protesta por las medidas británicas contra los inmigrantes del barco “Exodus”"}]},{"@type":"WebSite","@id":"https://museojudiodecordoba.org/en/#website","url":"https://museojudiodecordoba.org/en/","name":"MUJU","description":"","potentialAction":[{"@type":"SearchAction","target":{"@type":"EntryPoint","urlTemplate":"https://museojudiodecordoba.org/en/?s={search_term_string}"},"query-input":"required name=search_term_string"}],"inLanguage":"iw-IL"}]}</script>
<!-- / Yoast SEO plugin. -->

Acto de protesta por las medidas británicas contra los inmigrantes del barco “Exodus” - MUJU

Mientras en Córdoba se procedía a la aprobación de los planos de la Sinagoga y del edificio Social del Centro Unión Israelìta de Córdoba, los judíos europeos eran afectados por las medidas en su contra. La historia de la embarcación "Exodus" es solo una entre tantas.El barco fue adquirido como chatarra por 8.000 dólares por la Haganá, cuya finalidad era usarlo para transportar judíos europeos que buscaban emigrar a Palestina. Lo rebautizaron "Exodus" en 1947. En julio de 1947, el Exodus zarpó de un puerto cercano a Marsella con destino a Palestina con más de 4.500 pasajeros a bordo, entre ellos 600 niños. Barcos ingleses lo siguieron durante semanas, hasta que se aproximó a las costas palestinas, donde fue abordado. El pasaje opuso resistencia y se produjo el triste espectáculo de marinos ingleses forcejeando con sobrevivientes del Holocausto por el control del navío. Tres judíos resultaron muertos y varios, heridos. La Haganá transmitió en vivo por radio el episodio a la prensa internacional. En el calor del momento, una desafiante Golda Meir declaró:"Al Reino Unido le decimos: es una gran ilusión creernos débiles. Que Gran Bretaña, con su poderosa flota y sus muchas armas y aviones, sepa que este pueblo no es débil, y que su fuerza se mantendrá en pie." La Marina Real británica prevaleció en su voluntad de impedir que la multitud de refugiados, desplazados y sobrevivientes judíos lograra poner pie en el aun por nacer Estado judío.Impasibles a las protestas de la opinión pública, marineros británicos remolcaron el barco al puerto de Haifa, donde reubicaron a los pasajeros en tres buques, que fueron enviados de regreso a Europa. La primera parada de los barcos fue en Toulon, Francia, donde se ordenó a los judíos desembarcar, pero rehusaron obedecer la orden. Las autoridades francesas se negaron a retirar por la fuerza a los desdichados y los británicos optaron por esperar hasta que los pasajeros abandonasen el navío por su propia voluntad. Pero estos respondieron más tercamente aún y declararon una huelga de hambre que duró más de tres semanas. La indignación global puso presión sobre Londres, que decidió enviar a todo el pasaje a Hamburgo, en la zona de Alemania ocupada por los británicos. Una vez allí, fueron asignados a campos de internamiento de Lubeck. Un periódico estadounidense publicó el siguiente titular: “De regreso al Reich”.
