{"id":4099,"date":"2021-08-03T18:04:48","date_gmt":"2021-08-03T18:04:48","guid":{"rendered":"http:\/\/museojudiodecordoba.org\/?post_type=linea_tiempo&#038;p=4099"},"modified":"2021-08-03T18:04:48","modified_gmt":"2021-08-03T18:04:48","slug":"declaracion-universal-de-derechos-humanos-de-la-onu","status":"publish","type":"linea_tiempo","link":"https:\/\/museojudiodecordoba.org\/iw\/linea_tiempo\/declaracion-universal-de-derechos-humanos-de-la-onu\/","title":{"rendered":"Declaraci\u00f3n Universal de Derechos Humanos de la ONU"},"featured_media":4100,"template":"","meta":{"inline_featured_image":false},"categories":[18],"class_list":["post-4099","linea_tiempo","type-linea_tiempo","status-publish","has-post-thumbnail","hentry","category-18"],"yoast_head":"<!-- This site is optimized with the Yoast SEO plugin v23.3 - https:\/\/yoast.com\/wordpress\/plugins\/seo\/ -->\n<title>Declaraci\u00f3n Universal de Derechos Humanos de la ONU - MUJU<\/title>\n<meta name=\"robots\" content=\"index, follow, max-snippet:-1, max-image-preview:large, max-video-preview:-1\" \/>\n<link rel=\"canonical\" href=\"https:\/\/museojudiodecordoba.org\/linea_tiempo\/declaracion-universal-de-derechos-humanos-de-la-onu\/\" \/>\n<meta property=\"og:locale\" content=\"en_US\" \/>\n<meta property=\"og:type\" content=\"article\" \/>\n<meta property=\"og:title\" content=\"Declaraci\u00f3n Universal de Derechos Humanos de la ONU - MUJU\" \/>\n<meta property=\"og:description\" content=\"[...]Read More...\" \/>\n<meta property=\"og:url\" content=\"https:\/\/museojudiodecordoba.org\/linea_tiempo\/declaracion-universal-de-derechos-humanos-de-la-onu\/\" \/>\n<meta property=\"og:site_name\" content=\"MUJU\" \/>\n<meta property=\"og:image\" content=\"https:\/\/museojudiodecordoba.org\/wp-content\/uploads\/2021\/08\/1948-1.jpg\" \/>\n\t<meta property=\"og:image:width\" content=\"564\" \/>\n\t<meta property=\"og:image:height\" content=\"564\" \/>\n\t<meta property=\"og:image:type\" content=\"image\/jpeg\" \/>\n<meta name=\"twitter:card\" content=\"summary_large_image\" \/>\n<script type=\"application\/ld+json\" class=\"yoast-schema-graph\">{\"@context\":\"https:\/\/schema.org\",\"@graph\":[{\"@type\":\"WebPage\",\"@id\":\"https:\/\/museojudiodecordoba.org\/linea_tiempo\/declaracion-universal-de-derechos-humanos-de-la-onu\/\",\"url\":\"https:\/\/museojudiodecordoba.org\/linea_tiempo\/declaracion-universal-de-derechos-humanos-de-la-onu\/\",\"name\":\"Declaraci\u00f3n Universal de Derechos Humanos de la ONU - MUJU\",\"isPartOf\":{\"@id\":\"https:\/\/museojudiodecordoba.org\/en\/#website\"},\"primaryImageOfPage\":{\"@id\":\"https:\/\/museojudiodecordoba.org\/linea_tiempo\/declaracion-universal-de-derechos-humanos-de-la-onu\/#primaryimage\"},\"image\":{\"@id\":\"https:\/\/museojudiodecordoba.org\/linea_tiempo\/declaracion-universal-de-derechos-humanos-de-la-onu\/#primaryimage\"},\"thumbnailUrl\":\"https:\/\/museojudiodecordoba.org\/wp-content\/uploads\/2021\/08\/1948-1.jpg\",\"datePublished\":\"2021-08-03T18:04:48+00:00\",\"dateModified\":\"2021-08-03T18:04:48+00:00\",\"breadcrumb\":{\"@id\":\"https:\/\/museojudiodecordoba.org\/linea_tiempo\/declaracion-universal-de-derechos-humanos-de-la-onu\/#breadcrumb\"},\"inLanguage\":\"iw-IL\",\"potentialAction\":[{\"@type\":\"ReadAction\",\"target\":[\"https:\/\/museojudiodecordoba.org\/linea_tiempo\/declaracion-universal-de-derechos-humanos-de-la-onu\/\"]}]},{\"@type\":\"ImageObject\",\"inLanguage\":\"iw-IL\",\"@id\":\"https:\/\/museojudiodecordoba.org\/linea_tiempo\/declaracion-universal-de-derechos-humanos-de-la-onu\/#primaryimage\",\"url\":\"https:\/\/museojudiodecordoba.org\/wp-content\/uploads\/2021\/08\/1948-1.jpg\",\"contentUrl\":\"https:\/\/museojudiodecordoba.org\/wp-content\/uploads\/2021\/08\/1948-1.jpg\",\"width\":564,\"height\":564},{\"@type\":\"BreadcrumbList\",\"@id\":\"https:\/\/museojudiodecordoba.org\/linea_tiempo\/declaracion-universal-de-derechos-humanos-de-la-onu\/#breadcrumb\",\"itemListElement\":[{\"@type\":\"ListItem\",\"position\":1,\"name\":\"Portada\",\"item\":\"https:\/\/museojudiodecordoba.org\/en\/\"},{\"@type\":\"ListItem\",\"position\":2,\"name\":\"Items linea del tiempo\",\"item\":\"https:\/\/museojudiodecordoba.org\/en\/linea_tiempo\/\"},{\"@type\":\"ListItem\",\"position\":3,\"name\":\"Declaraci\u00f3n Universal de Derechos Humanos de la ONU\"}]},{\"@type\":\"WebSite\",\"@id\":\"https:\/\/museojudiodecordoba.org\/en\/#website\",\"url\":\"https:\/\/museojudiodecordoba.org\/en\/\",\"name\":\"MUJU\",\"description\":\"\",\"potentialAction\":[{\"@type\":\"SearchAction\",\"target\":{\"@type\":\"EntryPoint\",\"urlTemplate\":\"https:\/\/museojudiodecordoba.org\/en\/?s={search_term_string}\"},\"query-input\":\"required name=search_term_string\"}],\"inLanguage\":\"iw-IL\"}]}<\/script>\n<!-- \/ Yoast SEO plugin. -->","yoast_head_json":{"title":"Declaraci\u00f3n Universal de Derechos Humanos de la ONU - MUJU","robots":{"index":"index","follow":"follow","max-snippet":"max-snippet:-1","max-image-preview":"max-image-preview:large","max-video-preview":"max-video-preview:-1"},"canonical":"https:\/\/museojudiodecordoba.org\/linea_tiempo\/declaracion-universal-de-derechos-humanos-de-la-onu\/","og_locale":"en_US","og_type":"article","og_title":"Declaraci\u00f3n Universal de Derechos Humanos de la ONU - MUJU","og_description":"[...]Read More...","og_url":"https:\/\/museojudiodecordoba.org\/linea_tiempo\/declaracion-universal-de-derechos-humanos-de-la-onu\/","og_site_name":"MUJU","og_image":[{"width":564,"height":564,"url":"https:\/\/museojudiodecordoba.org\/wp-content\/uploads\/2021\/08\/1948-1.jpg","type":"image\/jpeg"}],"twitter_card":"summary_large_image","schema":{"@context":"https:\/\/schema.org","@graph":[{"@type":"WebPage","@id":"https:\/\/museojudiodecordoba.org\/linea_tiempo\/declaracion-universal-de-derechos-humanos-de-la-onu\/","url":"https:\/\/museojudiodecordoba.org\/linea_tiempo\/declaracion-universal-de-derechos-humanos-de-la-onu\/","name":"Declaraci\u00f3n Universal de Derechos Humanos de la ONU - MUJU","isPartOf":{"@id":"https:\/\/museojudiodecordoba.org\/en\/#website"},"primaryImageOfPage":{"@id":"https:\/\/museojudiodecordoba.org\/linea_tiempo\/declaracion-universal-de-derechos-humanos-de-la-onu\/#primaryimage"},"image":{"@id":"https:\/\/museojudiodecordoba.org\/linea_tiempo\/declaracion-universal-de-derechos-humanos-de-la-onu\/#primaryimage"},"thumbnailUrl":"https:\/\/museojudiodecordoba.org\/wp-content\/uploads\/2021\/08\/1948-1.jpg","datePublished":"2021-08-03T18:04:48+00:00","dateModified":"2021-08-03T18:04:48+00:00","breadcrumb":{"@id":"https:\/\/museojudiodecordoba.org\/linea_tiempo\/declaracion-universal-de-derechos-humanos-de-la-onu\/#breadcrumb"},"inLanguage":"iw-IL","potentialAction":[{"@type":"ReadAction","target":["https:\/\/museojudiodecordoba.org\/linea_tiempo\/declaracion-universal-de-derechos-humanos-de-la-onu\/"]}]},{"@type":"ImageObject","inLanguage":"iw-IL","@id":"https:\/\/museojudiodecordoba.org\/linea_tiempo\/declaracion-universal-de-derechos-humanos-de-la-onu\/#primaryimage","url":"https:\/\/museojudiodecordoba.org\/wp-content\/uploads\/2021\/08\/1948-1.jpg","contentUrl":"https:\/\/museojudiodecordoba.org\/wp-content\/uploads\/2021\/08\/1948-1.jpg","width":564,"height":564},{"@type":"BreadcrumbList","@id":"https:\/\/museojudiodecordoba.org\/linea_tiempo\/declaracion-universal-de-derechos-humanos-de-la-onu\/#breadcrumb","itemListElement":[{"@type":"ListItem","position":1,"name":"Portada","item":"https:\/\/museojudiodecordoba.org\/en\/"},{"@type":"ListItem","position":2,"name":"Items linea del tiempo","item":"https:\/\/museojudiodecordoba.org\/en\/linea_tiempo\/"},{"@type":"ListItem","position":3,"name":"Declaraci\u00f3n Universal de Derechos Humanos de la ONU"}]},{"@type":"WebSite","@id":"https:\/\/museojudiodecordoba.org\/en\/#website","url":"https:\/\/museojudiodecordoba.org\/en\/","name":"MUJU","description":"","potentialAction":[{"@type":"SearchAction","target":{"@type":"EntryPoint","urlTemplate":"https:\/\/museojudiodecordoba.org\/en\/?s={search_term_string}"},"query-input":"required name=search_term_string"}],"inLanguage":"iw-IL"}]}},"acf":{"year":"1948","end_year":"1948","display_date":"1948","headline":"Declaraci\u00f3n Universal de Derechos Humanos de la ONU","text":"La Declaraci\u00f3n Universal de los Derechos Humanos es un documento que marca un hito en la historia de los derechos humanos. Elaborada por representantes de todas las regiones del mundo con diferentes antecedentes jur\u00eddicos y culturales, la Declaraci\u00f3n fue proclamada por la Asamblea General de las Naciones Unidas en Par\u00eds, el 10 de diciembre de 1948 en su Resoluci\u00f3n 217 A (III), como un ideal com\u00fan para todos los pueblos y naciones. La Declaraci\u00f3n establece, por primera vez, los derechos humanos fundamentales que deben protegerse en el mundo entero.","media":"https:\/\/herzlin.com\/muju\/wp-content\/uploads\/2020\/10\/1948.jpg"},"_links":{"self":[{"href":"https:\/\/museojudiodecordoba.org\/iw\/wp-json\/wp\/v2\/ltiempo\/4099","targetHints":{"allow":["GET"]}}],"collection":[{"href":"https:\/\/museojudiodecordoba.org\/iw\/wp-json\/wp\/v2\/ltiempo"}],"about":[{"href":"https:\/\/museojudiodecordoba.org\/iw\/wp-json\/wp\/v2\/types\/linea_tiempo"}],"wp:featuredmedia":[{"embeddable":true,"href":"https:\/\/museojudiodecordoba.org\/iw\/wp-json\/wp\/v2\/media\/4100"}],"wp:attachment":[{"href":"https:\/\/museojudiodecordoba.org\/iw\/wp-json\/wp\/v2\/media?parent=4099"}],"wp:term":[{"taxonomy":"category","embeddable":true,"href":"https:\/\/museojudiodecordoba.org\/iw\/wp-json\/wp\/v2\/categories?post=4099"}],"curies":[{"name":"wp","href":"https:\/\/api.w.org\/{rel}","templated":true}]}}

Declaración Universal de Derechos Humanos de la ONU

<!-- This site is optimized with the Yoast SEO plugin v23.3 - https://yoast.com/wordpress/plugins/seo/ -->
<title>Declaración Universal de Derechos Humanos de la ONU - MUJU</title>
<meta name="robots" content="index, follow, max-snippet:-1, max-image-preview:large, max-video-preview:-1" />
<link rel="canonical" href="https://museojudiodecordoba.org/linea_tiempo/declaracion-universal-de-derechos-humanos-de-la-onu/" />
<meta property="og:locale" content="en_US" />
<meta property="og:type" content="article" />
<meta property="og:title" content="Declaración Universal de Derechos Humanos de la ONU - MUJU" />
<meta property="og:description" content="[...]Read More..." />
<meta property="og:url" content="https://museojudiodecordoba.org/linea_tiempo/declaracion-universal-de-derechos-humanos-de-la-onu/" />
<meta property="og:site_name" content="MUJU" />
<meta property="og:image" content="https://museojudiodecordoba.org/wp-content/uploads/2021/08/1948-1.jpg" />
	<meta property="og:image:width" content="564" />
	<meta property="og:image:height" content="564" />
	<meta property="og:image:type" content="image/jpeg" />
<meta name="twitter:card" content="summary_large_image" />
<script type="application/ld+json" class="yoast-schema-graph">{"@context":"https://schema.org","@graph":[{"@type":"WebPage","@id":"https://museojudiodecordoba.org/linea_tiempo/declaracion-universal-de-derechos-humanos-de-la-onu/","url":"https://museojudiodecordoba.org/linea_tiempo/declaracion-universal-de-derechos-humanos-de-la-onu/","name":"Declaración Universal de Derechos Humanos de la ONU - MUJU","isPartOf":{"@id":"https://museojudiodecordoba.org/en/#website"},"primaryImageOfPage":{"@id":"https://museojudiodecordoba.org/linea_tiempo/declaracion-universal-de-derechos-humanos-de-la-onu/#primaryimage"},"image":{"@id":"https://museojudiodecordoba.org/linea_tiempo/declaracion-universal-de-derechos-humanos-de-la-onu/#primaryimage"},"thumbnailUrl":"https://museojudiodecordoba.org/wp-content/uploads/2021/08/1948-1.jpg","datePublished":"2021-08-03T18:04:48+00:00","dateModified":"2021-08-03T18:04:48+00:00","breadcrumb":{"@id":"https://museojudiodecordoba.org/linea_tiempo/declaracion-universal-de-derechos-humanos-de-la-onu/#breadcrumb"},"inLanguage":"iw-IL","potentialAction":[{"@type":"ReadAction","target":["https://museojudiodecordoba.org/linea_tiempo/declaracion-universal-de-derechos-humanos-de-la-onu/"]}]},{"@type":"ImageObject","inLanguage":"iw-IL","@id":"https://museojudiodecordoba.org/linea_tiempo/declaracion-universal-de-derechos-humanos-de-la-onu/#primaryimage","url":"https://museojudiodecordoba.org/wp-content/uploads/2021/08/1948-1.jpg","contentUrl":"https://museojudiodecordoba.org/wp-content/uploads/2021/08/1948-1.jpg","width":564,"height":564},{"@type":"BreadcrumbList","@id":"https://museojudiodecordoba.org/linea_tiempo/declaracion-universal-de-derechos-humanos-de-la-onu/#breadcrumb","itemListElement":[{"@type":"ListItem","position":1,"name":"Portada","item":"https://museojudiodecordoba.org/en/"},{"@type":"ListItem","position":2,"name":"Items linea del tiempo","item":"https://museojudiodecordoba.org/en/linea_tiempo/"},{"@type":"ListItem","position":3,"name":"Declaración Universal de Derechos Humanos de la ONU"}]},{"@type":"WebSite","@id":"https://museojudiodecordoba.org/en/#website","url":"https://museojudiodecordoba.org/en/","name":"MUJU","description":"","potentialAction":[{"@type":"SearchAction","target":{"@type":"EntryPoint","urlTemplate":"https://museojudiodecordoba.org/en/?s={search_term_string}"},"query-input":"required name=search_term_string"}],"inLanguage":"iw-IL"}]}</script>
<!-- / Yoast SEO plugin. -->

Declaración Universal de Derechos Humanos de la ONU - MUJU

La Declaración Universal de los Derechos Humanos es un documento que marca un hito en la historia de los derechos humanos. Elaborada por representantes de todas las regiones del mundo con diferentes antecedentes jurídicos y culturales, la Declaración fue proclamada por la Asamblea General de las Naciones Unidas en París, el 10 de diciembre de 1948 en su Resolución 217 A (III), como un ideal común para todos los pueblos y naciones. La Declaración establece, por primera vez, los derechos humanos fundamentales que deben protegerse en el mundo entero.
