{"id":4121,"date":"2021-08-03T18:01:57","date_gmt":"2021-08-03T18:01:57","guid":{"rendered":"http:\/\/museojudiodecordoba.org\/?post_type=linea_tiempo&#038;p=4121"},"modified":"2021-08-03T18:01:57","modified_gmt":"2021-08-03T18:01:57","slug":"hebraica-tiene-su-sede-en-cordoba","status":"publish","type":"linea_tiempo","link":"https:\/\/museojudiodecordoba.org\/iw\/linea_tiempo\/hebraica-tiene-su-sede-en-cordoba\/","title":{"rendered":"Hebraica tiene su sede en C\u00f3rdoba"},"featured_media":4122,"template":"","meta":{"inline_featured_image":false},"categories":[203],"class_list":["post-4121","linea_tiempo","type-linea_tiempo","status-publish","has-post-thumbnail","hentry","category-203"],"yoast_head":"<!-- This site is optimized with the Yoast SEO plugin v23.3 - https:\/\/yoast.com\/wordpress\/plugins\/seo\/ -->\n<title>Hebraica tiene su sede en C\u00f3rdoba - MUJU<\/title>\n<meta name=\"robots\" content=\"index, follow, max-snippet:-1, max-image-preview:large, max-video-preview:-1\" \/>\n<link rel=\"canonical\" href=\"https:\/\/museojudiodecordoba.org\/linea_tiempo\/hebraica-tiene-su-sede-en-cordoba\/\" \/>\n<meta property=\"og:locale\" content=\"en_US\" \/>\n<meta property=\"og:type\" content=\"article\" \/>\n<meta property=\"og:title\" content=\"Hebraica tiene su sede en C\u00f3rdoba - MUJU\" \/>\n<meta property=\"og:description\" content=\"[...]Read More...\" \/>\n<meta property=\"og:url\" content=\"https:\/\/museojudiodecordoba.org\/linea_tiempo\/hebraica-tiene-su-sede-en-cordoba\/\" \/>\n<meta property=\"og:site_name\" content=\"MUJU\" \/>\n<meta property=\"og:image\" content=\"https:\/\/museojudiodecordoba.org\/wp-content\/uploads\/2021\/08\/1952-1.jpg\" \/>\n\t<meta property=\"og:image:width\" content=\"2560\" \/>\n\t<meta property=\"og:image:height\" content=\"1536\" \/>\n\t<meta property=\"og:image:type\" content=\"image\/jpeg\" \/>\n<meta name=\"twitter:card\" content=\"summary_large_image\" \/>\n<script type=\"application\/ld+json\" class=\"yoast-schema-graph\">{\"@context\":\"https:\/\/schema.org\",\"@graph\":[{\"@type\":\"WebPage\",\"@id\":\"https:\/\/museojudiodecordoba.org\/linea_tiempo\/hebraica-tiene-su-sede-en-cordoba\/\",\"url\":\"https:\/\/museojudiodecordoba.org\/linea_tiempo\/hebraica-tiene-su-sede-en-cordoba\/\",\"name\":\"Hebraica tiene su sede en C\u00f3rdoba - MUJU\",\"isPartOf\":{\"@id\":\"https:\/\/museojudiodecordoba.org\/en\/#website\"},\"primaryImageOfPage\":{\"@id\":\"https:\/\/museojudiodecordoba.org\/linea_tiempo\/hebraica-tiene-su-sede-en-cordoba\/#primaryimage\"},\"image\":{\"@id\":\"https:\/\/museojudiodecordoba.org\/linea_tiempo\/hebraica-tiene-su-sede-en-cordoba\/#primaryimage\"},\"thumbnailUrl\":\"https:\/\/museojudiodecordoba.org\/wp-content\/uploads\/2021\/08\/1952-1.jpg\",\"datePublished\":\"2021-08-03T18:01:57+00:00\",\"dateModified\":\"2021-08-03T18:01:57+00:00\",\"breadcrumb\":{\"@id\":\"https:\/\/museojudiodecordoba.org\/linea_tiempo\/hebraica-tiene-su-sede-en-cordoba\/#breadcrumb\"},\"inLanguage\":\"iw-IL\",\"potentialAction\":[{\"@type\":\"ReadAction\",\"target\":[\"https:\/\/museojudiodecordoba.org\/linea_tiempo\/hebraica-tiene-su-sede-en-cordoba\/\"]}]},{\"@type\":\"ImageObject\",\"inLanguage\":\"iw-IL\",\"@id\":\"https:\/\/museojudiodecordoba.org\/linea_tiempo\/hebraica-tiene-su-sede-en-cordoba\/#primaryimage\",\"url\":\"https:\/\/museojudiodecordoba.org\/wp-content\/uploads\/2021\/08\/1952-1.jpg\",\"contentUrl\":\"https:\/\/museojudiodecordoba.org\/wp-content\/uploads\/2021\/08\/1952-1.jpg\",\"width\":2560,\"height\":1536},{\"@type\":\"BreadcrumbList\",\"@id\":\"https:\/\/museojudiodecordoba.org\/linea_tiempo\/hebraica-tiene-su-sede-en-cordoba\/#breadcrumb\",\"itemListElement\":[{\"@type\":\"ListItem\",\"position\":1,\"name\":\"Portada\",\"item\":\"https:\/\/museojudiodecordoba.org\/en\/\"},{\"@type\":\"ListItem\",\"position\":2,\"name\":\"Items linea del tiempo\",\"item\":\"https:\/\/museojudiodecordoba.org\/en\/linea_tiempo\/\"},{\"@type\":\"ListItem\",\"position\":3,\"name\":\"Hebraica tiene su sede en C\u00f3rdoba\"}]},{\"@type\":\"WebSite\",\"@id\":\"https:\/\/museojudiodecordoba.org\/en\/#website\",\"url\":\"https:\/\/museojudiodecordoba.org\/en\/\",\"name\":\"MUJU\",\"description\":\"\",\"potentialAction\":[{\"@type\":\"SearchAction\",\"target\":{\"@type\":\"EntryPoint\",\"urlTemplate\":\"https:\/\/museojudiodecordoba.org\/en\/?s={search_term_string}\"},\"query-input\":\"required name=search_term_string\"}],\"inLanguage\":\"iw-IL\"}]}<\/script>\n<!-- \/ Yoast SEO plugin. -->","yoast_head_json":{"title":"Hebraica tiene su sede en C\u00f3rdoba - MUJU","robots":{"index":"index","follow":"follow","max-snippet":"max-snippet:-1","max-image-preview":"max-image-preview:large","max-video-preview":"max-video-preview:-1"},"canonical":"https:\/\/museojudiodecordoba.org\/linea_tiempo\/hebraica-tiene-su-sede-en-cordoba\/","og_locale":"en_US","og_type":"article","og_title":"Hebraica tiene su sede en C\u00f3rdoba - MUJU","og_description":"[...]Read More...","og_url":"https:\/\/museojudiodecordoba.org\/linea_tiempo\/hebraica-tiene-su-sede-en-cordoba\/","og_site_name":"MUJU","og_image":[{"width":2560,"height":1536,"url":"https:\/\/museojudiodecordoba.org\/wp-content\/uploads\/2021\/08\/1952-1.jpg","type":"image\/jpeg"}],"twitter_card":"summary_large_image","schema":{"@context":"https:\/\/schema.org","@graph":[{"@type":"WebPage","@id":"https:\/\/museojudiodecordoba.org\/linea_tiempo\/hebraica-tiene-su-sede-en-cordoba\/","url":"https:\/\/museojudiodecordoba.org\/linea_tiempo\/hebraica-tiene-su-sede-en-cordoba\/","name":"Hebraica tiene su sede en C\u00f3rdoba - MUJU","isPartOf":{"@id":"https:\/\/museojudiodecordoba.org\/en\/#website"},"primaryImageOfPage":{"@id":"https:\/\/museojudiodecordoba.org\/linea_tiempo\/hebraica-tiene-su-sede-en-cordoba\/#primaryimage"},"image":{"@id":"https:\/\/museojudiodecordoba.org\/linea_tiempo\/hebraica-tiene-su-sede-en-cordoba\/#primaryimage"},"thumbnailUrl":"https:\/\/museojudiodecordoba.org\/wp-content\/uploads\/2021\/08\/1952-1.jpg","datePublished":"2021-08-03T18:01:57+00:00","dateModified":"2021-08-03T18:01:57+00:00","breadcrumb":{"@id":"https:\/\/museojudiodecordoba.org\/linea_tiempo\/hebraica-tiene-su-sede-en-cordoba\/#breadcrumb"},"inLanguage":"iw-IL","potentialAction":[{"@type":"ReadAction","target":["https:\/\/museojudiodecordoba.org\/linea_tiempo\/hebraica-tiene-su-sede-en-cordoba\/"]}]},{"@type":"ImageObject","inLanguage":"iw-IL","@id":"https:\/\/museojudiodecordoba.org\/linea_tiempo\/hebraica-tiene-su-sede-en-cordoba\/#primaryimage","url":"https:\/\/museojudiodecordoba.org\/wp-content\/uploads\/2021\/08\/1952-1.jpg","contentUrl":"https:\/\/museojudiodecordoba.org\/wp-content\/uploads\/2021\/08\/1952-1.jpg","width":2560,"height":1536},{"@type":"BreadcrumbList","@id":"https:\/\/museojudiodecordoba.org\/linea_tiempo\/hebraica-tiene-su-sede-en-cordoba\/#breadcrumb","itemListElement":[{"@type":"ListItem","position":1,"name":"Portada","item":"https:\/\/museojudiodecordoba.org\/en\/"},{"@type":"ListItem","position":2,"name":"Items linea del tiempo","item":"https:\/\/museojudiodecordoba.org\/en\/linea_tiempo\/"},{"@type":"ListItem","position":3,"name":"Hebraica tiene su sede en C\u00f3rdoba"}]},{"@type":"WebSite","@id":"https:\/\/museojudiodecordoba.org\/en\/#website","url":"https:\/\/museojudiodecordoba.org\/en\/","name":"MUJU","description":"","potentialAction":[{"@type":"SearchAction","target":{"@type":"EntryPoint","urlTemplate":"https:\/\/museojudiodecordoba.org\/en\/?s={search_term_string}"},"query-input":"required name=search_term_string"}],"inLanguage":"iw-IL"}]}},"acf":{"year":"1952","end_year":"1952","display_date":"1952","headline":"Hebraica tiene su sede en C\u00f3rdoba","text":"Los j\u00f3venes de UJIC de C\u00f3rdoba consideraban que era necesaria una instituci\u00f3n progresistas y democr\u00e1tica, por eso quer\u00edan que se identificara por las actividades, ya que planeaban desarrollar acciones culturales, sociales y tambi\u00e9n deportivas. Al poco tiempo llegaron a contar con mil socios, y dos a\u00f1os despu\u00e9s decidieron unirse con la Biblioteca Juventud Israelita. De esa fusi\u00f3n surgi\u00f3 ACIC, Asociaci\u00f3n Cultural Israelita de C\u00f3rdoba, cuya sede funcionaba en la calle Rivadavia 345.Los debates internos, las diferentes miradas sobre cuestiones ideol\u00f3gicas, pol\u00edticas y sionistas se pusieron en evidencia y, durante una Asamblea, la postura izquierdista y laica por un lado y la necesidad de postular definiciones a favor del sionismo por otro, pusieron en tensi\u00f3n a los miembros. Tras un intenso debate ideol\u00f3gico, las dos corrientes que hab\u00edan dado origen a ACIC decidieron escindirse: la originaria UJIC decidi\u00f3 fundar una nueva instituci\u00f3n, la Sociedad Hebraica de C\u00f3rdoba.Ese mismo a\u00f1o se oficializa la Escuela Israelita Gral. San Mart\u00edn y la ciudad recibe la visita del Ministro de Educaci\u00f3n de Israel.","media":"http:\/\/museojudiodecordoba.org\/wp-content\/uploads\/2020\/12\/1952.jpg"},"_links":{"self":[{"href":"https:\/\/museojudiodecordoba.org\/iw\/wp-json\/wp\/v2\/ltiempo\/4121","targetHints":{"allow":["GET"]}}],"collection":[{"href":"https:\/\/museojudiodecordoba.org\/iw\/wp-json\/wp\/v2\/ltiempo"}],"about":[{"href":"https:\/\/museojudiodecordoba.org\/iw\/wp-json\/wp\/v2\/types\/linea_tiempo"}],"wp:featuredmedia":[{"embeddable":true,"href":"https:\/\/museojudiodecordoba.org\/iw\/wp-json\/wp\/v2\/media\/4122"}],"wp:attachment":[{"href":"https:\/\/museojudiodecordoba.org\/iw\/wp-json\/wp\/v2\/media?parent=4121"}],"wp:term":[{"taxonomy":"category","embeddable":true,"href":"https:\/\/museojudiodecordoba.org\/iw\/wp-json\/wp\/v2\/categories?post=4121"}],"curies":[{"name":"wp","href":"https:\/\/api.w.org\/{rel}","templated":true}]}}

Hebraica tiene su sede en Córdoba

<!-- This site is optimized with the Yoast SEO plugin v23.3 - https://yoast.com/wordpress/plugins/seo/ -->
<title>Hebraica tiene su sede en Córdoba - MUJU</title>
<meta name="robots" content="index, follow, max-snippet:-1, max-image-preview:large, max-video-preview:-1" />
<link rel="canonical" href="https://museojudiodecordoba.org/linea_tiempo/hebraica-tiene-su-sede-en-cordoba/" />
<meta property="og:locale" content="en_US" />
<meta property="og:type" content="article" />
<meta property="og:title" content="Hebraica tiene su sede en Córdoba - MUJU" />
<meta property="og:description" content="[...]Read More..." />
<meta property="og:url" content="https://museojudiodecordoba.org/linea_tiempo/hebraica-tiene-su-sede-en-cordoba/" />
<meta property="og:site_name" content="MUJU" />
<meta property="og:image" content="https://museojudiodecordoba.org/wp-content/uploads/2021/08/1952-1.jpg" />
	<meta property="og:image:width" content="2560" />
	<meta property="og:image:height" content="1536" />
	<meta property="og:image:type" content="image/jpeg" />
<meta name="twitter:card" content="summary_large_image" />
<script type="application/ld+json" class="yoast-schema-graph">{"@context":"https://schema.org","@graph":[{"@type":"WebPage","@id":"https://museojudiodecordoba.org/linea_tiempo/hebraica-tiene-su-sede-en-cordoba/","url":"https://museojudiodecordoba.org/linea_tiempo/hebraica-tiene-su-sede-en-cordoba/","name":"Hebraica tiene su sede en Córdoba - MUJU","isPartOf":{"@id":"https://museojudiodecordoba.org/en/#website"},"primaryImageOfPage":{"@id":"https://museojudiodecordoba.org/linea_tiempo/hebraica-tiene-su-sede-en-cordoba/#primaryimage"},"image":{"@id":"https://museojudiodecordoba.org/linea_tiempo/hebraica-tiene-su-sede-en-cordoba/#primaryimage"},"thumbnailUrl":"https://museojudiodecordoba.org/wp-content/uploads/2021/08/1952-1.jpg","datePublished":"2021-08-03T18:01:57+00:00","dateModified":"2021-08-03T18:01:57+00:00","breadcrumb":{"@id":"https://museojudiodecordoba.org/linea_tiempo/hebraica-tiene-su-sede-en-cordoba/#breadcrumb"},"inLanguage":"iw-IL","potentialAction":[{"@type":"ReadAction","target":["https://museojudiodecordoba.org/linea_tiempo/hebraica-tiene-su-sede-en-cordoba/"]}]},{"@type":"ImageObject","inLanguage":"iw-IL","@id":"https://museojudiodecordoba.org/linea_tiempo/hebraica-tiene-su-sede-en-cordoba/#primaryimage","url":"https://museojudiodecordoba.org/wp-content/uploads/2021/08/1952-1.jpg","contentUrl":"https://museojudiodecordoba.org/wp-content/uploads/2021/08/1952-1.jpg","width":2560,"height":1536},{"@type":"BreadcrumbList","@id":"https://museojudiodecordoba.org/linea_tiempo/hebraica-tiene-su-sede-en-cordoba/#breadcrumb","itemListElement":[{"@type":"ListItem","position":1,"name":"Portada","item":"https://museojudiodecordoba.org/en/"},{"@type":"ListItem","position":2,"name":"Items linea del tiempo","item":"https://museojudiodecordoba.org/en/linea_tiempo/"},{"@type":"ListItem","position":3,"name":"Hebraica tiene su sede en Córdoba"}]},{"@type":"WebSite","@id":"https://museojudiodecordoba.org/en/#website","url":"https://museojudiodecordoba.org/en/","name":"MUJU","description":"","potentialAction":[{"@type":"SearchAction","target":{"@type":"EntryPoint","urlTemplate":"https://museojudiodecordoba.org/en/?s={search_term_string}"},"query-input":"required name=search_term_string"}],"inLanguage":"iw-IL"}]}</script>
<!-- / Yoast SEO plugin. -->

Hebraica tiene su sede en Córdoba - MUJU

Los jóvenes de UJIC de Córdoba consideraban que era necesaria una institución progresistas y democrática, por eso querían que se identificara por las actividades, ya que planeaban desarrollar acciones culturales, sociales y también deportivas. Al poco tiempo llegaron a contar con mil socios, y dos años después decidieron unirse con la Biblioteca Juventud Israelita. De esa fusión surgió ACIC, Asociación Cultural Israelita de Córdoba, cuya sede funcionaba en la calle Rivadavia 345.Los debates internos, las diferentes miradas sobre cuestiones ideológicas, políticas y sionistas se pusieron en evidencia y, durante una Asamblea, la postura izquierdista y laica por un lado y la necesidad de postular definiciones a favor del sionismo por otro, pusieron en tensión a los miembros. Tras un intenso debate ideológico, las dos corrientes que habían dado origen a ACIC decidieron escindirse: la originaria UJIC decidió fundar una nueva institución, la Sociedad Hebraica de Córdoba.Ese mismo año se oficializa la Escuela Israelita Gral. San Martín y la ciudad recibe la visita del Ministro de Educación de Israel.
