{"id":4123,"date":"2021-08-03T18:01:50","date_gmt":"2021-08-03T18:01:50","guid":{"rendered":"http:\/\/museojudiodecordoba.org\/?post_type=linea_tiempo&#038;p=4123"},"modified":"2021-08-03T18:01:50","modified_gmt":"2021-08-03T18:01:50","slug":"vaad-hakeilot-federacion-de-comunidades-israelita-argentinas","status":"publish","type":"linea_tiempo","link":"https:\/\/museojudiodecordoba.org\/iw\/linea_tiempo\/vaad-hakeilot-federacion-de-comunidades-israelita-argentinas\/","title":{"rendered":"Vaad Hakeilot (Federaci\u00f3n de Comunidades Israelita Argentinas)"},"featured_media":4124,"template":"","meta":{"inline_featured_image":false},"categories":[203],"class_list":["post-4123","linea_tiempo","type-linea_tiempo","status-publish","has-post-thumbnail","hentry","category-203"],"yoast_head":"<!-- This site is optimized with the Yoast SEO plugin v23.3 - https:\/\/yoast.com\/wordpress\/plugins\/seo\/ -->\n<title>Vaad Hakeilot (Federaci\u00f3n de Comunidades Israelita Argentinas) - MUJU<\/title>\n<meta name=\"robots\" content=\"index, follow, max-snippet:-1, max-image-preview:large, max-video-preview:-1\" \/>\n<link rel=\"canonical\" href=\"https:\/\/museojudiodecordoba.org\/linea_tiempo\/vaad-hakeilot-federacion-de-comunidades-israelita-argentinas\/\" \/>\n<meta property=\"og:locale\" content=\"en_US\" \/>\n<meta property=\"og:type\" content=\"article\" \/>\n<meta property=\"og:title\" content=\"Vaad Hakeilot (Federaci\u00f3n de Comunidades Israelita Argentinas) - MUJU\" \/>\n<meta property=\"og:description\" content=\"[...]Read More...\" \/>\n<meta property=\"og:url\" content=\"https:\/\/museojudiodecordoba.org\/linea_tiempo\/vaad-hakeilot-federacion-de-comunidades-israelita-argentinas\/\" \/>\n<meta property=\"og:site_name\" content=\"MUJU\" \/>\n<meta property=\"og:image\" content=\"https:\/\/museojudiodecordoba.org\/wp-content\/uploads\/2021\/08\/1952A-1.png\" \/>\n\t<meta property=\"og:image:width\" content=\"518\" \/>\n\t<meta property=\"og:image:height\" content=\"299\" \/>\n\t<meta property=\"og:image:type\" content=\"image\/png\" \/>\n<meta name=\"twitter:card\" content=\"summary_large_image\" \/>\n<script type=\"application\/ld+json\" class=\"yoast-schema-graph\">{\"@context\":\"https:\/\/schema.org\",\"@graph\":[{\"@type\":\"WebPage\",\"@id\":\"https:\/\/museojudiodecordoba.org\/linea_tiempo\/vaad-hakeilot-federacion-de-comunidades-israelita-argentinas\/\",\"url\":\"https:\/\/museojudiodecordoba.org\/linea_tiempo\/vaad-hakeilot-federacion-de-comunidades-israelita-argentinas\/\",\"name\":\"Vaad Hakeilot (Federaci\u00f3n de Comunidades Israelita Argentinas) - MUJU\",\"isPartOf\":{\"@id\":\"https:\/\/museojudiodecordoba.org\/en\/#website\"},\"primaryImageOfPage\":{\"@id\":\"https:\/\/museojudiodecordoba.org\/linea_tiempo\/vaad-hakeilot-federacion-de-comunidades-israelita-argentinas\/#primaryimage\"},\"image\":{\"@id\":\"https:\/\/museojudiodecordoba.org\/linea_tiempo\/vaad-hakeilot-federacion-de-comunidades-israelita-argentinas\/#primaryimage\"},\"thumbnailUrl\":\"https:\/\/museojudiodecordoba.org\/wp-content\/uploads\/2021\/08\/1952A-1.png\",\"datePublished\":\"2021-08-03T18:01:50+00:00\",\"dateModified\":\"2021-08-03T18:01:50+00:00\",\"breadcrumb\":{\"@id\":\"https:\/\/museojudiodecordoba.org\/linea_tiempo\/vaad-hakeilot-federacion-de-comunidades-israelita-argentinas\/#breadcrumb\"},\"inLanguage\":\"iw-IL\",\"potentialAction\":[{\"@type\":\"ReadAction\",\"target\":[\"https:\/\/museojudiodecordoba.org\/linea_tiempo\/vaad-hakeilot-federacion-de-comunidades-israelita-argentinas\/\"]}]},{\"@type\":\"ImageObject\",\"inLanguage\":\"iw-IL\",\"@id\":\"https:\/\/museojudiodecordoba.org\/linea_tiempo\/vaad-hakeilot-federacion-de-comunidades-israelita-argentinas\/#primaryimage\",\"url\":\"https:\/\/museojudiodecordoba.org\/wp-content\/uploads\/2021\/08\/1952A-1.png\",\"contentUrl\":\"https:\/\/museojudiodecordoba.org\/wp-content\/uploads\/2021\/08\/1952A-1.png\",\"width\":518,\"height\":299},{\"@type\":\"BreadcrumbList\",\"@id\":\"https:\/\/museojudiodecordoba.org\/linea_tiempo\/vaad-hakeilot-federacion-de-comunidades-israelita-argentinas\/#breadcrumb\",\"itemListElement\":[{\"@type\":\"ListItem\",\"position\":1,\"name\":\"Portada\",\"item\":\"https:\/\/museojudiodecordoba.org\/en\/\"},{\"@type\":\"ListItem\",\"position\":2,\"name\":\"Items linea del tiempo\",\"item\":\"https:\/\/museojudiodecordoba.org\/en\/linea_tiempo\/\"},{\"@type\":\"ListItem\",\"position\":3,\"name\":\"Vaad Hakeilot (Federaci\u00f3n de Comunidades Israelita Argentinas)\"}]},{\"@type\":\"WebSite\",\"@id\":\"https:\/\/museojudiodecordoba.org\/en\/#website\",\"url\":\"https:\/\/museojudiodecordoba.org\/en\/\",\"name\":\"MUJU\",\"description\":\"\",\"potentialAction\":[{\"@type\":\"SearchAction\",\"target\":{\"@type\":\"EntryPoint\",\"urlTemplate\":\"https:\/\/museojudiodecordoba.org\/en\/?s={search_term_string}\"},\"query-input\":\"required name=search_term_string\"}],\"inLanguage\":\"iw-IL\"}]}<\/script>\n<!-- \/ Yoast SEO plugin. -->","yoast_head_json":{"title":"Vaad Hakeilot (Federaci\u00f3n de Comunidades Israelita Argentinas) - MUJU","robots":{"index":"index","follow":"follow","max-snippet":"max-snippet:-1","max-image-preview":"max-image-preview:large","max-video-preview":"max-video-preview:-1"},"canonical":"https:\/\/museojudiodecordoba.org\/linea_tiempo\/vaad-hakeilot-federacion-de-comunidades-israelita-argentinas\/","og_locale":"en_US","og_type":"article","og_title":"Vaad Hakeilot (Federaci\u00f3n de Comunidades Israelita Argentinas) - MUJU","og_description":"[...]Read More...","og_url":"https:\/\/museojudiodecordoba.org\/linea_tiempo\/vaad-hakeilot-federacion-de-comunidades-israelita-argentinas\/","og_site_name":"MUJU","og_image":[{"width":518,"height":299,"url":"https:\/\/museojudiodecordoba.org\/wp-content\/uploads\/2021\/08\/1952A-1.png","type":"image\/png"}],"twitter_card":"summary_large_image","schema":{"@context":"https:\/\/schema.org","@graph":[{"@type":"WebPage","@id":"https:\/\/museojudiodecordoba.org\/linea_tiempo\/vaad-hakeilot-federacion-de-comunidades-israelita-argentinas\/","url":"https:\/\/museojudiodecordoba.org\/linea_tiempo\/vaad-hakeilot-federacion-de-comunidades-israelita-argentinas\/","name":"Vaad Hakeilot (Federaci\u00f3n de Comunidades Israelita Argentinas) - MUJU","isPartOf":{"@id":"https:\/\/museojudiodecordoba.org\/en\/#website"},"primaryImageOfPage":{"@id":"https:\/\/museojudiodecordoba.org\/linea_tiempo\/vaad-hakeilot-federacion-de-comunidades-israelita-argentinas\/#primaryimage"},"image":{"@id":"https:\/\/museojudiodecordoba.org\/linea_tiempo\/vaad-hakeilot-federacion-de-comunidades-israelita-argentinas\/#primaryimage"},"thumbnailUrl":"https:\/\/museojudiodecordoba.org\/wp-content\/uploads\/2021\/08\/1952A-1.png","datePublished":"2021-08-03T18:01:50+00:00","dateModified":"2021-08-03T18:01:50+00:00","breadcrumb":{"@id":"https:\/\/museojudiodecordoba.org\/linea_tiempo\/vaad-hakeilot-federacion-de-comunidades-israelita-argentinas\/#breadcrumb"},"inLanguage":"iw-IL","potentialAction":[{"@type":"ReadAction","target":["https:\/\/museojudiodecordoba.org\/linea_tiempo\/vaad-hakeilot-federacion-de-comunidades-israelita-argentinas\/"]}]},{"@type":"ImageObject","inLanguage":"iw-IL","@id":"https:\/\/museojudiodecordoba.org\/linea_tiempo\/vaad-hakeilot-federacion-de-comunidades-israelita-argentinas\/#primaryimage","url":"https:\/\/museojudiodecordoba.org\/wp-content\/uploads\/2021\/08\/1952A-1.png","contentUrl":"https:\/\/museojudiodecordoba.org\/wp-content\/uploads\/2021\/08\/1952A-1.png","width":518,"height":299},{"@type":"BreadcrumbList","@id":"https:\/\/museojudiodecordoba.org\/linea_tiempo\/vaad-hakeilot-federacion-de-comunidades-israelita-argentinas\/#breadcrumb","itemListElement":[{"@type":"ListItem","position":1,"name":"Portada","item":"https:\/\/museojudiodecordoba.org\/en\/"},{"@type":"ListItem","position":2,"name":"Items linea del tiempo","item":"https:\/\/museojudiodecordoba.org\/en\/linea_tiempo\/"},{"@type":"ListItem","position":3,"name":"Vaad Hakeilot (Federaci\u00f3n de Comunidades Israelita Argentinas)"}]},{"@type":"WebSite","@id":"https:\/\/museojudiodecordoba.org\/en\/#website","url":"https:\/\/museojudiodecordoba.org\/en\/","name":"MUJU","description":"","potentialAction":[{"@type":"SearchAction","target":{"@type":"EntryPoint","urlTemplate":"https:\/\/museojudiodecordoba.org\/en\/?s={search_term_string}"},"query-input":"required name=search_term_string"}],"inLanguage":"iw-IL"}]}},"acf":{"year":"1952","end_year":"1952","display_date":"1952","headline":"Vaad Hakeilot (Federaci\u00f3n de Comunidades Israelita Argentinas)","text":"El Vaad Hakehilot es un marco de pertenencia de las comunidades organizadas del interior del pa\u00eds y as\u00ed\u00ad mismo un Departamento de AMIA cuya misi\u00f3n es centralizar y coordinar las acciones que desarrolla en pos del mantenimiento de la vida jud\u00eda organizada con esas comunidades.Los campos de acci\u00f3n del Vaad Hakehilot son: 1) la Educaci\u00f3n y el contenido Jud\u00edo: aportando recursos y apoyando la formaci\u00f3n y la capacitaci\u00f3n y 2) la asistencia en gesti\u00f3n a dirigentes y profesionales comunitarios: mediante el asesoramiento, articulando las relaciones con otras instancias y otorgando subsidios a las Kehilot miembros.","media":"http:\/\/museojudiodecordoba.org\/wp-content\/uploads\/2020\/12\/1952A.png"},"_links":{"self":[{"href":"https:\/\/museojudiodecordoba.org\/iw\/wp-json\/wp\/v2\/ltiempo\/4123","targetHints":{"allow":["GET"]}}],"collection":[{"href":"https:\/\/museojudiodecordoba.org\/iw\/wp-json\/wp\/v2\/ltiempo"}],"about":[{"href":"https:\/\/museojudiodecordoba.org\/iw\/wp-json\/wp\/v2\/types\/linea_tiempo"}],"wp:featuredmedia":[{"embeddable":true,"href":"https:\/\/museojudiodecordoba.org\/iw\/wp-json\/wp\/v2\/media\/4124"}],"wp:attachment":[{"href":"https:\/\/museojudiodecordoba.org\/iw\/wp-json\/wp\/v2\/media?parent=4123"}],"wp:term":[{"taxonomy":"category","embeddable":true,"href":"https:\/\/museojudiodecordoba.org\/iw\/wp-json\/wp\/v2\/categories?post=4123"}],"curies":[{"name":"wp","href":"https:\/\/api.w.org\/{rel}","templated":true}]}}

Vaad Hakeilot (Federación de Comunidades Israelita Argentinas)

<!-- This site is optimized with the Yoast SEO plugin v23.3 - https://yoast.com/wordpress/plugins/seo/ -->
<title>Vaad Hakeilot (Federación de Comunidades Israelita Argentinas) - MUJU</title>
<meta name="robots" content="index, follow, max-snippet:-1, max-image-preview:large, max-video-preview:-1" />
<link rel="canonical" href="https://museojudiodecordoba.org/linea_tiempo/vaad-hakeilot-federacion-de-comunidades-israelita-argentinas/" />
<meta property="og:locale" content="en_US" />
<meta property="og:type" content="article" />
<meta property="og:title" content="Vaad Hakeilot (Federación de Comunidades Israelita Argentinas) - MUJU" />
<meta property="og:description" content="[...]Read More..." />
<meta property="og:url" content="https://museojudiodecordoba.org/linea_tiempo/vaad-hakeilot-federacion-de-comunidades-israelita-argentinas/" />
<meta property="og:site_name" content="MUJU" />
<meta property="og:image" content="https://museojudiodecordoba.org/wp-content/uploads/2021/08/1952A-1.png" />
	<meta property="og:image:width" content="518" />
	<meta property="og:image:height" content="299" />
	<meta property="og:image:type" content="image/png" />
<meta name="twitter:card" content="summary_large_image" />
<script type="application/ld+json" class="yoast-schema-graph">{"@context":"https://schema.org","@graph":[{"@type":"WebPage","@id":"https://museojudiodecordoba.org/linea_tiempo/vaad-hakeilot-federacion-de-comunidades-israelita-argentinas/","url":"https://museojudiodecordoba.org/linea_tiempo/vaad-hakeilot-federacion-de-comunidades-israelita-argentinas/","name":"Vaad Hakeilot (Federación de Comunidades Israelita Argentinas) - MUJU","isPartOf":{"@id":"https://museojudiodecordoba.org/en/#website"},"primaryImageOfPage":{"@id":"https://museojudiodecordoba.org/linea_tiempo/vaad-hakeilot-federacion-de-comunidades-israelita-argentinas/#primaryimage"},"image":{"@id":"https://museojudiodecordoba.org/linea_tiempo/vaad-hakeilot-federacion-de-comunidades-israelita-argentinas/#primaryimage"},"thumbnailUrl":"https://museojudiodecordoba.org/wp-content/uploads/2021/08/1952A-1.png","datePublished":"2021-08-03T18:01:50+00:00","dateModified":"2021-08-03T18:01:50+00:00","breadcrumb":{"@id":"https://museojudiodecordoba.org/linea_tiempo/vaad-hakeilot-federacion-de-comunidades-israelita-argentinas/#breadcrumb"},"inLanguage":"iw-IL","potentialAction":[{"@type":"ReadAction","target":["https://museojudiodecordoba.org/linea_tiempo/vaad-hakeilot-federacion-de-comunidades-israelita-argentinas/"]}]},{"@type":"ImageObject","inLanguage":"iw-IL","@id":"https://museojudiodecordoba.org/linea_tiempo/vaad-hakeilot-federacion-de-comunidades-israelita-argentinas/#primaryimage","url":"https://museojudiodecordoba.org/wp-content/uploads/2021/08/1952A-1.png","contentUrl":"https://museojudiodecordoba.org/wp-content/uploads/2021/08/1952A-1.png","width":518,"height":299},{"@type":"BreadcrumbList","@id":"https://museojudiodecordoba.org/linea_tiempo/vaad-hakeilot-federacion-de-comunidades-israelita-argentinas/#breadcrumb","itemListElement":[{"@type":"ListItem","position":1,"name":"Portada","item":"https://museojudiodecordoba.org/en/"},{"@type":"ListItem","position":2,"name":"Items linea del tiempo","item":"https://museojudiodecordoba.org/en/linea_tiempo/"},{"@type":"ListItem","position":3,"name":"Vaad Hakeilot (Federación de Comunidades Israelita Argentinas)"}]},{"@type":"WebSite","@id":"https://museojudiodecordoba.org/en/#website","url":"https://museojudiodecordoba.org/en/","name":"MUJU","description":"","potentialAction":[{"@type":"SearchAction","target":{"@type":"EntryPoint","urlTemplate":"https://museojudiodecordoba.org/en/?s={search_term_string}"},"query-input":"required name=search_term_string"}],"inLanguage":"iw-IL"}]}</script>
<!-- / Yoast SEO plugin. -->

Vaad Hakeilot (Federación de Comunidades Israelita Argentinas) - MUJU

El Vaad Hakehilot es un marco de pertenencia de las comunidades organizadas del interior del país y así­ mismo un Departamento de AMIA cuya misión es centralizar y coordinar las acciones que desarrolla en pos del mantenimiento de la vida judía organizada con esas comunidades.Los campos de acción del Vaad Hakehilot son: 1) la Educación y el contenido Judío: aportando recursos y apoyando la formación y la capacitación y 2) la asistencia en gestión a dirigentes y profesionales comunitarios: mediante el asesoramiento, articulando las relaciones con otras instancias y otorgando subsidios a las Kehilot miembros.
