{"id":4127,"date":"2021-08-03T18:01:48","date_gmt":"2021-08-03T18:01:48","guid":{"rendered":"http:\/\/museojudiodecordoba.org\/?post_type=linea_tiempo&#038;p=4127"},"modified":"2021-08-03T18:01:48","modified_gmt":"2021-08-03T18:01:48","slug":"se-crea-el-instituto-cultural-de-intercambio-argentino-israeli","status":"publish","type":"linea_tiempo","link":"https:\/\/museojudiodecordoba.org\/iw\/linea_tiempo\/se-crea-el-instituto-cultural-de-intercambio-argentino-israeli\/","title":{"rendered":"Se crea el Instituto Cultural de Intercambio Argentino &#8211; Israel\u00ed"},"featured_media":4128,"template":"","meta":{"inline_featured_image":false},"categories":[203],"class_list":["post-4127","linea_tiempo","type-linea_tiempo","status-publish","has-post-thumbnail","hentry","category-203"],"yoast_head":"<!-- This site is optimized with the Yoast SEO plugin v23.3 - https:\/\/yoast.com\/wordpress\/plugins\/seo\/ -->\n<title>Se crea el Instituto Cultural de Intercambio Argentino - Israel\u00ed - MUJU<\/title>\n<meta name=\"robots\" content=\"index, follow, max-snippet:-1, max-image-preview:large, max-video-preview:-1\" \/>\n<link rel=\"canonical\" href=\"https:\/\/museojudiodecordoba.org\/linea_tiempo\/se-crea-el-instituto-cultural-de-intercambio-argentino-israeli\/\" \/>\n<meta property=\"og:locale\" content=\"en_US\" \/>\n<meta property=\"og:type\" content=\"article\" \/>\n<meta property=\"og:title\" content=\"Se crea el Instituto Cultural de Intercambio Argentino - Israel\u00ed - MUJU\" \/>\n<meta property=\"og:description\" content=\"[...]Read More...\" \/>\n<meta property=\"og:url\" content=\"https:\/\/museojudiodecordoba.org\/linea_tiempo\/se-crea-el-instituto-cultural-de-intercambio-argentino-israeli\/\" \/>\n<meta property=\"og:site_name\" content=\"MUJU\" \/>\n<meta property=\"og:image\" content=\"https:\/\/museojudiodecordoba.org\/wp-content\/uploads\/2021\/08\/1953B-1.png\" \/>\n\t<meta property=\"og:image:width\" content=\"717\" \/>\n\t<meta property=\"og:image:height\" content=\"335\" \/>\n\t<meta property=\"og:image:type\" content=\"image\/png\" \/>\n<meta name=\"twitter:card\" content=\"summary_large_image\" \/>\n<script type=\"application\/ld+json\" class=\"yoast-schema-graph\">{\"@context\":\"https:\/\/schema.org\",\"@graph\":[{\"@type\":\"WebPage\",\"@id\":\"https:\/\/museojudiodecordoba.org\/linea_tiempo\/se-crea-el-instituto-cultural-de-intercambio-argentino-israeli\/\",\"url\":\"https:\/\/museojudiodecordoba.org\/linea_tiempo\/se-crea-el-instituto-cultural-de-intercambio-argentino-israeli\/\",\"name\":\"Se crea el Instituto Cultural de Intercambio Argentino - Israel\u00ed - MUJU\",\"isPartOf\":{\"@id\":\"https:\/\/museojudiodecordoba.org\/en\/#website\"},\"primaryImageOfPage\":{\"@id\":\"https:\/\/museojudiodecordoba.org\/linea_tiempo\/se-crea-el-instituto-cultural-de-intercambio-argentino-israeli\/#primaryimage\"},\"image\":{\"@id\":\"https:\/\/museojudiodecordoba.org\/linea_tiempo\/se-crea-el-instituto-cultural-de-intercambio-argentino-israeli\/#primaryimage\"},\"thumbnailUrl\":\"https:\/\/museojudiodecordoba.org\/wp-content\/uploads\/2021\/08\/1953B-1.png\",\"datePublished\":\"2021-08-03T18:01:48+00:00\",\"dateModified\":\"2021-08-03T18:01:48+00:00\",\"breadcrumb\":{\"@id\":\"https:\/\/museojudiodecordoba.org\/linea_tiempo\/se-crea-el-instituto-cultural-de-intercambio-argentino-israeli\/#breadcrumb\"},\"inLanguage\":\"iw-IL\",\"potentialAction\":[{\"@type\":\"ReadAction\",\"target\":[\"https:\/\/museojudiodecordoba.org\/linea_tiempo\/se-crea-el-instituto-cultural-de-intercambio-argentino-israeli\/\"]}]},{\"@type\":\"ImageObject\",\"inLanguage\":\"iw-IL\",\"@id\":\"https:\/\/museojudiodecordoba.org\/linea_tiempo\/se-crea-el-instituto-cultural-de-intercambio-argentino-israeli\/#primaryimage\",\"url\":\"https:\/\/museojudiodecordoba.org\/wp-content\/uploads\/2021\/08\/1953B-1.png\",\"contentUrl\":\"https:\/\/museojudiodecordoba.org\/wp-content\/uploads\/2021\/08\/1953B-1.png\",\"width\":717,\"height\":335},{\"@type\":\"BreadcrumbList\",\"@id\":\"https:\/\/museojudiodecordoba.org\/linea_tiempo\/se-crea-el-instituto-cultural-de-intercambio-argentino-israeli\/#breadcrumb\",\"itemListElement\":[{\"@type\":\"ListItem\",\"position\":1,\"name\":\"Portada\",\"item\":\"https:\/\/museojudiodecordoba.org\/en\/\"},{\"@type\":\"ListItem\",\"position\":2,\"name\":\"Items linea del tiempo\",\"item\":\"https:\/\/museojudiodecordoba.org\/en\/linea_tiempo\/\"},{\"@type\":\"ListItem\",\"position\":3,\"name\":\"Se crea el Instituto Cultural de Intercambio Argentino &#8211; Israel\u00ed\"}]},{\"@type\":\"WebSite\",\"@id\":\"https:\/\/museojudiodecordoba.org\/en\/#website\",\"url\":\"https:\/\/museojudiodecordoba.org\/en\/\",\"name\":\"MUJU\",\"description\":\"\",\"potentialAction\":[{\"@type\":\"SearchAction\",\"target\":{\"@type\":\"EntryPoint\",\"urlTemplate\":\"https:\/\/museojudiodecordoba.org\/en\/?s={search_term_string}\"},\"query-input\":\"required name=search_term_string\"}],\"inLanguage\":\"iw-IL\"}]}<\/script>\n<!-- \/ Yoast SEO plugin. -->","yoast_head_json":{"title":"Se crea el Instituto Cultural de Intercambio Argentino - Israel\u00ed - MUJU","robots":{"index":"index","follow":"follow","max-snippet":"max-snippet:-1","max-image-preview":"max-image-preview:large","max-video-preview":"max-video-preview:-1"},"canonical":"https:\/\/museojudiodecordoba.org\/linea_tiempo\/se-crea-el-instituto-cultural-de-intercambio-argentino-israeli\/","og_locale":"en_US","og_type":"article","og_title":"Se crea el Instituto Cultural de Intercambio Argentino - Israel\u00ed - MUJU","og_description":"[...]Read More...","og_url":"https:\/\/museojudiodecordoba.org\/linea_tiempo\/se-crea-el-instituto-cultural-de-intercambio-argentino-israeli\/","og_site_name":"MUJU","og_image":[{"width":717,"height":335,"url":"https:\/\/museojudiodecordoba.org\/wp-content\/uploads\/2021\/08\/1953B-1.png","type":"image\/png"}],"twitter_card":"summary_large_image","schema":{"@context":"https:\/\/schema.org","@graph":[{"@type":"WebPage","@id":"https:\/\/museojudiodecordoba.org\/linea_tiempo\/se-crea-el-instituto-cultural-de-intercambio-argentino-israeli\/","url":"https:\/\/museojudiodecordoba.org\/linea_tiempo\/se-crea-el-instituto-cultural-de-intercambio-argentino-israeli\/","name":"Se crea el Instituto Cultural de Intercambio Argentino - Israel\u00ed - MUJU","isPartOf":{"@id":"https:\/\/museojudiodecordoba.org\/en\/#website"},"primaryImageOfPage":{"@id":"https:\/\/museojudiodecordoba.org\/linea_tiempo\/se-crea-el-instituto-cultural-de-intercambio-argentino-israeli\/#primaryimage"},"image":{"@id":"https:\/\/museojudiodecordoba.org\/linea_tiempo\/se-crea-el-instituto-cultural-de-intercambio-argentino-israeli\/#primaryimage"},"thumbnailUrl":"https:\/\/museojudiodecordoba.org\/wp-content\/uploads\/2021\/08\/1953B-1.png","datePublished":"2021-08-03T18:01:48+00:00","dateModified":"2021-08-03T18:01:48+00:00","breadcrumb":{"@id":"https:\/\/museojudiodecordoba.org\/linea_tiempo\/se-crea-el-instituto-cultural-de-intercambio-argentino-israeli\/#breadcrumb"},"inLanguage":"iw-IL","potentialAction":[{"@type":"ReadAction","target":["https:\/\/museojudiodecordoba.org\/linea_tiempo\/se-crea-el-instituto-cultural-de-intercambio-argentino-israeli\/"]}]},{"@type":"ImageObject","inLanguage":"iw-IL","@id":"https:\/\/museojudiodecordoba.org\/linea_tiempo\/se-crea-el-instituto-cultural-de-intercambio-argentino-israeli\/#primaryimage","url":"https:\/\/museojudiodecordoba.org\/wp-content\/uploads\/2021\/08\/1953B-1.png","contentUrl":"https:\/\/museojudiodecordoba.org\/wp-content\/uploads\/2021\/08\/1953B-1.png","width":717,"height":335},{"@type":"BreadcrumbList","@id":"https:\/\/museojudiodecordoba.org\/linea_tiempo\/se-crea-el-instituto-cultural-de-intercambio-argentino-israeli\/#breadcrumb","itemListElement":[{"@type":"ListItem","position":1,"name":"Portada","item":"https:\/\/museojudiodecordoba.org\/en\/"},{"@type":"ListItem","position":2,"name":"Items linea del tiempo","item":"https:\/\/museojudiodecordoba.org\/en\/linea_tiempo\/"},{"@type":"ListItem","position":3,"name":"Se crea el Instituto Cultural de Intercambio Argentino &#8211; Israel\u00ed"}]},{"@type":"WebSite","@id":"https:\/\/museojudiodecordoba.org\/en\/#website","url":"https:\/\/museojudiodecordoba.org\/en\/","name":"MUJU","description":"","potentialAction":[{"@type":"SearchAction","target":{"@type":"EntryPoint","urlTemplate":"https:\/\/museojudiodecordoba.org\/en\/?s={search_term_string}"},"query-input":"required name=search_term_string"}],"inLanguage":"iw-IL"}]}},"acf":{"year":"1953","end_year":"1953","display_date":"1953","headline":"Se crea el Instituto Cultural de Intercambio Argentino - Israel\u00ed","text":"El Instituto ten\u00eda como funci\u00f3n el apoyo y acercamiento de la gente de la cultura y la ciencia de los dos pa\u00edses. ","media":"http:\/\/museojudiodecordoba.org\/wp-content\/uploads\/2020\/12\/1953B.png"},"_links":{"self":[{"href":"https:\/\/museojudiodecordoba.org\/iw\/wp-json\/wp\/v2\/ltiempo\/4127","targetHints":{"allow":["GET"]}}],"collection":[{"href":"https:\/\/museojudiodecordoba.org\/iw\/wp-json\/wp\/v2\/ltiempo"}],"about":[{"href":"https:\/\/museojudiodecordoba.org\/iw\/wp-json\/wp\/v2\/types\/linea_tiempo"}],"wp:featuredmedia":[{"embeddable":true,"href":"https:\/\/museojudiodecordoba.org\/iw\/wp-json\/wp\/v2\/media\/4128"}],"wp:attachment":[{"href":"https:\/\/museojudiodecordoba.org\/iw\/wp-json\/wp\/v2\/media?parent=4127"}],"wp:term":[{"taxonomy":"category","embeddable":true,"href":"https:\/\/museojudiodecordoba.org\/iw\/wp-json\/wp\/v2\/categories?post=4127"}],"curies":[{"name":"wp","href":"https:\/\/api.w.org\/{rel}","templated":true}]}}

Se crea el Instituto Cultural de Intercambio Argentino &#8211; Israelí

<!-- This site is optimized with the Yoast SEO plugin v23.3 - https://yoast.com/wordpress/plugins/seo/ -->
<title>Se crea el Instituto Cultural de Intercambio Argentino - Israelí - MUJU</title>
<meta name="robots" content="index, follow, max-snippet:-1, max-image-preview:large, max-video-preview:-1" />
<link rel="canonical" href="https://museojudiodecordoba.org/linea_tiempo/se-crea-el-instituto-cultural-de-intercambio-argentino-israeli/" />
<meta property="og:locale" content="en_US" />
<meta property="og:type" content="article" />
<meta property="og:title" content="Se crea el Instituto Cultural de Intercambio Argentino - Israelí - MUJU" />
<meta property="og:description" content="[...]Read More..." />
<meta property="og:url" content="https://museojudiodecordoba.org/linea_tiempo/se-crea-el-instituto-cultural-de-intercambio-argentino-israeli/" />
<meta property="og:site_name" content="MUJU" />
<meta property="og:image" content="https://museojudiodecordoba.org/wp-content/uploads/2021/08/1953B-1.png" />
	<meta property="og:image:width" content="717" />
	<meta property="og:image:height" content="335" />
	<meta property="og:image:type" content="image/png" />
<meta name="twitter:card" content="summary_large_image" />
<script type="application/ld+json" class="yoast-schema-graph">{"@context":"https://schema.org","@graph":[{"@type":"WebPage","@id":"https://museojudiodecordoba.org/linea_tiempo/se-crea-el-instituto-cultural-de-intercambio-argentino-israeli/","url":"https://museojudiodecordoba.org/linea_tiempo/se-crea-el-instituto-cultural-de-intercambio-argentino-israeli/","name":"Se crea el Instituto Cultural de Intercambio Argentino - Israelí - MUJU","isPartOf":{"@id":"https://museojudiodecordoba.org/en/#website"},"primaryImageOfPage":{"@id":"https://museojudiodecordoba.org/linea_tiempo/se-crea-el-instituto-cultural-de-intercambio-argentino-israeli/#primaryimage"},"image":{"@id":"https://museojudiodecordoba.org/linea_tiempo/se-crea-el-instituto-cultural-de-intercambio-argentino-israeli/#primaryimage"},"thumbnailUrl":"https://museojudiodecordoba.org/wp-content/uploads/2021/08/1953B-1.png","datePublished":"2021-08-03T18:01:48+00:00","dateModified":"2021-08-03T18:01:48+00:00","breadcrumb":{"@id":"https://museojudiodecordoba.org/linea_tiempo/se-crea-el-instituto-cultural-de-intercambio-argentino-israeli/#breadcrumb"},"inLanguage":"iw-IL","potentialAction":[{"@type":"ReadAction","target":["https://museojudiodecordoba.org/linea_tiempo/se-crea-el-instituto-cultural-de-intercambio-argentino-israeli/"]}]},{"@type":"ImageObject","inLanguage":"iw-IL","@id":"https://museojudiodecordoba.org/linea_tiempo/se-crea-el-instituto-cultural-de-intercambio-argentino-israeli/#primaryimage","url":"https://museojudiodecordoba.org/wp-content/uploads/2021/08/1953B-1.png","contentUrl":"https://museojudiodecordoba.org/wp-content/uploads/2021/08/1953B-1.png","width":717,"height":335},{"@type":"BreadcrumbList","@id":"https://museojudiodecordoba.org/linea_tiempo/se-crea-el-instituto-cultural-de-intercambio-argentino-israeli/#breadcrumb","itemListElement":[{"@type":"ListItem","position":1,"name":"Portada","item":"https://museojudiodecordoba.org/en/"},{"@type":"ListItem","position":2,"name":"Items linea del tiempo","item":"https://museojudiodecordoba.org/en/linea_tiempo/"},{"@type":"ListItem","position":3,"name":"Se crea el Instituto Cultural de Intercambio Argentino &#8211; Israelí"}]},{"@type":"WebSite","@id":"https://museojudiodecordoba.org/en/#website","url":"https://museojudiodecordoba.org/en/","name":"MUJU","description":"","potentialAction":[{"@type":"SearchAction","target":{"@type":"EntryPoint","urlTemplate":"https://museojudiodecordoba.org/en/?s={search_term_string}"},"query-input":"required name=search_term_string"}],"inLanguage":"iw-IL"}]}</script>
<!-- / Yoast SEO plugin. -->

Se crea el Instituto Cultural de Intercambio Argentino - Israelí - MUJU

Se crea el Instituto Cultural de Intercambio Argentino - Israelí

El Instituto tenía como función el apoyo y acercamiento de la gente de la cultura y la ciencia de los dos países.
