{"id":4133,"date":"2021-08-03T18:01:43","date_gmt":"2021-08-03T18:01:43","guid":{"rendered":"http:\/\/museojudiodecordoba.org\/?post_type=linea_tiempo&#038;p=4133"},"modified":"2021-08-03T18:01:43","modified_gmt":"2021-08-03T18:01:43","slug":"se-inaugura-el-frente-del-templo-beit-israel","status":"publish","type":"linea_tiempo","link":"https:\/\/museojudiodecordoba.org\/iw\/linea_tiempo\/se-inaugura-el-frente-del-templo-beit-israel\/","title":{"rendered":"Se inaugura el frente del Templo Beit Israel"},"featured_media":4134,"template":"","meta":{"inline_featured_image":false},"categories":[203],"class_list":["post-4133","linea_tiempo","type-linea_tiempo","status-publish","has-post-thumbnail","hentry","category-203"],"yoast_head":"<!-- This site is optimized with the Yoast SEO plugin v23.3 - https:\/\/yoast.com\/wordpress\/plugins\/seo\/ -->\n<title>Se inaugura el frente del Templo Beit Israel - MUJU<\/title>\n<meta name=\"robots\" content=\"index, follow, max-snippet:-1, max-image-preview:large, max-video-preview:-1\" \/>\n<link rel=\"canonical\" href=\"https:\/\/museojudiodecordoba.org\/linea_tiempo\/se-inaugura-el-frente-del-templo-beit-israel\/\" \/>\n<meta property=\"og:locale\" content=\"en_US\" \/>\n<meta property=\"og:type\" content=\"article\" \/>\n<meta property=\"og:title\" content=\"Se inaugura el frente del Templo Beit Israel - MUJU\" \/>\n<meta property=\"og:description\" content=\"[...]Read More...\" \/>\n<meta property=\"og:url\" content=\"https:\/\/museojudiodecordoba.org\/linea_tiempo\/se-inaugura-el-frente-del-templo-beit-israel\/\" \/>\n<meta property=\"og:site_name\" content=\"MUJU\" \/>\n<meta property=\"og:image\" content=\"https:\/\/museojudiodecordoba.org\/wp-content\/uploads\/2021\/08\/1956-1.jpg\" \/>\n\t<meta property=\"og:image:width\" content=\"1039\" \/>\n\t<meta property=\"og:image:height\" content=\"1592\" \/>\n\t<meta property=\"og:image:type\" content=\"image\/jpeg\" \/>\n<meta name=\"twitter:card\" content=\"summary_large_image\" \/>\n<script type=\"application\/ld+json\" class=\"yoast-schema-graph\">{\"@context\":\"https:\/\/schema.org\",\"@graph\":[{\"@type\":\"WebPage\",\"@id\":\"https:\/\/museojudiodecordoba.org\/linea_tiempo\/se-inaugura-el-frente-del-templo-beit-israel\/\",\"url\":\"https:\/\/museojudiodecordoba.org\/linea_tiempo\/se-inaugura-el-frente-del-templo-beit-israel\/\",\"name\":\"Se inaugura el frente del Templo Beit Israel - MUJU\",\"isPartOf\":{\"@id\":\"https:\/\/museojudiodecordoba.org\/en\/#website\"},\"primaryImageOfPage\":{\"@id\":\"https:\/\/museojudiodecordoba.org\/linea_tiempo\/se-inaugura-el-frente-del-templo-beit-israel\/#primaryimage\"},\"image\":{\"@id\":\"https:\/\/museojudiodecordoba.org\/linea_tiempo\/se-inaugura-el-frente-del-templo-beit-israel\/#primaryimage\"},\"thumbnailUrl\":\"https:\/\/museojudiodecordoba.org\/wp-content\/uploads\/2021\/08\/1956-1.jpg\",\"datePublished\":\"2021-08-03T18:01:43+00:00\",\"dateModified\":\"2021-08-03T18:01:43+00:00\",\"breadcrumb\":{\"@id\":\"https:\/\/museojudiodecordoba.org\/linea_tiempo\/se-inaugura-el-frente-del-templo-beit-israel\/#breadcrumb\"},\"inLanguage\":\"iw-IL\",\"potentialAction\":[{\"@type\":\"ReadAction\",\"target\":[\"https:\/\/museojudiodecordoba.org\/linea_tiempo\/se-inaugura-el-frente-del-templo-beit-israel\/\"]}]},{\"@type\":\"ImageObject\",\"inLanguage\":\"iw-IL\",\"@id\":\"https:\/\/museojudiodecordoba.org\/linea_tiempo\/se-inaugura-el-frente-del-templo-beit-israel\/#primaryimage\",\"url\":\"https:\/\/museojudiodecordoba.org\/wp-content\/uploads\/2021\/08\/1956-1.jpg\",\"contentUrl\":\"https:\/\/museojudiodecordoba.org\/wp-content\/uploads\/2021\/08\/1956-1.jpg\",\"width\":1039,\"height\":1592},{\"@type\":\"BreadcrumbList\",\"@id\":\"https:\/\/museojudiodecordoba.org\/linea_tiempo\/se-inaugura-el-frente-del-templo-beit-israel\/#breadcrumb\",\"itemListElement\":[{\"@type\":\"ListItem\",\"position\":1,\"name\":\"Portada\",\"item\":\"https:\/\/museojudiodecordoba.org\/en\/\"},{\"@type\":\"ListItem\",\"position\":2,\"name\":\"Items linea del tiempo\",\"item\":\"https:\/\/museojudiodecordoba.org\/en\/linea_tiempo\/\"},{\"@type\":\"ListItem\",\"position\":3,\"name\":\"Se inaugura el frente del Templo Beit Israel\"}]},{\"@type\":\"WebSite\",\"@id\":\"https:\/\/museojudiodecordoba.org\/en\/#website\",\"url\":\"https:\/\/museojudiodecordoba.org\/en\/\",\"name\":\"MUJU\",\"description\":\"\",\"potentialAction\":[{\"@type\":\"SearchAction\",\"target\":{\"@type\":\"EntryPoint\",\"urlTemplate\":\"https:\/\/museojudiodecordoba.org\/en\/?s={search_term_string}\"},\"query-input\":\"required name=search_term_string\"}],\"inLanguage\":\"iw-IL\"}]}<\/script>\n<!-- \/ Yoast SEO plugin. -->","yoast_head_json":{"title":"Se inaugura el frente del Templo Beit Israel - MUJU","robots":{"index":"index","follow":"follow","max-snippet":"max-snippet:-1","max-image-preview":"max-image-preview:large","max-video-preview":"max-video-preview:-1"},"canonical":"https:\/\/museojudiodecordoba.org\/linea_tiempo\/se-inaugura-el-frente-del-templo-beit-israel\/","og_locale":"en_US","og_type":"article","og_title":"Se inaugura el frente del Templo Beit Israel - MUJU","og_description":"[...]Read More...","og_url":"https:\/\/museojudiodecordoba.org\/linea_tiempo\/se-inaugura-el-frente-del-templo-beit-israel\/","og_site_name":"MUJU","og_image":[{"width":1039,"height":1592,"url":"https:\/\/museojudiodecordoba.org\/wp-content\/uploads\/2021\/08\/1956-1.jpg","type":"image\/jpeg"}],"twitter_card":"summary_large_image","schema":{"@context":"https:\/\/schema.org","@graph":[{"@type":"WebPage","@id":"https:\/\/museojudiodecordoba.org\/linea_tiempo\/se-inaugura-el-frente-del-templo-beit-israel\/","url":"https:\/\/museojudiodecordoba.org\/linea_tiempo\/se-inaugura-el-frente-del-templo-beit-israel\/","name":"Se inaugura el frente del Templo Beit Israel - MUJU","isPartOf":{"@id":"https:\/\/museojudiodecordoba.org\/en\/#website"},"primaryImageOfPage":{"@id":"https:\/\/museojudiodecordoba.org\/linea_tiempo\/se-inaugura-el-frente-del-templo-beit-israel\/#primaryimage"},"image":{"@id":"https:\/\/museojudiodecordoba.org\/linea_tiempo\/se-inaugura-el-frente-del-templo-beit-israel\/#primaryimage"},"thumbnailUrl":"https:\/\/museojudiodecordoba.org\/wp-content\/uploads\/2021\/08\/1956-1.jpg","datePublished":"2021-08-03T18:01:43+00:00","dateModified":"2021-08-03T18:01:43+00:00","breadcrumb":{"@id":"https:\/\/museojudiodecordoba.org\/linea_tiempo\/se-inaugura-el-frente-del-templo-beit-israel\/#breadcrumb"},"inLanguage":"iw-IL","potentialAction":[{"@type":"ReadAction","target":["https:\/\/museojudiodecordoba.org\/linea_tiempo\/se-inaugura-el-frente-del-templo-beit-israel\/"]}]},{"@type":"ImageObject","inLanguage":"iw-IL","@id":"https:\/\/museojudiodecordoba.org\/linea_tiempo\/se-inaugura-el-frente-del-templo-beit-israel\/#primaryimage","url":"https:\/\/museojudiodecordoba.org\/wp-content\/uploads\/2021\/08\/1956-1.jpg","contentUrl":"https:\/\/museojudiodecordoba.org\/wp-content\/uploads\/2021\/08\/1956-1.jpg","width":1039,"height":1592},{"@type":"BreadcrumbList","@id":"https:\/\/museojudiodecordoba.org\/linea_tiempo\/se-inaugura-el-frente-del-templo-beit-israel\/#breadcrumb","itemListElement":[{"@type":"ListItem","position":1,"name":"Portada","item":"https:\/\/museojudiodecordoba.org\/en\/"},{"@type":"ListItem","position":2,"name":"Items linea del tiempo","item":"https:\/\/museojudiodecordoba.org\/en\/linea_tiempo\/"},{"@type":"ListItem","position":3,"name":"Se inaugura el frente del Templo Beit Israel"}]},{"@type":"WebSite","@id":"https:\/\/museojudiodecordoba.org\/en\/#website","url":"https:\/\/museojudiodecordoba.org\/en\/","name":"MUJU","description":"","potentialAction":[{"@type":"SearchAction","target":{"@type":"EntryPoint","urlTemplate":"https:\/\/museojudiodecordoba.org\/en\/?s={search_term_string}"},"query-input":"required name=search_term_string"}],"inLanguage":"iw-IL"}]}},"acf":{"year":"1956","end_year":"1956","display_date":"1956","headline":"Se inaugura el frente del Templo Beit Israel","text":"El C\u00f3rdoba Sport Club funcionaba frente al templo. Los viernes por la noche se realizaban los torneos de box a los que acud\u00edan muchas personas. En una ocasi\u00f3n, Salom\u00f3n Misonischnik pas\u00f3 por el Centro Uni\u00f3n Israelita a la noche y observ\u00f3 que hab\u00eda unas setenta motos en la escalinata del templo. Al enterarse la Comisi\u00f3n Directiva de esta situaci\u00f3n, decidieron realizar la verja. Fue encargada a Salom\u00f3n Donemberg, quien era socio del arquitecto Depetris. Fue \u00e9l quien realiz\u00f3 el dibujo de la verja del templo, luego se la instal\u00f3 y de esa manera las motos ya no pudieron utilizar la explanada del templo como estacionamiento.","media":"http:\/\/museojudiodecordoba.org\/wp-content\/uploads\/2020\/12\/1956.jpg"},"_links":{"self":[{"href":"https:\/\/museojudiodecordoba.org\/iw\/wp-json\/wp\/v2\/ltiempo\/4133","targetHints":{"allow":["GET"]}}],"collection":[{"href":"https:\/\/museojudiodecordoba.org\/iw\/wp-json\/wp\/v2\/ltiempo"}],"about":[{"href":"https:\/\/museojudiodecordoba.org\/iw\/wp-json\/wp\/v2\/types\/linea_tiempo"}],"wp:featuredmedia":[{"embeddable":true,"href":"https:\/\/museojudiodecordoba.org\/iw\/wp-json\/wp\/v2\/media\/4134"}],"wp:attachment":[{"href":"https:\/\/museojudiodecordoba.org\/iw\/wp-json\/wp\/v2\/media?parent=4133"}],"wp:term":[{"taxonomy":"category","embeddable":true,"href":"https:\/\/museojudiodecordoba.org\/iw\/wp-json\/wp\/v2\/categories?post=4133"}],"curies":[{"name":"wp","href":"https:\/\/api.w.org\/{rel}","templated":true}]}}

El Córdoba Sport Club funcionaba frente al templo. Los viernes por la noche se realizaban los torneos de box a los que acudían muchas personas. En una ocasión, Salomón Misonischnik pasó por el Centro Unión Israelita a la noche y observó que había unas setenta motos en la escalinata del templo. Al enterarse la Comisión Directiva de esta situación, decidieron realizar la verja. Fue encargada a Salomón Donemberg, quien era socio del arquitecto Depetris. Fue él quien realizó el dibujo de la verja del templo, luego se la instaló y de esa manera las motos ya no pudieron utilizar la explanada del templo como estacionamiento.
