{"id":4139,"date":"2021-08-03T18:01:37","date_gmt":"2021-08-03T18:01:37","guid":{"rendered":"http:\/\/museojudiodecordoba.org\/?post_type=linea_tiempo&#038;p=4139"},"modified":"2021-08-03T18:01:37","modified_gmt":"2021-08-03T18:01:37","slug":"el-vaad-hajinuj-centraliza-la-red-escolar-judia","status":"publish","type":"linea_tiempo","link":"https:\/\/museojudiodecordoba.org\/iw\/linea_tiempo\/el-vaad-hajinuj-centraliza-la-red-escolar-judia\/","title":{"rendered":"El Vaad Hajinuj centraliza la red escolar jud\u00eda"},"featured_media":4140,"template":"","meta":{"inline_featured_image":false},"categories":[203],"class_list":["post-4139","linea_tiempo","type-linea_tiempo","status-publish","has-post-thumbnail","hentry","category-203"],"yoast_head":"<!-- This site is optimized with the Yoast SEO plugin v23.3 - https:\/\/yoast.com\/wordpress\/plugins\/seo\/ -->\n<title>El Vaad Hajinuj centraliza la red escolar jud\u00eda - MUJU<\/title>\n<meta name=\"robots\" content=\"index, follow, max-snippet:-1, max-image-preview:large, max-video-preview:-1\" \/>\n<link rel=\"canonical\" href=\"https:\/\/museojudiodecordoba.org\/linea_tiempo\/el-vaad-hajinuj-centraliza-la-red-escolar-judia\/\" \/>\n<meta property=\"og:locale\" content=\"en_US\" \/>\n<meta property=\"og:type\" content=\"article\" \/>\n<meta property=\"og:title\" content=\"El Vaad Hajinuj centraliza la red escolar jud\u00eda - MUJU\" \/>\n<meta property=\"og:description\" content=\"[...]Read More...\" \/>\n<meta property=\"og:url\" content=\"https:\/\/museojudiodecordoba.org\/linea_tiempo\/el-vaad-hajinuj-centraliza-la-red-escolar-judia\/\" \/>\n<meta property=\"og:site_name\" content=\"MUJU\" \/>\n<meta property=\"og:image\" content=\"https:\/\/museojudiodecordoba.org\/wp-content\/uploads\/2021\/08\/1957B.png\" \/>\n\t<meta property=\"og:image:width\" content=\"725\" \/>\n\t<meta property=\"og:image:height\" content=\"290\" \/>\n\t<meta property=\"og:image:type\" content=\"image\/png\" \/>\n<meta name=\"twitter:card\" content=\"summary_large_image\" \/>\n<script type=\"application\/ld+json\" class=\"yoast-schema-graph\">{\"@context\":\"https:\/\/schema.org\",\"@graph\":[{\"@type\":\"WebPage\",\"@id\":\"https:\/\/museojudiodecordoba.org\/linea_tiempo\/el-vaad-hajinuj-centraliza-la-red-escolar-judia\/\",\"url\":\"https:\/\/museojudiodecordoba.org\/linea_tiempo\/el-vaad-hajinuj-centraliza-la-red-escolar-judia\/\",\"name\":\"El Vaad Hajinuj centraliza la red escolar jud\u00eda - MUJU\",\"isPartOf\":{\"@id\":\"https:\/\/museojudiodecordoba.org\/en\/#website\"},\"primaryImageOfPage\":{\"@id\":\"https:\/\/museojudiodecordoba.org\/linea_tiempo\/el-vaad-hajinuj-centraliza-la-red-escolar-judia\/#primaryimage\"},\"image\":{\"@id\":\"https:\/\/museojudiodecordoba.org\/linea_tiempo\/el-vaad-hajinuj-centraliza-la-red-escolar-judia\/#primaryimage\"},\"thumbnailUrl\":\"https:\/\/museojudiodecordoba.org\/wp-content\/uploads\/2021\/08\/1957B.png\",\"datePublished\":\"2021-08-03T18:01:37+00:00\",\"dateModified\":\"2021-08-03T18:01:37+00:00\",\"breadcrumb\":{\"@id\":\"https:\/\/museojudiodecordoba.org\/linea_tiempo\/el-vaad-hajinuj-centraliza-la-red-escolar-judia\/#breadcrumb\"},\"inLanguage\":\"iw-IL\",\"potentialAction\":[{\"@type\":\"ReadAction\",\"target\":[\"https:\/\/museojudiodecordoba.org\/linea_tiempo\/el-vaad-hajinuj-centraliza-la-red-escolar-judia\/\"]}]},{\"@type\":\"ImageObject\",\"inLanguage\":\"iw-IL\",\"@id\":\"https:\/\/museojudiodecordoba.org\/linea_tiempo\/el-vaad-hajinuj-centraliza-la-red-escolar-judia\/#primaryimage\",\"url\":\"https:\/\/museojudiodecordoba.org\/wp-content\/uploads\/2021\/08\/1957B.png\",\"contentUrl\":\"https:\/\/museojudiodecordoba.org\/wp-content\/uploads\/2021\/08\/1957B.png\",\"width\":725,\"height\":290},{\"@type\":\"BreadcrumbList\",\"@id\":\"https:\/\/museojudiodecordoba.org\/linea_tiempo\/el-vaad-hajinuj-centraliza-la-red-escolar-judia\/#breadcrumb\",\"itemListElement\":[{\"@type\":\"ListItem\",\"position\":1,\"name\":\"Portada\",\"item\":\"https:\/\/museojudiodecordoba.org\/en\/\"},{\"@type\":\"ListItem\",\"position\":2,\"name\":\"Items linea del tiempo\",\"item\":\"https:\/\/museojudiodecordoba.org\/en\/linea_tiempo\/\"},{\"@type\":\"ListItem\",\"position\":3,\"name\":\"El Vaad Hajinuj centraliza la red escolar jud\u00eda\"}]},{\"@type\":\"WebSite\",\"@id\":\"https:\/\/museojudiodecordoba.org\/en\/#website\",\"url\":\"https:\/\/museojudiodecordoba.org\/en\/\",\"name\":\"MUJU\",\"description\":\"\",\"potentialAction\":[{\"@type\":\"SearchAction\",\"target\":{\"@type\":\"EntryPoint\",\"urlTemplate\":\"https:\/\/museojudiodecordoba.org\/en\/?s={search_term_string}\"},\"query-input\":\"required name=search_term_string\"}],\"inLanguage\":\"iw-IL\"}]}<\/script>\n<!-- \/ Yoast SEO plugin. -->","yoast_head_json":{"title":"El Vaad Hajinuj centraliza la red escolar jud\u00eda - MUJU","robots":{"index":"index","follow":"follow","max-snippet":"max-snippet:-1","max-image-preview":"max-image-preview:large","max-video-preview":"max-video-preview:-1"},"canonical":"https:\/\/museojudiodecordoba.org\/linea_tiempo\/el-vaad-hajinuj-centraliza-la-red-escolar-judia\/","og_locale":"en_US","og_type":"article","og_title":"El Vaad Hajinuj centraliza la red escolar jud\u00eda - MUJU","og_description":"[...]Read More...","og_url":"https:\/\/museojudiodecordoba.org\/linea_tiempo\/el-vaad-hajinuj-centraliza-la-red-escolar-judia\/","og_site_name":"MUJU","og_image":[{"width":725,"height":290,"url":"https:\/\/museojudiodecordoba.org\/wp-content\/uploads\/2021\/08\/1957B.png","type":"image\/png"}],"twitter_card":"summary_large_image","schema":{"@context":"https:\/\/schema.org","@graph":[{"@type":"WebPage","@id":"https:\/\/museojudiodecordoba.org\/linea_tiempo\/el-vaad-hajinuj-centraliza-la-red-escolar-judia\/","url":"https:\/\/museojudiodecordoba.org\/linea_tiempo\/el-vaad-hajinuj-centraliza-la-red-escolar-judia\/","name":"El Vaad Hajinuj centraliza la red escolar jud\u00eda - MUJU","isPartOf":{"@id":"https:\/\/museojudiodecordoba.org\/en\/#website"},"primaryImageOfPage":{"@id":"https:\/\/museojudiodecordoba.org\/linea_tiempo\/el-vaad-hajinuj-centraliza-la-red-escolar-judia\/#primaryimage"},"image":{"@id":"https:\/\/museojudiodecordoba.org\/linea_tiempo\/el-vaad-hajinuj-centraliza-la-red-escolar-judia\/#primaryimage"},"thumbnailUrl":"https:\/\/museojudiodecordoba.org\/wp-content\/uploads\/2021\/08\/1957B.png","datePublished":"2021-08-03T18:01:37+00:00","dateModified":"2021-08-03T18:01:37+00:00","breadcrumb":{"@id":"https:\/\/museojudiodecordoba.org\/linea_tiempo\/el-vaad-hajinuj-centraliza-la-red-escolar-judia\/#breadcrumb"},"inLanguage":"iw-IL","potentialAction":[{"@type":"ReadAction","target":["https:\/\/museojudiodecordoba.org\/linea_tiempo\/el-vaad-hajinuj-centraliza-la-red-escolar-judia\/"]}]},{"@type":"ImageObject","inLanguage":"iw-IL","@id":"https:\/\/museojudiodecordoba.org\/linea_tiempo\/el-vaad-hajinuj-centraliza-la-red-escolar-judia\/#primaryimage","url":"https:\/\/museojudiodecordoba.org\/wp-content\/uploads\/2021\/08\/1957B.png","contentUrl":"https:\/\/museojudiodecordoba.org\/wp-content\/uploads\/2021\/08\/1957B.png","width":725,"height":290},{"@type":"BreadcrumbList","@id":"https:\/\/museojudiodecordoba.org\/linea_tiempo\/el-vaad-hajinuj-centraliza-la-red-escolar-judia\/#breadcrumb","itemListElement":[{"@type":"ListItem","position":1,"name":"Portada","item":"https:\/\/museojudiodecordoba.org\/en\/"},{"@type":"ListItem","position":2,"name":"Items linea del tiempo","item":"https:\/\/museojudiodecordoba.org\/en\/linea_tiempo\/"},{"@type":"ListItem","position":3,"name":"El Vaad Hajinuj centraliza la red escolar jud\u00eda"}]},{"@type":"WebSite","@id":"https:\/\/museojudiodecordoba.org\/en\/#website","url":"https:\/\/museojudiodecordoba.org\/en\/","name":"MUJU","description":"","potentialAction":[{"@type":"SearchAction","target":{"@type":"EntryPoint","urlTemplate":"https:\/\/museojudiodecordoba.org\/en\/?s={search_term_string}"},"query-input":"required name=search_term_string"}],"inLanguage":"iw-IL"}]}},"acf":{"year":"1957","end_year":"1957","display_date":"1957","headline":"El Vaad Hajinuj centraliza la red escolar jud\u00eda","text":"A trav\u00e9s del Vaad Hajinuj Hakehilat\u00ed (Consejo Central de Educaci\u00f3n Jud\u00eda de la Rep\u00fablica Argentina), se fortalece el desarrollo comunitario mediante el acompa\u00f1amiento a las escuelas, en las que se brinda una educaci\u00f3n diversa y pluralista, comprometida con la vida jud\u00eda local, que integra las diversas expresiones institucionales, bajo los principios prof\u00e9ticos de la justicia social y con una activa participaci\u00f3n en la sociedad argentina. ","media":"http:\/\/museojudiodecordoba.org\/wp-content\/uploads\/2020\/12\/1957B.png"},"_links":{"self":[{"href":"https:\/\/museojudiodecordoba.org\/iw\/wp-json\/wp\/v2\/ltiempo\/4139","targetHints":{"allow":["GET"]}}],"collection":[{"href":"https:\/\/museojudiodecordoba.org\/iw\/wp-json\/wp\/v2\/ltiempo"}],"about":[{"href":"https:\/\/museojudiodecordoba.org\/iw\/wp-json\/wp\/v2\/types\/linea_tiempo"}],"wp:featuredmedia":[{"embeddable":true,"href":"https:\/\/museojudiodecordoba.org\/iw\/wp-json\/wp\/v2\/media\/4140"}],"wp:attachment":[{"href":"https:\/\/museojudiodecordoba.org\/iw\/wp-json\/wp\/v2\/media?parent=4139"}],"wp:term":[{"taxonomy":"category","embeddable":true,"href":"https:\/\/museojudiodecordoba.org\/iw\/wp-json\/wp\/v2\/categories?post=4139"}],"curies":[{"name":"wp","href":"https:\/\/api.w.org\/{rel}","templated":true}]}}

El Vaad Hajinuj centraliza la red escolar judía

<!-- This site is optimized with the Yoast SEO plugin v23.3 - https://yoast.com/wordpress/plugins/seo/ -->
<title>El Vaad Hajinuj centraliza la red escolar judía - MUJU</title>
<meta name="robots" content="index, follow, max-snippet:-1, max-image-preview:large, max-video-preview:-1" />
<link rel="canonical" href="https://museojudiodecordoba.org/linea_tiempo/el-vaad-hajinuj-centraliza-la-red-escolar-judia/" />
<meta property="og:locale" content="en_US" />
<meta property="og:type" content="article" />
<meta property="og:title" content="El Vaad Hajinuj centraliza la red escolar judía - MUJU" />
<meta property="og:description" content="[...]Read More..." />
<meta property="og:url" content="https://museojudiodecordoba.org/linea_tiempo/el-vaad-hajinuj-centraliza-la-red-escolar-judia/" />
<meta property="og:site_name" content="MUJU" />
<meta property="og:image" content="https://museojudiodecordoba.org/wp-content/uploads/2021/08/1957B.png" />
	<meta property="og:image:width" content="725" />
	<meta property="og:image:height" content="290" />
	<meta property="og:image:type" content="image/png" />
<meta name="twitter:card" content="summary_large_image" />
<script type="application/ld+json" class="yoast-schema-graph">{"@context":"https://schema.org","@graph":[{"@type":"WebPage","@id":"https://museojudiodecordoba.org/linea_tiempo/el-vaad-hajinuj-centraliza-la-red-escolar-judia/","url":"https://museojudiodecordoba.org/linea_tiempo/el-vaad-hajinuj-centraliza-la-red-escolar-judia/","name":"El Vaad Hajinuj centraliza la red escolar judía - MUJU","isPartOf":{"@id":"https://museojudiodecordoba.org/en/#website"},"primaryImageOfPage":{"@id":"https://museojudiodecordoba.org/linea_tiempo/el-vaad-hajinuj-centraliza-la-red-escolar-judia/#primaryimage"},"image":{"@id":"https://museojudiodecordoba.org/linea_tiempo/el-vaad-hajinuj-centraliza-la-red-escolar-judia/#primaryimage"},"thumbnailUrl":"https://museojudiodecordoba.org/wp-content/uploads/2021/08/1957B.png","datePublished":"2021-08-03T18:01:37+00:00","dateModified":"2021-08-03T18:01:37+00:00","breadcrumb":{"@id":"https://museojudiodecordoba.org/linea_tiempo/el-vaad-hajinuj-centraliza-la-red-escolar-judia/#breadcrumb"},"inLanguage":"iw-IL","potentialAction":[{"@type":"ReadAction","target":["https://museojudiodecordoba.org/linea_tiempo/el-vaad-hajinuj-centraliza-la-red-escolar-judia/"]}]},{"@type":"ImageObject","inLanguage":"iw-IL","@id":"https://museojudiodecordoba.org/linea_tiempo/el-vaad-hajinuj-centraliza-la-red-escolar-judia/#primaryimage","url":"https://museojudiodecordoba.org/wp-content/uploads/2021/08/1957B.png","contentUrl":"https://museojudiodecordoba.org/wp-content/uploads/2021/08/1957B.png","width":725,"height":290},{"@type":"BreadcrumbList","@id":"https://museojudiodecordoba.org/linea_tiempo/el-vaad-hajinuj-centraliza-la-red-escolar-judia/#breadcrumb","itemListElement":[{"@type":"ListItem","position":1,"name":"Portada","item":"https://museojudiodecordoba.org/en/"},{"@type":"ListItem","position":2,"name":"Items linea del tiempo","item":"https://museojudiodecordoba.org/en/linea_tiempo/"},{"@type":"ListItem","position":3,"name":"El Vaad Hajinuj centraliza la red escolar judía"}]},{"@type":"WebSite","@id":"https://museojudiodecordoba.org/en/#website","url":"https://museojudiodecordoba.org/en/","name":"MUJU","description":"","potentialAction":[{"@type":"SearchAction","target":{"@type":"EntryPoint","urlTemplate":"https://museojudiodecordoba.org/en/?s={search_term_string}"},"query-input":"required name=search_term_string"}],"inLanguage":"iw-IL"}]}</script>
<!-- / Yoast SEO plugin. -->

El Vaad Hajinuj centraliza la red escolar judía - MUJU

A través del Vaad Hajinuj Hakehilatí (Consejo Central de Educación Judía de la República Argentina), se fortalece el desarrollo comunitario mediante el acompañamiento a las escuelas, en las que se brinda una educación diversa y pluralista, comprometida con la vida judía local, que integra las diversas expresiones institucionales, bajo los principios proféticos de la justicia social y con una activa participación en la sociedad argentina.
