{"id":4149,"date":"2021-08-03T18:01:31","date_gmt":"2021-08-03T18:01:31","guid":{"rendered":"http:\/\/museojudiodecordoba.org\/?post_type=linea_tiempo&#038;p=4149"},"modified":"2021-08-03T18:01:31","modified_gmt":"2021-08-03T18:01:31","slug":"atentado-contra-alumnos-judios-del-colegio-sarmiento-de-buenos-aires","status":"publish","type":"linea_tiempo","link":"https:\/\/museojudiodecordoba.org\/iw\/linea_tiempo\/atentado-contra-alumnos-judios-del-colegio-sarmiento-de-buenos-aires\/","title":{"rendered":"Atentado contra alumnos jud\u00edos del colegio Sarmiento de Buenos Aires"},"featured_media":4150,"template":"","meta":{"inline_featured_image":false},"categories":[204],"class_list":["post-4149","linea_tiempo","type-linea_tiempo","status-publish","has-post-thumbnail","hentry","category-204"],"yoast_head":"<!-- This site is optimized with the Yoast SEO plugin v23.3 - https:\/\/yoast.com\/wordpress\/plugins\/seo\/ -->\n<title>Atentado contra alumnos jud\u00edos del colegio Sarmiento de Buenos Aires - MUJU<\/title>\n<meta name=\"robots\" content=\"index, follow, max-snippet:-1, max-image-preview:large, max-video-preview:-1\" \/>\n<link rel=\"canonical\" href=\"https:\/\/museojudiodecordoba.org\/linea_tiempo\/atentado-contra-alumnos-judios-del-colegio-sarmiento-de-buenos-aires\/\" \/>\n<meta property=\"og:locale\" content=\"en_US\" \/>\n<meta property=\"og:type\" content=\"article\" \/>\n<meta property=\"og:title\" content=\"Atentado contra alumnos jud\u00edos del colegio Sarmiento de Buenos Aires - MUJU\" \/>\n<meta property=\"og:description\" content=\"[...]Read More...\" \/>\n<meta property=\"og:url\" content=\"https:\/\/museojudiodecordoba.org\/linea_tiempo\/atentado-contra-alumnos-judios-del-colegio-sarmiento-de-buenos-aires\/\" \/>\n<meta property=\"og:site_name\" content=\"MUJU\" \/>\n<meta property=\"og:image\" content=\"https:\/\/museojudiodecordoba.org\/wp-content\/uploads\/2021\/08\/1960.png\" \/>\n\t<meta property=\"og:image:width\" content=\"706\" \/>\n\t<meta property=\"og:image:height\" content=\"439\" \/>\n\t<meta property=\"og:image:type\" content=\"image\/png\" \/>\n<meta name=\"twitter:card\" content=\"summary_large_image\" \/>\n<script type=\"application\/ld+json\" class=\"yoast-schema-graph\">{\"@context\":\"https:\/\/schema.org\",\"@graph\":[{\"@type\":\"WebPage\",\"@id\":\"https:\/\/museojudiodecordoba.org\/linea_tiempo\/atentado-contra-alumnos-judios-del-colegio-sarmiento-de-buenos-aires\/\",\"url\":\"https:\/\/museojudiodecordoba.org\/linea_tiempo\/atentado-contra-alumnos-judios-del-colegio-sarmiento-de-buenos-aires\/\",\"name\":\"Atentado contra alumnos jud\u00edos del colegio Sarmiento de Buenos Aires - MUJU\",\"isPartOf\":{\"@id\":\"https:\/\/museojudiodecordoba.org\/en\/#website\"},\"primaryImageOfPage\":{\"@id\":\"https:\/\/museojudiodecordoba.org\/linea_tiempo\/atentado-contra-alumnos-judios-del-colegio-sarmiento-de-buenos-aires\/#primaryimage\"},\"image\":{\"@id\":\"https:\/\/museojudiodecordoba.org\/linea_tiempo\/atentado-contra-alumnos-judios-del-colegio-sarmiento-de-buenos-aires\/#primaryimage\"},\"thumbnailUrl\":\"https:\/\/museojudiodecordoba.org\/wp-content\/uploads\/2021\/08\/1960.png\",\"datePublished\":\"2021-08-03T18:01:31+00:00\",\"dateModified\":\"2021-08-03T18:01:31+00:00\",\"breadcrumb\":{\"@id\":\"https:\/\/museojudiodecordoba.org\/linea_tiempo\/atentado-contra-alumnos-judios-del-colegio-sarmiento-de-buenos-aires\/#breadcrumb\"},\"inLanguage\":\"iw-IL\",\"potentialAction\":[{\"@type\":\"ReadAction\",\"target\":[\"https:\/\/museojudiodecordoba.org\/linea_tiempo\/atentado-contra-alumnos-judios-del-colegio-sarmiento-de-buenos-aires\/\"]}]},{\"@type\":\"ImageObject\",\"inLanguage\":\"iw-IL\",\"@id\":\"https:\/\/museojudiodecordoba.org\/linea_tiempo\/atentado-contra-alumnos-judios-del-colegio-sarmiento-de-buenos-aires\/#primaryimage\",\"url\":\"https:\/\/museojudiodecordoba.org\/wp-content\/uploads\/2021\/08\/1960.png\",\"contentUrl\":\"https:\/\/museojudiodecordoba.org\/wp-content\/uploads\/2021\/08\/1960.png\",\"width\":706,\"height\":439},{\"@type\":\"BreadcrumbList\",\"@id\":\"https:\/\/museojudiodecordoba.org\/linea_tiempo\/atentado-contra-alumnos-judios-del-colegio-sarmiento-de-buenos-aires\/#breadcrumb\",\"itemListElement\":[{\"@type\":\"ListItem\",\"position\":1,\"name\":\"Portada\",\"item\":\"https:\/\/museojudiodecordoba.org\/en\/\"},{\"@type\":\"ListItem\",\"position\":2,\"name\":\"Items linea del tiempo\",\"item\":\"https:\/\/museojudiodecordoba.org\/en\/linea_tiempo\/\"},{\"@type\":\"ListItem\",\"position\":3,\"name\":\"Atentado contra alumnos jud\u00edos del colegio Sarmiento de Buenos Aires\"}]},{\"@type\":\"WebSite\",\"@id\":\"https:\/\/museojudiodecordoba.org\/en\/#website\",\"url\":\"https:\/\/museojudiodecordoba.org\/en\/\",\"name\":\"MUJU\",\"description\":\"\",\"potentialAction\":[{\"@type\":\"SearchAction\",\"target\":{\"@type\":\"EntryPoint\",\"urlTemplate\":\"https:\/\/museojudiodecordoba.org\/en\/?s={search_term_string}\"},\"query-input\":\"required name=search_term_string\"}],\"inLanguage\":\"iw-IL\"}]}<\/script>\n<!-- \/ Yoast SEO plugin. -->","yoast_head_json":{"title":"Atentado contra alumnos jud\u00edos del colegio Sarmiento de Buenos Aires - MUJU","robots":{"index":"index","follow":"follow","max-snippet":"max-snippet:-1","max-image-preview":"max-image-preview:large","max-video-preview":"max-video-preview:-1"},"canonical":"https:\/\/museojudiodecordoba.org\/linea_tiempo\/atentado-contra-alumnos-judios-del-colegio-sarmiento-de-buenos-aires\/","og_locale":"en_US","og_type":"article","og_title":"Atentado contra alumnos jud\u00edos del colegio Sarmiento de Buenos Aires - MUJU","og_description":"[...]Read More...","og_url":"https:\/\/museojudiodecordoba.org\/linea_tiempo\/atentado-contra-alumnos-judios-del-colegio-sarmiento-de-buenos-aires\/","og_site_name":"MUJU","og_image":[{"width":706,"height":439,"url":"https:\/\/museojudiodecordoba.org\/wp-content\/uploads\/2021\/08\/1960.png","type":"image\/png"}],"twitter_card":"summary_large_image","schema":{"@context":"https:\/\/schema.org","@graph":[{"@type":"WebPage","@id":"https:\/\/museojudiodecordoba.org\/linea_tiempo\/atentado-contra-alumnos-judios-del-colegio-sarmiento-de-buenos-aires\/","url":"https:\/\/museojudiodecordoba.org\/linea_tiempo\/atentado-contra-alumnos-judios-del-colegio-sarmiento-de-buenos-aires\/","name":"Atentado contra alumnos jud\u00edos del colegio Sarmiento de Buenos Aires - MUJU","isPartOf":{"@id":"https:\/\/museojudiodecordoba.org\/en\/#website"},"primaryImageOfPage":{"@id":"https:\/\/museojudiodecordoba.org\/linea_tiempo\/atentado-contra-alumnos-judios-del-colegio-sarmiento-de-buenos-aires\/#primaryimage"},"image":{"@id":"https:\/\/museojudiodecordoba.org\/linea_tiempo\/atentado-contra-alumnos-judios-del-colegio-sarmiento-de-buenos-aires\/#primaryimage"},"thumbnailUrl":"https:\/\/museojudiodecordoba.org\/wp-content\/uploads\/2021\/08\/1960.png","datePublished":"2021-08-03T18:01:31+00:00","dateModified":"2021-08-03T18:01:31+00:00","breadcrumb":{"@id":"https:\/\/museojudiodecordoba.org\/linea_tiempo\/atentado-contra-alumnos-judios-del-colegio-sarmiento-de-buenos-aires\/#breadcrumb"},"inLanguage":"iw-IL","potentialAction":[{"@type":"ReadAction","target":["https:\/\/museojudiodecordoba.org\/linea_tiempo\/atentado-contra-alumnos-judios-del-colegio-sarmiento-de-buenos-aires\/"]}]},{"@type":"ImageObject","inLanguage":"iw-IL","@id":"https:\/\/museojudiodecordoba.org\/linea_tiempo\/atentado-contra-alumnos-judios-del-colegio-sarmiento-de-buenos-aires\/#primaryimage","url":"https:\/\/museojudiodecordoba.org\/wp-content\/uploads\/2021\/08\/1960.png","contentUrl":"https:\/\/museojudiodecordoba.org\/wp-content\/uploads\/2021\/08\/1960.png","width":706,"height":439},{"@type":"BreadcrumbList","@id":"https:\/\/museojudiodecordoba.org\/linea_tiempo\/atentado-contra-alumnos-judios-del-colegio-sarmiento-de-buenos-aires\/#breadcrumb","itemListElement":[{"@type":"ListItem","position":1,"name":"Portada","item":"https:\/\/museojudiodecordoba.org\/en\/"},{"@type":"ListItem","position":2,"name":"Items linea del tiempo","item":"https:\/\/museojudiodecordoba.org\/en\/linea_tiempo\/"},{"@type":"ListItem","position":3,"name":"Atentado contra alumnos jud\u00edos del colegio Sarmiento de Buenos Aires"}]},{"@type":"WebSite","@id":"https:\/\/museojudiodecordoba.org\/en\/#website","url":"https:\/\/museojudiodecordoba.org\/en\/","name":"MUJU","description":"","potentialAction":[{"@type":"SearchAction","target":{"@type":"EntryPoint","urlTemplate":"https:\/\/museojudiodecordoba.org\/en\/?s={search_term_string}"},"query-input":"required name=search_term_string"}],"inLanguage":"iw-IL"}]}},"acf":{"year":"1960","end_year":"1960","display_date":"1960","headline":"Atentado contra alumnos jud\u00edos del colegio Sarmiento de Buenos Aires","text":"En agosto, las pi\u00f1as abundaron en los secundarios, en buena medida en el conflicto entre laica y libre que enfrentaba a los que quer\u00edan una educaci\u00f3n cat\u00f3lica obligatoria y los que no. El pico fue el 17 de agosto, cuando tacuaras del Colegio Nacional Sarmiento atacaron a sus compa\u00f1eros jud\u00edos e hirieron de un tiro a Edgardo Trilnik, de 15 a\u00f1os, durante el acto de homenaje a San Mart\u00edn. Le siguieron interminables meses de bombas \u2013de las explosivas y las de alquitr\u00e1n\u2013 contra sinagogas y colegios jud\u00edos, cientos de pintadas, volanteadas y amenazas. El nivel de producci\u00f3n de las acciones de Tacuara se ve, por ejemplo, en el ataque comando en un campo de Mercedes donde se realizaba un cursillo agropecuario para futuros emigrantes a Israel, que se preparaban para trabajar en un kibbutz. Un grupo de tacuaras atac\u00f3 el lugar de noche, les dio una grave paliza a los chicos y arras\u00f3 con las simples instalaciones del campito.Para entonces la poblaci\u00f3n jud\u00eda estimada en argentina entre 292.000 y 310.000 personas. ","media":"http:\/\/museojudiodecordoba.org\/wp-content\/uploads\/2020\/12\/1960.png"},"_links":{"self":[{"href":"https:\/\/museojudiodecordoba.org\/iw\/wp-json\/wp\/v2\/ltiempo\/4149","targetHints":{"allow":["GET"]}}],"collection":[{"href":"https:\/\/museojudiodecordoba.org\/iw\/wp-json\/wp\/v2\/ltiempo"}],"about":[{"href":"https:\/\/museojudiodecordoba.org\/iw\/wp-json\/wp\/v2\/types\/linea_tiempo"}],"wp:featuredmedia":[{"embeddable":true,"href":"https:\/\/museojudiodecordoba.org\/iw\/wp-json\/wp\/v2\/media\/4150"}],"wp:attachment":[{"href":"https:\/\/museojudiodecordoba.org\/iw\/wp-json\/wp\/v2\/media?parent=4149"}],"wp:term":[{"taxonomy":"category","embeddable":true,"href":"https:\/\/museojudiodecordoba.org\/iw\/wp-json\/wp\/v2\/categories?post=4149"}],"curies":[{"name":"wp","href":"https:\/\/api.w.org\/{rel}","templated":true}]}}

Atentado contra alumnos judíos del colegio Sarmiento de Buenos Aires

<!-- This site is optimized with the Yoast SEO plugin v23.3 - https://yoast.com/wordpress/plugins/seo/ -->
<title>Atentado contra alumnos judíos del colegio Sarmiento de Buenos Aires - MUJU</title>
<meta name="robots" content="index, follow, max-snippet:-1, max-image-preview:large, max-video-preview:-1" />
<link rel="canonical" href="https://museojudiodecordoba.org/linea_tiempo/atentado-contra-alumnos-judios-del-colegio-sarmiento-de-buenos-aires/" />
<meta property="og:locale" content="en_US" />
<meta property="og:type" content="article" />
<meta property="og:title" content="Atentado contra alumnos judíos del colegio Sarmiento de Buenos Aires - MUJU" />
<meta property="og:description" content="[...]Read More..." />
<meta property="og:url" content="https://museojudiodecordoba.org/linea_tiempo/atentado-contra-alumnos-judios-del-colegio-sarmiento-de-buenos-aires/" />
<meta property="og:site_name" content="MUJU" />
<meta property="og:image" content="https://museojudiodecordoba.org/wp-content/uploads/2021/08/1960.png" />
	<meta property="og:image:width" content="706" />
	<meta property="og:image:height" content="439" />
	<meta property="og:image:type" content="image/png" />
<meta name="twitter:card" content="summary_large_image" />
<script type="application/ld+json" class="yoast-schema-graph">{"@context":"https://schema.org","@graph":[{"@type":"WebPage","@id":"https://museojudiodecordoba.org/linea_tiempo/atentado-contra-alumnos-judios-del-colegio-sarmiento-de-buenos-aires/","url":"https://museojudiodecordoba.org/linea_tiempo/atentado-contra-alumnos-judios-del-colegio-sarmiento-de-buenos-aires/","name":"Atentado contra alumnos judíos del colegio Sarmiento de Buenos Aires - MUJU","isPartOf":{"@id":"https://museojudiodecordoba.org/en/#website"},"primaryImageOfPage":{"@id":"https://museojudiodecordoba.org/linea_tiempo/atentado-contra-alumnos-judios-del-colegio-sarmiento-de-buenos-aires/#primaryimage"},"image":{"@id":"https://museojudiodecordoba.org/linea_tiempo/atentado-contra-alumnos-judios-del-colegio-sarmiento-de-buenos-aires/#primaryimage"},"thumbnailUrl":"https://museojudiodecordoba.org/wp-content/uploads/2021/08/1960.png","datePublished":"2021-08-03T18:01:31+00:00","dateModified":"2021-08-03T18:01:31+00:00","breadcrumb":{"@id":"https://museojudiodecordoba.org/linea_tiempo/atentado-contra-alumnos-judios-del-colegio-sarmiento-de-buenos-aires/#breadcrumb"},"inLanguage":"iw-IL","potentialAction":[{"@type":"ReadAction","target":["https://museojudiodecordoba.org/linea_tiempo/atentado-contra-alumnos-judios-del-colegio-sarmiento-de-buenos-aires/"]}]},{"@type":"ImageObject","inLanguage":"iw-IL","@id":"https://museojudiodecordoba.org/linea_tiempo/atentado-contra-alumnos-judios-del-colegio-sarmiento-de-buenos-aires/#primaryimage","url":"https://museojudiodecordoba.org/wp-content/uploads/2021/08/1960.png","contentUrl":"https://museojudiodecordoba.org/wp-content/uploads/2021/08/1960.png","width":706,"height":439},{"@type":"BreadcrumbList","@id":"https://museojudiodecordoba.org/linea_tiempo/atentado-contra-alumnos-judios-del-colegio-sarmiento-de-buenos-aires/#breadcrumb","itemListElement":[{"@type":"ListItem","position":1,"name":"Portada","item":"https://museojudiodecordoba.org/en/"},{"@type":"ListItem","position":2,"name":"Items linea del tiempo","item":"https://museojudiodecordoba.org/en/linea_tiempo/"},{"@type":"ListItem","position":3,"name":"Atentado contra alumnos judíos del colegio Sarmiento de Buenos Aires"}]},{"@type":"WebSite","@id":"https://museojudiodecordoba.org/en/#website","url":"https://museojudiodecordoba.org/en/","name":"MUJU","description":"","potentialAction":[{"@type":"SearchAction","target":{"@type":"EntryPoint","urlTemplate":"https://museojudiodecordoba.org/en/?s={search_term_string}"},"query-input":"required name=search_term_string"}],"inLanguage":"iw-IL"}]}</script>
<!-- / Yoast SEO plugin. -->

Atentado contra alumnos judíos del colegio Sarmiento de Buenos Aires - MUJU

En agosto, las piñas abundaron en los secundarios, en buena medida en el conflicto entre laica y libre que enfrentaba a los que querían una educación católica obligatoria y los que no. El pico fue el 17 de agosto, cuando tacuaras del Colegio Nacional Sarmiento atacaron a sus compañeros judíos e hirieron de un tiro a Edgardo Trilnik, de 15 años, durante el acto de homenaje a San Martín. Le siguieron interminables meses de bombas –de las explosivas y las de alquitrán– contra sinagogas y colegios judíos, cientos de pintadas, volanteadas y amenazas. El nivel de producción de las acciones de Tacuara se ve, por ejemplo, en el ataque comando en un campo de Mercedes donde se realizaba un cursillo agropecuario para futuros emigrantes a Israel, que se preparaban para trabajar en un kibbutz. Un grupo de tacuaras atacó el lugar de noche, les dio una grave paliza a los chicos y arrasó con las simples instalaciones del campito.Para entonces la población judía estimada en argentina entre 292.000 y 310.000 personas.
