{"id":4153,"date":"2021-08-03T18:01:28","date_gmt":"2021-08-03T18:01:28","guid":{"rendered":"http:\/\/museojudiodecordoba.org\/?post_type=linea_tiempo&#038;p=4153"},"modified":"2021-08-03T18:01:28","modified_gmt":"2021-08-03T18:01:28","slug":"recomienzan-los-atentados-antisemitas","status":"publish","type":"linea_tiempo","link":"https:\/\/museojudiodecordoba.org\/iw\/linea_tiempo\/recomienzan-los-atentados-antisemitas\/","title":{"rendered":"Recomienzan los atentados antisemitas"},"featured_media":4154,"template":"","meta":{"inline_featured_image":false},"categories":[204],"class_list":["post-4153","linea_tiempo","type-linea_tiempo","status-publish","has-post-thumbnail","hentry","category-204"],"yoast_head":"<!-- This site is optimized with the Yoast SEO plugin v23.3 - https:\/\/yoast.com\/wordpress\/plugins\/seo\/ -->\n<title>Recomienzan los atentados antisemitas - MUJU<\/title>\n<meta name=\"robots\" content=\"index, follow, max-snippet:-1, max-image-preview:large, max-video-preview:-1\" \/>\n<link rel=\"canonical\" href=\"https:\/\/museojudiodecordoba.org\/linea_tiempo\/recomienzan-los-atentados-antisemitas\/\" \/>\n<meta property=\"og:locale\" content=\"en_US\" \/>\n<meta property=\"og:type\" content=\"article\" \/>\n<meta property=\"og:title\" content=\"Recomienzan los atentados antisemitas - MUJU\" \/>\n<meta property=\"og:description\" content=\"[...]Read More...\" \/>\n<meta property=\"og:url\" content=\"https:\/\/museojudiodecordoba.org\/linea_tiempo\/recomienzan-los-atentados-antisemitas\/\" \/>\n<meta property=\"og:site_name\" content=\"MUJU\" \/>\n<meta property=\"og:image\" content=\"https:\/\/museojudiodecordoba.org\/wp-content\/uploads\/2021\/08\/1961.png\" \/>\n\t<meta property=\"og:image:width\" content=\"706\" \/>\n\t<meta property=\"og:image:height\" content=\"399\" \/>\n\t<meta property=\"og:image:type\" content=\"image\/png\" \/>\n<meta name=\"twitter:card\" content=\"summary_large_image\" \/>\n<script type=\"application\/ld+json\" class=\"yoast-schema-graph\">{\"@context\":\"https:\/\/schema.org\",\"@graph\":[{\"@type\":\"WebPage\",\"@id\":\"https:\/\/museojudiodecordoba.org\/linea_tiempo\/recomienzan-los-atentados-antisemitas\/\",\"url\":\"https:\/\/museojudiodecordoba.org\/linea_tiempo\/recomienzan-los-atentados-antisemitas\/\",\"name\":\"Recomienzan los atentados antisemitas - MUJU\",\"isPartOf\":{\"@id\":\"https:\/\/museojudiodecordoba.org\/en\/#website\"},\"primaryImageOfPage\":{\"@id\":\"https:\/\/museojudiodecordoba.org\/linea_tiempo\/recomienzan-los-atentados-antisemitas\/#primaryimage\"},\"image\":{\"@id\":\"https:\/\/museojudiodecordoba.org\/linea_tiempo\/recomienzan-los-atentados-antisemitas\/#primaryimage\"},\"thumbnailUrl\":\"https:\/\/museojudiodecordoba.org\/wp-content\/uploads\/2021\/08\/1961.png\",\"datePublished\":\"2021-08-03T18:01:28+00:00\",\"dateModified\":\"2021-08-03T18:01:28+00:00\",\"breadcrumb\":{\"@id\":\"https:\/\/museojudiodecordoba.org\/linea_tiempo\/recomienzan-los-atentados-antisemitas\/#breadcrumb\"},\"inLanguage\":\"iw-IL\",\"potentialAction\":[{\"@type\":\"ReadAction\",\"target\":[\"https:\/\/museojudiodecordoba.org\/linea_tiempo\/recomienzan-los-atentados-antisemitas\/\"]}]},{\"@type\":\"ImageObject\",\"inLanguage\":\"iw-IL\",\"@id\":\"https:\/\/museojudiodecordoba.org\/linea_tiempo\/recomienzan-los-atentados-antisemitas\/#primaryimage\",\"url\":\"https:\/\/museojudiodecordoba.org\/wp-content\/uploads\/2021\/08\/1961.png\",\"contentUrl\":\"https:\/\/museojudiodecordoba.org\/wp-content\/uploads\/2021\/08\/1961.png\",\"width\":706,\"height\":399},{\"@type\":\"BreadcrumbList\",\"@id\":\"https:\/\/museojudiodecordoba.org\/linea_tiempo\/recomienzan-los-atentados-antisemitas\/#breadcrumb\",\"itemListElement\":[{\"@type\":\"ListItem\",\"position\":1,\"name\":\"Portada\",\"item\":\"https:\/\/museojudiodecordoba.org\/en\/\"},{\"@type\":\"ListItem\",\"position\":2,\"name\":\"Items linea del tiempo\",\"item\":\"https:\/\/museojudiodecordoba.org\/en\/linea_tiempo\/\"},{\"@type\":\"ListItem\",\"position\":3,\"name\":\"Recomienzan los atentados antisemitas\"}]},{\"@type\":\"WebSite\",\"@id\":\"https:\/\/museojudiodecordoba.org\/en\/#website\",\"url\":\"https:\/\/museojudiodecordoba.org\/en\/\",\"name\":\"MUJU\",\"description\":\"\",\"potentialAction\":[{\"@type\":\"SearchAction\",\"target\":{\"@type\":\"EntryPoint\",\"urlTemplate\":\"https:\/\/museojudiodecordoba.org\/en\/?s={search_term_string}\"},\"query-input\":\"required name=search_term_string\"}],\"inLanguage\":\"iw-IL\"}]}<\/script>\n<!-- \/ Yoast SEO plugin. -->","yoast_head_json":{"title":"Recomienzan los atentados antisemitas - MUJU","robots":{"index":"index","follow":"follow","max-snippet":"max-snippet:-1","max-image-preview":"max-image-preview:large","max-video-preview":"max-video-preview:-1"},"canonical":"https:\/\/museojudiodecordoba.org\/linea_tiempo\/recomienzan-los-atentados-antisemitas\/","og_locale":"en_US","og_type":"article","og_title":"Recomienzan los atentados antisemitas - MUJU","og_description":"[...]Read More...","og_url":"https:\/\/museojudiodecordoba.org\/linea_tiempo\/recomienzan-los-atentados-antisemitas\/","og_site_name":"MUJU","og_image":[{"width":706,"height":399,"url":"https:\/\/museojudiodecordoba.org\/wp-content\/uploads\/2021\/08\/1961.png","type":"image\/png"}],"twitter_card":"summary_large_image","schema":{"@context":"https:\/\/schema.org","@graph":[{"@type":"WebPage","@id":"https:\/\/museojudiodecordoba.org\/linea_tiempo\/recomienzan-los-atentados-antisemitas\/","url":"https:\/\/museojudiodecordoba.org\/linea_tiempo\/recomienzan-los-atentados-antisemitas\/","name":"Recomienzan los atentados antisemitas - MUJU","isPartOf":{"@id":"https:\/\/museojudiodecordoba.org\/en\/#website"},"primaryImageOfPage":{"@id":"https:\/\/museojudiodecordoba.org\/linea_tiempo\/recomienzan-los-atentados-antisemitas\/#primaryimage"},"image":{"@id":"https:\/\/museojudiodecordoba.org\/linea_tiempo\/recomienzan-los-atentados-antisemitas\/#primaryimage"},"thumbnailUrl":"https:\/\/museojudiodecordoba.org\/wp-content\/uploads\/2021\/08\/1961.png","datePublished":"2021-08-03T18:01:28+00:00","dateModified":"2021-08-03T18:01:28+00:00","breadcrumb":{"@id":"https:\/\/museojudiodecordoba.org\/linea_tiempo\/recomienzan-los-atentados-antisemitas\/#breadcrumb"},"inLanguage":"iw-IL","potentialAction":[{"@type":"ReadAction","target":["https:\/\/museojudiodecordoba.org\/linea_tiempo\/recomienzan-los-atentados-antisemitas\/"]}]},{"@type":"ImageObject","inLanguage":"iw-IL","@id":"https:\/\/museojudiodecordoba.org\/linea_tiempo\/recomienzan-los-atentados-antisemitas\/#primaryimage","url":"https:\/\/museojudiodecordoba.org\/wp-content\/uploads\/2021\/08\/1961.png","contentUrl":"https:\/\/museojudiodecordoba.org\/wp-content\/uploads\/2021\/08\/1961.png","width":706,"height":399},{"@type":"BreadcrumbList","@id":"https:\/\/museojudiodecordoba.org\/linea_tiempo\/recomienzan-los-atentados-antisemitas\/#breadcrumb","itemListElement":[{"@type":"ListItem","position":1,"name":"Portada","item":"https:\/\/museojudiodecordoba.org\/en\/"},{"@type":"ListItem","position":2,"name":"Items linea del tiempo","item":"https:\/\/museojudiodecordoba.org\/en\/linea_tiempo\/"},{"@type":"ListItem","position":3,"name":"Recomienzan los atentados antisemitas"}]},{"@type":"WebSite","@id":"https:\/\/museojudiodecordoba.org\/en\/#website","url":"https:\/\/museojudiodecordoba.org\/en\/","name":"MUJU","description":"","potentialAction":[{"@type":"SearchAction","target":{"@type":"EntryPoint","urlTemplate":"https:\/\/museojudiodecordoba.org\/en\/?s={search_term_string}"},"query-input":"required name=search_term_string"}],"inLanguage":"iw-IL"}]}},"acf":{"year":"1961","end_year":"1961","display_date":"1961","headline":"Recomienzan los atentados antisemitas","text":"Cuando un comando israel\u00ed captur\u00f3 al criminal de guerra nazi Adolf Eichmann en un suburbio de Buenos Aires, dio inicio a un arranque de una campa\u00f1a de violencia antisemita en Argentina como no se hab\u00eda visto en el pa\u00eds y como no se volvi\u00f3 a ver desde entonces. Protagonizada por Tacuara, la campa\u00f1a de ataques dur\u00f3 casi cuatro a\u00f1os. Este hecho tambi\u00e9n marc\u00f3 la primera vez en que los argentinos jud\u00edos se defendieron, cambi\u00f3 el mismo concepto de organizaci\u00f3n institucional de la comunidad y dispar\u00f3 la emigraci\u00f3n a Israel, hasta entonces m\u00ednima.","media":"http:\/\/museojudiodecordoba.org\/wp-content\/uploads\/2020\/12\/1961.png"},"_links":{"self":[{"href":"https:\/\/museojudiodecordoba.org\/iw\/wp-json\/wp\/v2\/ltiempo\/4153","targetHints":{"allow":["GET"]}}],"collection":[{"href":"https:\/\/museojudiodecordoba.org\/iw\/wp-json\/wp\/v2\/ltiempo"}],"about":[{"href":"https:\/\/museojudiodecordoba.org\/iw\/wp-json\/wp\/v2\/types\/linea_tiempo"}],"wp:featuredmedia":[{"embeddable":true,"href":"https:\/\/museojudiodecordoba.org\/iw\/wp-json\/wp\/v2\/media\/4154"}],"wp:attachment":[{"href":"https:\/\/museojudiodecordoba.org\/iw\/wp-json\/wp\/v2\/media?parent=4153"}],"wp:term":[{"taxonomy":"category","embeddable":true,"href":"https:\/\/museojudiodecordoba.org\/iw\/wp-json\/wp\/v2\/categories?post=4153"}],"curies":[{"name":"wp","href":"https:\/\/api.w.org\/{rel}","templated":true}]}}

Cuando un comando israelí capturó al criminal de guerra nazi Adolf Eichmann en un suburbio de Buenos Aires, dio inicio a un arranque de una campaña de violencia antisemita en Argentina como no se había visto en el país y como no se volvió a ver desde entonces. Protagonizada por Tacuara, la campaña de ataques duró casi cuatro años. Este hecho también marcó la primera vez en que los argentinos judíos se defendieron, cambió el mismo concepto de organización institucional de la comunidad y disparó la emigración a Israel, hasta entonces mínima.
