{"id":4157,"date":"2021-08-03T18:01:25","date_gmt":"2021-08-03T18:01:25","guid":{"rendered":"http:\/\/museojudiodecordoba.org\/?post_type=linea_tiempo&#038;p=4157"},"modified":"2021-08-03T18:01:25","modified_gmt":"2021-08-03T18:01:25","slug":"aumento-de-la-violencia-antisemita","status":"publish","type":"linea_tiempo","link":"https:\/\/museojudiodecordoba.org\/iw\/linea_tiempo\/aumento-de-la-violencia-antisemita\/","title":{"rendered":"Aumento de la violencia antisemita"},"featured_media":4158,"template":"","meta":{"inline_featured_image":false},"categories":[204],"class_list":["post-4157","linea_tiempo","type-linea_tiempo","status-publish","has-post-thumbnail","hentry","category-204"],"yoast_head":"<!-- This site is optimized with the Yoast SEO plugin v23.3 - https:\/\/yoast.com\/wordpress\/plugins\/seo\/ -->\n<title>Aumento de la violencia antisemita - MUJU<\/title>\n<meta name=\"robots\" content=\"index, follow, max-snippet:-1, max-image-preview:large, max-video-preview:-1\" \/>\n<link rel=\"canonical\" href=\"https:\/\/museojudiodecordoba.org\/linea_tiempo\/aumento-de-la-violencia-antisemita\/\" \/>\n<meta property=\"og:locale\" content=\"en_US\" \/>\n<meta property=\"og:type\" content=\"article\" \/>\n<meta property=\"og:title\" content=\"Aumento de la violencia antisemita - MUJU\" \/>\n<meta property=\"og:description\" content=\"[...]Read More...\" \/>\n<meta property=\"og:url\" content=\"https:\/\/museojudiodecordoba.org\/linea_tiempo\/aumento-de-la-violencia-antisemita\/\" \/>\n<meta property=\"og:site_name\" content=\"MUJU\" \/>\n<meta property=\"og:image\" content=\"https:\/\/museojudiodecordoba.org\/wp-content\/uploads\/2021\/08\/1962B.png\" \/>\n\t<meta property=\"og:image:width\" content=\"378\" \/>\n\t<meta property=\"og:image:height\" content=\"579\" \/>\n\t<meta property=\"og:image:type\" content=\"image\/png\" \/>\n<meta name=\"twitter:card\" content=\"summary_large_image\" \/>\n<script type=\"application\/ld+json\" class=\"yoast-schema-graph\">{\"@context\":\"https:\/\/schema.org\",\"@graph\":[{\"@type\":\"WebPage\",\"@id\":\"https:\/\/museojudiodecordoba.org\/linea_tiempo\/aumento-de-la-violencia-antisemita\/\",\"url\":\"https:\/\/museojudiodecordoba.org\/linea_tiempo\/aumento-de-la-violencia-antisemita\/\",\"name\":\"Aumento de la violencia antisemita - MUJU\",\"isPartOf\":{\"@id\":\"https:\/\/museojudiodecordoba.org\/en\/#website\"},\"primaryImageOfPage\":{\"@id\":\"https:\/\/museojudiodecordoba.org\/linea_tiempo\/aumento-de-la-violencia-antisemita\/#primaryimage\"},\"image\":{\"@id\":\"https:\/\/museojudiodecordoba.org\/linea_tiempo\/aumento-de-la-violencia-antisemita\/#primaryimage\"},\"thumbnailUrl\":\"https:\/\/museojudiodecordoba.org\/wp-content\/uploads\/2021\/08\/1962B.png\",\"datePublished\":\"2021-08-03T18:01:25+00:00\",\"dateModified\":\"2021-08-03T18:01:25+00:00\",\"breadcrumb\":{\"@id\":\"https:\/\/museojudiodecordoba.org\/linea_tiempo\/aumento-de-la-violencia-antisemita\/#breadcrumb\"},\"inLanguage\":\"iw-IL\",\"potentialAction\":[{\"@type\":\"ReadAction\",\"target\":[\"https:\/\/museojudiodecordoba.org\/linea_tiempo\/aumento-de-la-violencia-antisemita\/\"]}]},{\"@type\":\"ImageObject\",\"inLanguage\":\"iw-IL\",\"@id\":\"https:\/\/museojudiodecordoba.org\/linea_tiempo\/aumento-de-la-violencia-antisemita\/#primaryimage\",\"url\":\"https:\/\/museojudiodecordoba.org\/wp-content\/uploads\/2021\/08\/1962B.png\",\"contentUrl\":\"https:\/\/museojudiodecordoba.org\/wp-content\/uploads\/2021\/08\/1962B.png\",\"width\":378,\"height\":579},{\"@type\":\"BreadcrumbList\",\"@id\":\"https:\/\/museojudiodecordoba.org\/linea_tiempo\/aumento-de-la-violencia-antisemita\/#breadcrumb\",\"itemListElement\":[{\"@type\":\"ListItem\",\"position\":1,\"name\":\"Portada\",\"item\":\"https:\/\/museojudiodecordoba.org\/en\/\"},{\"@type\":\"ListItem\",\"position\":2,\"name\":\"Items linea del tiempo\",\"item\":\"https:\/\/museojudiodecordoba.org\/en\/linea_tiempo\/\"},{\"@type\":\"ListItem\",\"position\":3,\"name\":\"Aumento de la violencia antisemita\"}]},{\"@type\":\"WebSite\",\"@id\":\"https:\/\/museojudiodecordoba.org\/en\/#website\",\"url\":\"https:\/\/museojudiodecordoba.org\/en\/\",\"name\":\"MUJU\",\"description\":\"\",\"potentialAction\":[{\"@type\":\"SearchAction\",\"target\":{\"@type\":\"EntryPoint\",\"urlTemplate\":\"https:\/\/museojudiodecordoba.org\/en\/?s={search_term_string}\"},\"query-input\":\"required name=search_term_string\"}],\"inLanguage\":\"iw-IL\"}]}<\/script>\n<!-- \/ Yoast SEO plugin. -->","yoast_head_json":{"title":"Aumento de la violencia antisemita - MUJU","robots":{"index":"index","follow":"follow","max-snippet":"max-snippet:-1","max-image-preview":"max-image-preview:large","max-video-preview":"max-video-preview:-1"},"canonical":"https:\/\/museojudiodecordoba.org\/linea_tiempo\/aumento-de-la-violencia-antisemita\/","og_locale":"en_US","og_type":"article","og_title":"Aumento de la violencia antisemita - MUJU","og_description":"[...]Read More...","og_url":"https:\/\/museojudiodecordoba.org\/linea_tiempo\/aumento-de-la-violencia-antisemita\/","og_site_name":"MUJU","og_image":[{"width":378,"height":579,"url":"https:\/\/museojudiodecordoba.org\/wp-content\/uploads\/2021\/08\/1962B.png","type":"image\/png"}],"twitter_card":"summary_large_image","schema":{"@context":"https:\/\/schema.org","@graph":[{"@type":"WebPage","@id":"https:\/\/museojudiodecordoba.org\/linea_tiempo\/aumento-de-la-violencia-antisemita\/","url":"https:\/\/museojudiodecordoba.org\/linea_tiempo\/aumento-de-la-violencia-antisemita\/","name":"Aumento de la violencia antisemita - MUJU","isPartOf":{"@id":"https:\/\/museojudiodecordoba.org\/en\/#website"},"primaryImageOfPage":{"@id":"https:\/\/museojudiodecordoba.org\/linea_tiempo\/aumento-de-la-violencia-antisemita\/#primaryimage"},"image":{"@id":"https:\/\/museojudiodecordoba.org\/linea_tiempo\/aumento-de-la-violencia-antisemita\/#primaryimage"},"thumbnailUrl":"https:\/\/museojudiodecordoba.org\/wp-content\/uploads\/2021\/08\/1962B.png","datePublished":"2021-08-03T18:01:25+00:00","dateModified":"2021-08-03T18:01:25+00:00","breadcrumb":{"@id":"https:\/\/museojudiodecordoba.org\/linea_tiempo\/aumento-de-la-violencia-antisemita\/#breadcrumb"},"inLanguage":"iw-IL","potentialAction":[{"@type":"ReadAction","target":["https:\/\/museojudiodecordoba.org\/linea_tiempo\/aumento-de-la-violencia-antisemita\/"]}]},{"@type":"ImageObject","inLanguage":"iw-IL","@id":"https:\/\/museojudiodecordoba.org\/linea_tiempo\/aumento-de-la-violencia-antisemita\/#primaryimage","url":"https:\/\/museojudiodecordoba.org\/wp-content\/uploads\/2021\/08\/1962B.png","contentUrl":"https:\/\/museojudiodecordoba.org\/wp-content\/uploads\/2021\/08\/1962B.png","width":378,"height":579},{"@type":"BreadcrumbList","@id":"https:\/\/museojudiodecordoba.org\/linea_tiempo\/aumento-de-la-violencia-antisemita\/#breadcrumb","itemListElement":[{"@type":"ListItem","position":1,"name":"Portada","item":"https:\/\/museojudiodecordoba.org\/en\/"},{"@type":"ListItem","position":2,"name":"Items linea del tiempo","item":"https:\/\/museojudiodecordoba.org\/en\/linea_tiempo\/"},{"@type":"ListItem","position":3,"name":"Aumento de la violencia antisemita"}]},{"@type":"WebSite","@id":"https:\/\/museojudiodecordoba.org\/en\/#website","url":"https:\/\/museojudiodecordoba.org\/en\/","name":"MUJU","description":"","potentialAction":[{"@type":"SearchAction","target":{"@type":"EntryPoint","urlTemplate":"https:\/\/museojudiodecordoba.org\/en\/?s={search_term_string}"},"query-input":"required name=search_term_string"}],"inLanguage":"iw-IL"}]}},"acf":{"year":"1962","end_year":"1962","display_date":"1962","headline":"Aumento de la violencia antisemita","text":"La ejecuci\u00f3n de Eichmann, el 31 de mayo de 1962, sirvi\u00f3 de disparador a los nacionalistas Tacuara para una serie de treinta ataques antisemitas. El m\u00e1s grave fue el secuestro de Graciela Sirota, el 21 de junio. La chica de 19 a\u00f1os fue golpeada, subida a un auto cuando esperaba el colectivo para ir a la facultad y torturada groseramente con quemaduras de cigarrillos por todo el cuerpo. Para terminar, le grabaron con una navaja una esv\u00e1stica en el pecho.Si bien sus agresores nunca fueron identificados, la agrupaci\u00f3n Tacuara \u2014una formaci\u00f3n de ultraderecha neofascista, inspirada por la pr\u00e9dica del sacerdote cat\u00f3lico Julio Meinvielle\u2014 justific\u00f3 el hecho. Esta agrupaci\u00f3n se desarroll\u00f3 entre 1957 y 1965 -aproximadamente- con una serie de acciones violentas de car\u00e1cter antisemita, que contaba adem\u00e1s con el benepl\u00e1cito de la Polic\u00eda local.El aval de la Polic\u00eda Federal lleg\u00f3 hasta tal punto que estas bandas, a cargo del capit\u00e1n de nav\u00edo Horacio Green, fueron denunciadas, primero, por negar el hecho y, luego, por haber acusado a las instituciones jud\u00edas de promover des\u00f3rdenes y de expresar simpat\u00eda por la ideolog\u00eda comunista.Estos acontecimientos antisemitas que ocurrieron con el caso del secuestro de Graciela Sirota, sumado a la aparici\u00f3n del grupo Tacuara, m\u00e1s el golpe de Estado perpetuado al presidente electo Arturo Frondizi y acompa\u00f1ada por la crisis pol\u00edtico- econ\u00f3mica argentina incrementaron la emigraci\u00f3n hacia Israel. Entre 1962 y 1963 la inmigraci\u00f3n procedente de Argentina lleg\u00f3 a su apogeo.En el a\u00f1o 60 llega Marshall Meyer a la Argentina, esa d\u00e9cada era la d\u00e9cada fundacional del movimiento Masort\u00ed en Argentina o conservadora en Am\u00e9rica Latina dir\u00eda. Funda el Seminario Rab\u00ednico Latinoamericano que ya ten\u00eda sucursales en Nueva York y en Israel y funda una comunidad que es Bet El en Buenos Aires. ","media":"http:\/\/museojudiodecordoba.org\/wp-content\/uploads\/2020\/12\/1962B.png"},"_links":{"self":[{"href":"https:\/\/museojudiodecordoba.org\/iw\/wp-json\/wp\/v2\/ltiempo\/4157","targetHints":{"allow":["GET"]}}],"collection":[{"href":"https:\/\/museojudiodecordoba.org\/iw\/wp-json\/wp\/v2\/ltiempo"}],"about":[{"href":"https:\/\/museojudiodecordoba.org\/iw\/wp-json\/wp\/v2\/types\/linea_tiempo"}],"wp:featuredmedia":[{"embeddable":true,"href":"https:\/\/museojudiodecordoba.org\/iw\/wp-json\/wp\/v2\/media\/4158"}],"wp:attachment":[{"href":"https:\/\/museojudiodecordoba.org\/iw\/wp-json\/wp\/v2\/media?parent=4157"}],"wp:term":[{"taxonomy":"category","embeddable":true,"href":"https:\/\/museojudiodecordoba.org\/iw\/wp-json\/wp\/v2\/categories?post=4157"}],"curies":[{"name":"wp","href":"https:\/\/api.w.org\/{rel}","templated":true}]}}

La ejecución de Eichmann, el 31 de mayo de 1962, sirvió de disparador a los nacionalistas Tacuara para una serie de treinta ataques antisemitas. El más grave fue el secuestro de Graciela Sirota, el 21 de junio. La chica de 19 años fue golpeada, subida a un auto cuando esperaba el colectivo para ir a la facultad y torturada groseramente con quemaduras de cigarrillos por todo el cuerpo. Para terminar, le grabaron con una navaja una esvástica en el pecho.Si bien sus agresores nunca fueron identificados, la agrupación Tacuara —una formación de ultraderecha neofascista, inspirada por la prédica del sacerdote católico Julio Meinvielle— justificó el hecho. Esta agrupación se desarrolló entre 1957 y 1965 -aproximadamente- con una serie de acciones violentas de carácter antisemita, que contaba además con el beneplácito de la Policía local.El aval de la Policía Federal llegó hasta tal punto que estas bandas, a cargo del capitán de navío Horacio Green, fueron denunciadas, primero, por negar el hecho y, luego, por haber acusado a las instituciones judías de promover desórdenes y de expresar simpatía por la ideología comunista.Estos acontecimientos antisemitas que ocurrieron con el caso del secuestro de Graciela Sirota, sumado a la aparición del grupo Tacuara, más el golpe de Estado perpetuado al presidente electo Arturo Frondizi y acompañada por la crisis político- económica argentina incrementaron la emigración hacia Israel. Entre 1962 y 1963 la inmigración procedente de Argentina llegó a su apogeo.En el año 60 llega Marshall Meyer a la Argentina, esa década era la década fundacional del movimiento Masortí en Argentina o conservadora en América Latina diría. Funda el Seminario Rabínico Latinoamericano que ya tenía sucursales en Nueva York y en Israel y funda una comunidad que es Bet El en Buenos Aires.
