{"id":4159,"date":"2021-08-03T18:01:23","date_gmt":"2021-08-03T18:01:23","guid":{"rendered":"http:\/\/museojudiodecordoba.org\/?post_type=linea_tiempo&#038;p=4159"},"modified":"2021-08-03T18:01:23","modified_gmt":"2021-08-03T18:01:23","slug":"fallecimiento-de-nusin-lerner-rabino-durante-35-anos-del-centro-union-israelita","status":"publish","type":"linea_tiempo","link":"https:\/\/museojudiodecordoba.org\/iw\/linea_tiempo\/fallecimiento-de-nusin-lerner-rabino-durante-35-anos-del-centro-union-israelita\/","title":{"rendered":"Fallecimiento de Nusin Lerner, Rabino durante 35 a\u00f1os del Centro Uni\u00f3n Israelita"},"featured_media":4160,"template":"","meta":{"inline_featured_image":false},"categories":[204],"class_list":["post-4159","linea_tiempo","type-linea_tiempo","status-publish","has-post-thumbnail","hentry","category-204"],"yoast_head":"<!-- This site is optimized with the Yoast SEO plugin v23.3 - https:\/\/yoast.com\/wordpress\/plugins\/seo\/ -->\n<title>Fallecimiento de Nusin Lerner, Rabino durante 35 a\u00f1os del Centro Uni\u00f3n Israelita - MUJU<\/title>\n<meta name=\"robots\" content=\"index, follow, max-snippet:-1, max-image-preview:large, max-video-preview:-1\" \/>\n<link rel=\"canonical\" href=\"https:\/\/museojudiodecordoba.org\/linea_tiempo\/fallecimiento-de-nusin-lerner-rabino-durante-35-anos-del-centro-union-israelita\/\" \/>\n<meta property=\"og:locale\" content=\"en_US\" \/>\n<meta property=\"og:type\" content=\"article\" \/>\n<meta property=\"og:title\" content=\"Fallecimiento de Nusin Lerner, Rabino durante 35 a\u00f1os del Centro Uni\u00f3n Israelita - MUJU\" \/>\n<meta property=\"og:description\" content=\"[...]Read More...\" \/>\n<meta property=\"og:url\" content=\"https:\/\/museojudiodecordoba.org\/linea_tiempo\/fallecimiento-de-nusin-lerner-rabino-durante-35-anos-del-centro-union-israelita\/\" \/>\n<meta property=\"og:site_name\" content=\"MUJU\" \/>\n<meta property=\"og:image\" content=\"https:\/\/museojudiodecordoba.org\/wp-content\/uploads\/2021\/08\/6Z9A7600.jpg\" \/>\n\t<meta property=\"og:image:width\" content=\"1726\" \/>\n\t<meta property=\"og:image:height\" content=\"2500\" \/>\n\t<meta property=\"og:image:type\" content=\"image\/jpeg\" \/>\n<meta name=\"twitter:card\" content=\"summary_large_image\" \/>\n<script type=\"application\/ld+json\" class=\"yoast-schema-graph\">{\"@context\":\"https:\/\/schema.org\",\"@graph\":[{\"@type\":\"WebPage\",\"@id\":\"https:\/\/museojudiodecordoba.org\/linea_tiempo\/fallecimiento-de-nusin-lerner-rabino-durante-35-anos-del-centro-union-israelita\/\",\"url\":\"https:\/\/museojudiodecordoba.org\/linea_tiempo\/fallecimiento-de-nusin-lerner-rabino-durante-35-anos-del-centro-union-israelita\/\",\"name\":\"Fallecimiento de Nusin Lerner, Rabino durante 35 a\u00f1os del Centro Uni\u00f3n Israelita - MUJU\",\"isPartOf\":{\"@id\":\"https:\/\/museojudiodecordoba.org\/en\/#website\"},\"primaryImageOfPage\":{\"@id\":\"https:\/\/museojudiodecordoba.org\/linea_tiempo\/fallecimiento-de-nusin-lerner-rabino-durante-35-anos-del-centro-union-israelita\/#primaryimage\"},\"image\":{\"@id\":\"https:\/\/museojudiodecordoba.org\/linea_tiempo\/fallecimiento-de-nusin-lerner-rabino-durante-35-anos-del-centro-union-israelita\/#primaryimage\"},\"thumbnailUrl\":\"https:\/\/museojudiodecordoba.org\/wp-content\/uploads\/2021\/08\/6Z9A7600.jpg\",\"datePublished\":\"2021-08-03T18:01:23+00:00\",\"dateModified\":\"2021-08-03T18:01:23+00:00\",\"breadcrumb\":{\"@id\":\"https:\/\/museojudiodecordoba.org\/linea_tiempo\/fallecimiento-de-nusin-lerner-rabino-durante-35-anos-del-centro-union-israelita\/#breadcrumb\"},\"inLanguage\":\"iw-IL\",\"potentialAction\":[{\"@type\":\"ReadAction\",\"target\":[\"https:\/\/museojudiodecordoba.org\/linea_tiempo\/fallecimiento-de-nusin-lerner-rabino-durante-35-anos-del-centro-union-israelita\/\"]}]},{\"@type\":\"ImageObject\",\"inLanguage\":\"iw-IL\",\"@id\":\"https:\/\/museojudiodecordoba.org\/linea_tiempo\/fallecimiento-de-nusin-lerner-rabino-durante-35-anos-del-centro-union-israelita\/#primaryimage\",\"url\":\"https:\/\/museojudiodecordoba.org\/wp-content\/uploads\/2021\/08\/6Z9A7600.jpg\",\"contentUrl\":\"https:\/\/museojudiodecordoba.org\/wp-content\/uploads\/2021\/08\/6Z9A7600.jpg\",\"width\":1726,\"height\":2500},{\"@type\":\"BreadcrumbList\",\"@id\":\"https:\/\/museojudiodecordoba.org\/linea_tiempo\/fallecimiento-de-nusin-lerner-rabino-durante-35-anos-del-centro-union-israelita\/#breadcrumb\",\"itemListElement\":[{\"@type\":\"ListItem\",\"position\":1,\"name\":\"Portada\",\"item\":\"https:\/\/museojudiodecordoba.org\/en\/\"},{\"@type\":\"ListItem\",\"position\":2,\"name\":\"Items linea del tiempo\",\"item\":\"https:\/\/museojudiodecordoba.org\/en\/linea_tiempo\/\"},{\"@type\":\"ListItem\",\"position\":3,\"name\":\"Fallecimiento de Nusin Lerner, Rabino durante 35 a\u00f1os del Centro Uni\u00f3n Israelita\"}]},{\"@type\":\"WebSite\",\"@id\":\"https:\/\/museojudiodecordoba.org\/en\/#website\",\"url\":\"https:\/\/museojudiodecordoba.org\/en\/\",\"name\":\"MUJU\",\"description\":\"\",\"potentialAction\":[{\"@type\":\"SearchAction\",\"target\":{\"@type\":\"EntryPoint\",\"urlTemplate\":\"https:\/\/museojudiodecordoba.org\/en\/?s={search_term_string}\"},\"query-input\":\"required name=search_term_string\"}],\"inLanguage\":\"iw-IL\"}]}<\/script>\n<!-- \/ Yoast SEO plugin. -->","yoast_head_json":{"title":"Fallecimiento de Nusin Lerner, Rabino durante 35 a\u00f1os del Centro Uni\u00f3n Israelita - MUJU","robots":{"index":"index","follow":"follow","max-snippet":"max-snippet:-1","max-image-preview":"max-image-preview:large","max-video-preview":"max-video-preview:-1"},"canonical":"https:\/\/museojudiodecordoba.org\/linea_tiempo\/fallecimiento-de-nusin-lerner-rabino-durante-35-anos-del-centro-union-israelita\/","og_locale":"en_US","og_type":"article","og_title":"Fallecimiento de Nusin Lerner, Rabino durante 35 a\u00f1os del Centro Uni\u00f3n Israelita - MUJU","og_description":"[...]Read More...","og_url":"https:\/\/museojudiodecordoba.org\/linea_tiempo\/fallecimiento-de-nusin-lerner-rabino-durante-35-anos-del-centro-union-israelita\/","og_site_name":"MUJU","og_image":[{"width":1726,"height":2500,"url":"https:\/\/museojudiodecordoba.org\/wp-content\/uploads\/2021\/08\/6Z9A7600.jpg","type":"image\/jpeg"}],"twitter_card":"summary_large_image","schema":{"@context":"https:\/\/schema.org","@graph":[{"@type":"WebPage","@id":"https:\/\/museojudiodecordoba.org\/linea_tiempo\/fallecimiento-de-nusin-lerner-rabino-durante-35-anos-del-centro-union-israelita\/","url":"https:\/\/museojudiodecordoba.org\/linea_tiempo\/fallecimiento-de-nusin-lerner-rabino-durante-35-anos-del-centro-union-israelita\/","name":"Fallecimiento de Nusin Lerner, Rabino durante 35 a\u00f1os del Centro Uni\u00f3n Israelita - MUJU","isPartOf":{"@id":"https:\/\/museojudiodecordoba.org\/en\/#website"},"primaryImageOfPage":{"@id":"https:\/\/museojudiodecordoba.org\/linea_tiempo\/fallecimiento-de-nusin-lerner-rabino-durante-35-anos-del-centro-union-israelita\/#primaryimage"},"image":{"@id":"https:\/\/museojudiodecordoba.org\/linea_tiempo\/fallecimiento-de-nusin-lerner-rabino-durante-35-anos-del-centro-union-israelita\/#primaryimage"},"thumbnailUrl":"https:\/\/museojudiodecordoba.org\/wp-content\/uploads\/2021\/08\/6Z9A7600.jpg","datePublished":"2021-08-03T18:01:23+00:00","dateModified":"2021-08-03T18:01:23+00:00","breadcrumb":{"@id":"https:\/\/museojudiodecordoba.org\/linea_tiempo\/fallecimiento-de-nusin-lerner-rabino-durante-35-anos-del-centro-union-israelita\/#breadcrumb"},"inLanguage":"iw-IL","potentialAction":[{"@type":"ReadAction","target":["https:\/\/museojudiodecordoba.org\/linea_tiempo\/fallecimiento-de-nusin-lerner-rabino-durante-35-anos-del-centro-union-israelita\/"]}]},{"@type":"ImageObject","inLanguage":"iw-IL","@id":"https:\/\/museojudiodecordoba.org\/linea_tiempo\/fallecimiento-de-nusin-lerner-rabino-durante-35-anos-del-centro-union-israelita\/#primaryimage","url":"https:\/\/museojudiodecordoba.org\/wp-content\/uploads\/2021\/08\/6Z9A7600.jpg","contentUrl":"https:\/\/museojudiodecordoba.org\/wp-content\/uploads\/2021\/08\/6Z9A7600.jpg","width":1726,"height":2500},{"@type":"BreadcrumbList","@id":"https:\/\/museojudiodecordoba.org\/linea_tiempo\/fallecimiento-de-nusin-lerner-rabino-durante-35-anos-del-centro-union-israelita\/#breadcrumb","itemListElement":[{"@type":"ListItem","position":1,"name":"Portada","item":"https:\/\/museojudiodecordoba.org\/en\/"},{"@type":"ListItem","position":2,"name":"Items linea del tiempo","item":"https:\/\/museojudiodecordoba.org\/en\/linea_tiempo\/"},{"@type":"ListItem","position":3,"name":"Fallecimiento de Nusin Lerner, Rabino durante 35 a\u00f1os del Centro Uni\u00f3n Israelita"}]},{"@type":"WebSite","@id":"https:\/\/museojudiodecordoba.org\/en\/#website","url":"https:\/\/museojudiodecordoba.org\/en\/","name":"MUJU","description":"","potentialAction":[{"@type":"SearchAction","target":{"@type":"EntryPoint","urlTemplate":"https:\/\/museojudiodecordoba.org\/en\/?s={search_term_string}"},"query-input":"required name=search_term_string"}],"inLanguage":"iw-IL"}]}},"acf":{"year":"1963","end_year":"1963","display_date":"1963","headline":"Fallecimiento de Nusin Lerner, Rabino durante 35 a\u00f1os del Centro Uni\u00f3n Israelita","text":"En 1963, un 17 de mayo, falleci\u00f3 el Rabi Nusin, conductor religioso de la kehil\u00e1 durante 35 a\u00f1os. La comunidad hab\u00eda contado por 35 a\u00f1os con la figura y la gu\u00eda del rabino Nusin Lerner, quien durante todos estos a\u00f1os acompa\u00f1\u00f3 las acciones comunitarias y a los miembros en los diferentes acontecimientos de la vida: nacimientos, Bar Mitzv\u00e1, casamientos, defunciones, etc.Este mismo a\u00f1o y con el fin de dar respuesta a la demanda creciente de la Escuela, se decidi\u00f3 crear el curso para maestras\/maestros integrales que se puso en marcha en 1963. El proyecto cont\u00f3, desde su inicio, con el apoyo del Departamento de Educaci\u00f3n y Cultura Jud\u00edas para la Di\u00e1spora de la Organizaci\u00f3n Sionista Mundial y de la propia Embajada de Israel en Buenos Aires. As\u00ed, qued\u00f3 conformada la primera instituci\u00f3n destinada a preparar recursos docentes para la escuela jud\u00eda, en base a un plan de estudios.","media":"http:\/\/museojudiodecordoba.org\/wp-content\/uploads\/2020\/12\/6Z9A7600.jpg"},"_links":{"self":[{"href":"https:\/\/museojudiodecordoba.org\/iw\/wp-json\/wp\/v2\/ltiempo\/4159","targetHints":{"allow":["GET"]}}],"collection":[{"href":"https:\/\/museojudiodecordoba.org\/iw\/wp-json\/wp\/v2\/ltiempo"}],"about":[{"href":"https:\/\/museojudiodecordoba.org\/iw\/wp-json\/wp\/v2\/types\/linea_tiempo"}],"wp:featuredmedia":[{"embeddable":true,"href":"https:\/\/museojudiodecordoba.org\/iw\/wp-json\/wp\/v2\/media\/4160"}],"wp:attachment":[{"href":"https:\/\/museojudiodecordoba.org\/iw\/wp-json\/wp\/v2\/media?parent=4159"}],"wp:term":[{"taxonomy":"category","embeddable":true,"href":"https:\/\/museojudiodecordoba.org\/iw\/wp-json\/wp\/v2\/categories?post=4159"}],"curies":[{"name":"wp","href":"https:\/\/api.w.org\/{rel}","templated":true}]}}

Fallecimiento de Nusin Lerner, Rabino durante 35 años del Centro Unión Israelita

<!-- This site is optimized with the Yoast SEO plugin v23.3 - https://yoast.com/wordpress/plugins/seo/ -->
<title>Fallecimiento de Nusin Lerner, Rabino durante 35 años del Centro Unión Israelita - MUJU</title>
<meta name="robots" content="index, follow, max-snippet:-1, max-image-preview:large, max-video-preview:-1" />
<link rel="canonical" href="https://museojudiodecordoba.org/linea_tiempo/fallecimiento-de-nusin-lerner-rabino-durante-35-anos-del-centro-union-israelita/" />
<meta property="og:locale" content="en_US" />
<meta property="og:type" content="article" />
<meta property="og:title" content="Fallecimiento de Nusin Lerner, Rabino durante 35 años del Centro Unión Israelita - MUJU" />
<meta property="og:description" content="[...]Read More..." />
<meta property="og:url" content="https://museojudiodecordoba.org/linea_tiempo/fallecimiento-de-nusin-lerner-rabino-durante-35-anos-del-centro-union-israelita/" />
<meta property="og:site_name" content="MUJU" />
<meta property="og:image" content="https://museojudiodecordoba.org/wp-content/uploads/2021/08/6Z9A7600.jpg" />
	<meta property="og:image:width" content="1726" />
	<meta property="og:image:height" content="2500" />
	<meta property="og:image:type" content="image/jpeg" />
<meta name="twitter:card" content="summary_large_image" />
<script type="application/ld+json" class="yoast-schema-graph">{"@context":"https://schema.org","@graph":[{"@type":"WebPage","@id":"https://museojudiodecordoba.org/linea_tiempo/fallecimiento-de-nusin-lerner-rabino-durante-35-anos-del-centro-union-israelita/","url":"https://museojudiodecordoba.org/linea_tiempo/fallecimiento-de-nusin-lerner-rabino-durante-35-anos-del-centro-union-israelita/","name":"Fallecimiento de Nusin Lerner, Rabino durante 35 años del Centro Unión Israelita - MUJU","isPartOf":{"@id":"https://museojudiodecordoba.org/en/#website"},"primaryImageOfPage":{"@id":"https://museojudiodecordoba.org/linea_tiempo/fallecimiento-de-nusin-lerner-rabino-durante-35-anos-del-centro-union-israelita/#primaryimage"},"image":{"@id":"https://museojudiodecordoba.org/linea_tiempo/fallecimiento-de-nusin-lerner-rabino-durante-35-anos-del-centro-union-israelita/#primaryimage"},"thumbnailUrl":"https://museojudiodecordoba.org/wp-content/uploads/2021/08/6Z9A7600.jpg","datePublished":"2021-08-03T18:01:23+00:00","dateModified":"2021-08-03T18:01:23+00:00","breadcrumb":{"@id":"https://museojudiodecordoba.org/linea_tiempo/fallecimiento-de-nusin-lerner-rabino-durante-35-anos-del-centro-union-israelita/#breadcrumb"},"inLanguage":"iw-IL","potentialAction":[{"@type":"ReadAction","target":["https://museojudiodecordoba.org/linea_tiempo/fallecimiento-de-nusin-lerner-rabino-durante-35-anos-del-centro-union-israelita/"]}]},{"@type":"ImageObject","inLanguage":"iw-IL","@id":"https://museojudiodecordoba.org/linea_tiempo/fallecimiento-de-nusin-lerner-rabino-durante-35-anos-del-centro-union-israelita/#primaryimage","url":"https://museojudiodecordoba.org/wp-content/uploads/2021/08/6Z9A7600.jpg","contentUrl":"https://museojudiodecordoba.org/wp-content/uploads/2021/08/6Z9A7600.jpg","width":1726,"height":2500},{"@type":"BreadcrumbList","@id":"https://museojudiodecordoba.org/linea_tiempo/fallecimiento-de-nusin-lerner-rabino-durante-35-anos-del-centro-union-israelita/#breadcrumb","itemListElement":[{"@type":"ListItem","position":1,"name":"Portada","item":"https://museojudiodecordoba.org/en/"},{"@type":"ListItem","position":2,"name":"Items linea del tiempo","item":"https://museojudiodecordoba.org/en/linea_tiempo/"},{"@type":"ListItem","position":3,"name":"Fallecimiento de Nusin Lerner, Rabino durante 35 años del Centro Unión Israelita"}]},{"@type":"WebSite","@id":"https://museojudiodecordoba.org/en/#website","url":"https://museojudiodecordoba.org/en/","name":"MUJU","description":"","potentialAction":[{"@type":"SearchAction","target":{"@type":"EntryPoint","urlTemplate":"https://museojudiodecordoba.org/en/?s={search_term_string}"},"query-input":"required name=search_term_string"}],"inLanguage":"iw-IL"}]}</script>
<!-- / Yoast SEO plugin. -->

Fallecimiento de Nusin Lerner, Rabino durante 35 años del Centro Unión Israelita - MUJU

En 1963, un 17 de mayo, falleció el Rabi Nusin, conductor religioso de la kehilá durante 35 años. La comunidad había contado por 35 años con la figura y la guía del rabino Nusin Lerner, quien durante todos estos años acompañó las acciones comunitarias y a los miembros en los diferentes acontecimientos de la vida: nacimientos, Bar Mitzvá, casamientos, defunciones, etc.Este mismo año y con el fin de dar respuesta a la demanda creciente de la Escuela, se decidió crear el curso para maestras/maestros integrales que se puso en marcha en 1963. El proyecto contó, desde su inicio, con el apoyo del Departamento de Educación y Cultura Judías para la Diáspora de la Organización Sionista Mundial y de la propia Embajada de Israel en Buenos Aires. Así, quedó conformada la primera institución destinada a preparar recursos docentes para la escuela judía, en base a un plan de estudios.
