{"id":4163,"date":"2021-08-03T18:01:20","date_gmt":"2021-08-03T18:01:20","guid":{"rendered":"http:\/\/museojudiodecordoba.org\/?post_type=linea_tiempo&#038;p=4163"},"modified":"2021-08-03T18:01:20","modified_gmt":"2021-08-03T18:01:20","slug":"primera-promocion-del-colegio-secundario-israelita-general-san-martin","status":"publish","type":"linea_tiempo","link":"https:\/\/museojudiodecordoba.org\/iw\/linea_tiempo\/primera-promocion-del-colegio-secundario-israelita-general-san-martin\/","title":{"rendered":"Primera promoci\u00f3n del colegio secundario Israelita General San Mart\u00edn"},"featured_media":4164,"template":"","meta":{"inline_featured_image":false},"categories":[204],"class_list":["post-4163","linea_tiempo","type-linea_tiempo","status-publish","has-post-thumbnail","hentry","category-204"],"yoast_head":"<!-- This site is optimized with the Yoast SEO plugin v23.3 - https:\/\/yoast.com\/wordpress\/plugins\/seo\/ -->\n<title>Primera promoci\u00f3n del colegio secundario Israelita General San Mart\u00edn - MUJU<\/title>\n<meta name=\"robots\" content=\"index, follow, max-snippet:-1, max-image-preview:large, max-video-preview:-1\" \/>\n<link rel=\"canonical\" href=\"https:\/\/museojudiodecordoba.org\/linea_tiempo\/primera-promocion-del-colegio-secundario-israelita-general-san-martin\/\" \/>\n<meta property=\"og:locale\" content=\"en_US\" \/>\n<meta property=\"og:type\" content=\"article\" \/>\n<meta property=\"og:title\" content=\"Primera promoci\u00f3n del colegio secundario Israelita General San Mart\u00edn - MUJU\" \/>\n<meta property=\"og:description\" content=\"[...]Read More...\" \/>\n<meta property=\"og:url\" content=\"https:\/\/museojudiodecordoba.org\/linea_tiempo\/primera-promocion-del-colegio-secundario-israelita-general-san-martin\/\" \/>\n<meta property=\"og:site_name\" content=\"MUJU\" \/>\n<meta property=\"og:image\" content=\"https:\/\/museojudiodecordoba.org\/wp-content\/uploads\/2021\/08\/1965-PROMO-65-primera-.jpg\" \/>\n\t<meta property=\"og:image:width\" content=\"2058\" \/>\n\t<meta property=\"og:image:height\" content=\"1386\" \/>\n\t<meta property=\"og:image:type\" content=\"image\/jpeg\" \/>\n<meta name=\"twitter:card\" content=\"summary_large_image\" \/>\n<script type=\"application\/ld+json\" class=\"yoast-schema-graph\">{\"@context\":\"https:\/\/schema.org\",\"@graph\":[{\"@type\":\"WebPage\",\"@id\":\"https:\/\/museojudiodecordoba.org\/linea_tiempo\/primera-promocion-del-colegio-secundario-israelita-general-san-martin\/\",\"url\":\"https:\/\/museojudiodecordoba.org\/linea_tiempo\/primera-promocion-del-colegio-secundario-israelita-general-san-martin\/\",\"name\":\"Primera promoci\u00f3n del colegio secundario Israelita General San Mart\u00edn - MUJU\",\"isPartOf\":{\"@id\":\"https:\/\/museojudiodecordoba.org\/en\/#website\"},\"primaryImageOfPage\":{\"@id\":\"https:\/\/museojudiodecordoba.org\/linea_tiempo\/primera-promocion-del-colegio-secundario-israelita-general-san-martin\/#primaryimage\"},\"image\":{\"@id\":\"https:\/\/museojudiodecordoba.org\/linea_tiempo\/primera-promocion-del-colegio-secundario-israelita-general-san-martin\/#primaryimage\"},\"thumbnailUrl\":\"https:\/\/museojudiodecordoba.org\/wp-content\/uploads\/2021\/08\/1965-PROMO-65-primera-.jpg\",\"datePublished\":\"2021-08-03T18:01:20+00:00\",\"dateModified\":\"2021-08-03T18:01:20+00:00\",\"breadcrumb\":{\"@id\":\"https:\/\/museojudiodecordoba.org\/linea_tiempo\/primera-promocion-del-colegio-secundario-israelita-general-san-martin\/#breadcrumb\"},\"inLanguage\":\"iw-IL\",\"potentialAction\":[{\"@type\":\"ReadAction\",\"target\":[\"https:\/\/museojudiodecordoba.org\/linea_tiempo\/primera-promocion-del-colegio-secundario-israelita-general-san-martin\/\"]}]},{\"@type\":\"ImageObject\",\"inLanguage\":\"iw-IL\",\"@id\":\"https:\/\/museojudiodecordoba.org\/linea_tiempo\/primera-promocion-del-colegio-secundario-israelita-general-san-martin\/#primaryimage\",\"url\":\"https:\/\/museojudiodecordoba.org\/wp-content\/uploads\/2021\/08\/1965-PROMO-65-primera-.jpg\",\"contentUrl\":\"https:\/\/museojudiodecordoba.org\/wp-content\/uploads\/2021\/08\/1965-PROMO-65-primera-.jpg\",\"width\":2058,\"height\":1386},{\"@type\":\"BreadcrumbList\",\"@id\":\"https:\/\/museojudiodecordoba.org\/linea_tiempo\/primera-promocion-del-colegio-secundario-israelita-general-san-martin\/#breadcrumb\",\"itemListElement\":[{\"@type\":\"ListItem\",\"position\":1,\"name\":\"Portada\",\"item\":\"https:\/\/museojudiodecordoba.org\/en\/\"},{\"@type\":\"ListItem\",\"position\":2,\"name\":\"Items linea del tiempo\",\"item\":\"https:\/\/museojudiodecordoba.org\/en\/linea_tiempo\/\"},{\"@type\":\"ListItem\",\"position\":3,\"name\":\"Primera promoci\u00f3n del colegio secundario Israelita General San Mart\u00edn\"}]},{\"@type\":\"WebSite\",\"@id\":\"https:\/\/museojudiodecordoba.org\/en\/#website\",\"url\":\"https:\/\/museojudiodecordoba.org\/en\/\",\"name\":\"MUJU\",\"description\":\"\",\"potentialAction\":[{\"@type\":\"SearchAction\",\"target\":{\"@type\":\"EntryPoint\",\"urlTemplate\":\"https:\/\/museojudiodecordoba.org\/en\/?s={search_term_string}\"},\"query-input\":\"required name=search_term_string\"}],\"inLanguage\":\"iw-IL\"}]}<\/script>\n<!-- \/ Yoast SEO plugin. -->","yoast_head_json":{"title":"Primera promoci\u00f3n del colegio secundario Israelita General San Mart\u00edn - MUJU","robots":{"index":"index","follow":"follow","max-snippet":"max-snippet:-1","max-image-preview":"max-image-preview:large","max-video-preview":"max-video-preview:-1"},"canonical":"https:\/\/museojudiodecordoba.org\/linea_tiempo\/primera-promocion-del-colegio-secundario-israelita-general-san-martin\/","og_locale":"en_US","og_type":"article","og_title":"Primera promoci\u00f3n del colegio secundario Israelita General San Mart\u00edn - MUJU","og_description":"[...]Read More...","og_url":"https:\/\/museojudiodecordoba.org\/linea_tiempo\/primera-promocion-del-colegio-secundario-israelita-general-san-martin\/","og_site_name":"MUJU","og_image":[{"width":2058,"height":1386,"url":"https:\/\/museojudiodecordoba.org\/wp-content\/uploads\/2021\/08\/1965-PROMO-65-primera-.jpg","type":"image\/jpeg"}],"twitter_card":"summary_large_image","schema":{"@context":"https:\/\/schema.org","@graph":[{"@type":"WebPage","@id":"https:\/\/museojudiodecordoba.org\/linea_tiempo\/primera-promocion-del-colegio-secundario-israelita-general-san-martin\/","url":"https:\/\/museojudiodecordoba.org\/linea_tiempo\/primera-promocion-del-colegio-secundario-israelita-general-san-martin\/","name":"Primera promoci\u00f3n del colegio secundario Israelita General San Mart\u00edn - MUJU","isPartOf":{"@id":"https:\/\/museojudiodecordoba.org\/en\/#website"},"primaryImageOfPage":{"@id":"https:\/\/museojudiodecordoba.org\/linea_tiempo\/primera-promocion-del-colegio-secundario-israelita-general-san-martin\/#primaryimage"},"image":{"@id":"https:\/\/museojudiodecordoba.org\/linea_tiempo\/primera-promocion-del-colegio-secundario-israelita-general-san-martin\/#primaryimage"},"thumbnailUrl":"https:\/\/museojudiodecordoba.org\/wp-content\/uploads\/2021\/08\/1965-PROMO-65-primera-.jpg","datePublished":"2021-08-03T18:01:20+00:00","dateModified":"2021-08-03T18:01:20+00:00","breadcrumb":{"@id":"https:\/\/museojudiodecordoba.org\/linea_tiempo\/primera-promocion-del-colegio-secundario-israelita-general-san-martin\/#breadcrumb"},"inLanguage":"iw-IL","potentialAction":[{"@type":"ReadAction","target":["https:\/\/museojudiodecordoba.org\/linea_tiempo\/primera-promocion-del-colegio-secundario-israelita-general-san-martin\/"]}]},{"@type":"ImageObject","inLanguage":"iw-IL","@id":"https:\/\/museojudiodecordoba.org\/linea_tiempo\/primera-promocion-del-colegio-secundario-israelita-general-san-martin\/#primaryimage","url":"https:\/\/museojudiodecordoba.org\/wp-content\/uploads\/2021\/08\/1965-PROMO-65-primera-.jpg","contentUrl":"https:\/\/museojudiodecordoba.org\/wp-content\/uploads\/2021\/08\/1965-PROMO-65-primera-.jpg","width":2058,"height":1386},{"@type":"BreadcrumbList","@id":"https:\/\/museojudiodecordoba.org\/linea_tiempo\/primera-promocion-del-colegio-secundario-israelita-general-san-martin\/#breadcrumb","itemListElement":[{"@type":"ListItem","position":1,"name":"Portada","item":"https:\/\/museojudiodecordoba.org\/en\/"},{"@type":"ListItem","position":2,"name":"Items linea del tiempo","item":"https:\/\/museojudiodecordoba.org\/en\/linea_tiempo\/"},{"@type":"ListItem","position":3,"name":"Primera promoci\u00f3n del colegio secundario Israelita General San Mart\u00edn"}]},{"@type":"WebSite","@id":"https:\/\/museojudiodecordoba.org\/en\/#website","url":"https:\/\/museojudiodecordoba.org\/en\/","name":"MUJU","description":"","potentialAction":[{"@type":"SearchAction","target":{"@type":"EntryPoint","urlTemplate":"https:\/\/museojudiodecordoba.org\/en\/?s={search_term_string}"},"query-input":"required name=search_term_string"}],"inLanguage":"iw-IL"}]}},"acf":{"year":"1965","end_year":"1965","display_date":"1965","headline":"Primera promoci\u00f3n del colegio secundario Israelita General San Mart\u00edn","text":"El 15 de marzo de 1961 se inici\u00f3 el primer a\u00f1o del secundario integral donde 42 alumnos comenzaron a cursar sus estudios en la Escuela Israelita Gral. San Mart\u00edn. Fueron los primeros egresados del colegio secundario del Israelita, y la primera promoci\u00f3n de Peritos Mercantiles","media":"http:\/\/museojudiodecordoba.org\/wp-content\/uploads\/2020\/12\/1965-PROMO-65-primera-.jpg"},"_links":{"self":[{"href":"https:\/\/museojudiodecordoba.org\/iw\/wp-json\/wp\/v2\/ltiempo\/4163","targetHints":{"allow":["GET"]}}],"collection":[{"href":"https:\/\/museojudiodecordoba.org\/iw\/wp-json\/wp\/v2\/ltiempo"}],"about":[{"href":"https:\/\/museojudiodecordoba.org\/iw\/wp-json\/wp\/v2\/types\/linea_tiempo"}],"wp:featuredmedia":[{"embeddable":true,"href":"https:\/\/museojudiodecordoba.org\/iw\/wp-json\/wp\/v2\/media\/4164"}],"wp:attachment":[{"href":"https:\/\/museojudiodecordoba.org\/iw\/wp-json\/wp\/v2\/media?parent=4163"}],"wp:term":[{"taxonomy":"category","embeddable":true,"href":"https:\/\/museojudiodecordoba.org\/iw\/wp-json\/wp\/v2\/categories?post=4163"}],"curies":[{"name":"wp","href":"https:\/\/api.w.org\/{rel}","templated":true}]}}

Primera promoción del colegio secundario Israelita General San Martín

<!-- This site is optimized with the Yoast SEO plugin v23.3 - https://yoast.com/wordpress/plugins/seo/ -->
<title>Primera promoción del colegio secundario Israelita General San Martín - MUJU</title>
<meta name="robots" content="index, follow, max-snippet:-1, max-image-preview:large, max-video-preview:-1" />
<link rel="canonical" href="https://museojudiodecordoba.org/linea_tiempo/primera-promocion-del-colegio-secundario-israelita-general-san-martin/" />
<meta property="og:locale" content="en_US" />
<meta property="og:type" content="article" />
<meta property="og:title" content="Primera promoción del colegio secundario Israelita General San Martín - MUJU" />
<meta property="og:description" content="[...]Read More..." />
<meta property="og:url" content="https://museojudiodecordoba.org/linea_tiempo/primera-promocion-del-colegio-secundario-israelita-general-san-martin/" />
<meta property="og:site_name" content="MUJU" />
<meta property="og:image" content="https://museojudiodecordoba.org/wp-content/uploads/2021/08/1965-PROMO-65-primera-.jpg" />
	<meta property="og:image:width" content="2058" />
	<meta property="og:image:height" content="1386" />
	<meta property="og:image:type" content="image/jpeg" />
<meta name="twitter:card" content="summary_large_image" />
<script type="application/ld+json" class="yoast-schema-graph">{"@context":"https://schema.org","@graph":[{"@type":"WebPage","@id":"https://museojudiodecordoba.org/linea_tiempo/primera-promocion-del-colegio-secundario-israelita-general-san-martin/","url":"https://museojudiodecordoba.org/linea_tiempo/primera-promocion-del-colegio-secundario-israelita-general-san-martin/","name":"Primera promoción del colegio secundario Israelita General San Martín - MUJU","isPartOf":{"@id":"https://museojudiodecordoba.org/en/#website"},"primaryImageOfPage":{"@id":"https://museojudiodecordoba.org/linea_tiempo/primera-promocion-del-colegio-secundario-israelita-general-san-martin/#primaryimage"},"image":{"@id":"https://museojudiodecordoba.org/linea_tiempo/primera-promocion-del-colegio-secundario-israelita-general-san-martin/#primaryimage"},"thumbnailUrl":"https://museojudiodecordoba.org/wp-content/uploads/2021/08/1965-PROMO-65-primera-.jpg","datePublished":"2021-08-03T18:01:20+00:00","dateModified":"2021-08-03T18:01:20+00:00","breadcrumb":{"@id":"https://museojudiodecordoba.org/linea_tiempo/primera-promocion-del-colegio-secundario-israelita-general-san-martin/#breadcrumb"},"inLanguage":"iw-IL","potentialAction":[{"@type":"ReadAction","target":["https://museojudiodecordoba.org/linea_tiempo/primera-promocion-del-colegio-secundario-israelita-general-san-martin/"]}]},{"@type":"ImageObject","inLanguage":"iw-IL","@id":"https://museojudiodecordoba.org/linea_tiempo/primera-promocion-del-colegio-secundario-israelita-general-san-martin/#primaryimage","url":"https://museojudiodecordoba.org/wp-content/uploads/2021/08/1965-PROMO-65-primera-.jpg","contentUrl":"https://museojudiodecordoba.org/wp-content/uploads/2021/08/1965-PROMO-65-primera-.jpg","width":2058,"height":1386},{"@type":"BreadcrumbList","@id":"https://museojudiodecordoba.org/linea_tiempo/primera-promocion-del-colegio-secundario-israelita-general-san-martin/#breadcrumb","itemListElement":[{"@type":"ListItem","position":1,"name":"Portada","item":"https://museojudiodecordoba.org/en/"},{"@type":"ListItem","position":2,"name":"Items linea del tiempo","item":"https://museojudiodecordoba.org/en/linea_tiempo/"},{"@type":"ListItem","position":3,"name":"Primera promoción del colegio secundario Israelita General San Martín"}]},{"@type":"WebSite","@id":"https://museojudiodecordoba.org/en/#website","url":"https://museojudiodecordoba.org/en/","name":"MUJU","description":"","potentialAction":[{"@type":"SearchAction","target":{"@type":"EntryPoint","urlTemplate":"https://museojudiodecordoba.org/en/?s={search_term_string}"},"query-input":"required name=search_term_string"}],"inLanguage":"iw-IL"}]}</script>
<!-- / Yoast SEO plugin. -->

Primera promoción del colegio secundario Israelita General San Martín - MUJU

El 15 de marzo de 1961 se inició el primer año del secundario integral donde 42 alumnos comenzaron a cursar sus estudios en la Escuela Israelita Gral. San Martín. Fueron los primeros egresados del colegio secundario del Israelita, y la primera promoción de Peritos Mercantiles
