{"id":4175,"date":"2021-08-03T18:01:12","date_gmt":"2021-08-03T18:01:12","guid":{"rendered":"http:\/\/museojudiodecordoba.org\/?post_type=linea_tiempo&#038;p=4175"},"modified":"2021-08-03T18:01:12","modified_gmt":"2021-08-03T18:01:12","slug":"david-ben-gurion-pisa-suelo-argentino","status":"publish","type":"linea_tiempo","link":"https:\/\/museojudiodecordoba.org\/iw\/linea_tiempo\/david-ben-gurion-pisa-suelo-argentino\/","title":{"rendered":"David Ben Guri\u00f3n pisa suelo argentino"},"featured_media":4176,"template":"","meta":{"inline_featured_image":false},"categories":[204],"class_list":["post-4175","linea_tiempo","type-linea_tiempo","status-publish","has-post-thumbnail","hentry","category-204"],"yoast_head":"<!-- This site is optimized with the Yoast SEO plugin v23.3 - https:\/\/yoast.com\/wordpress\/plugins\/seo\/ -->\n<title>David Ben Guri\u00f3n pisa suelo argentino - MUJU<\/title>\n<meta name=\"robots\" content=\"index, follow, max-snippet:-1, max-image-preview:large, max-video-preview:-1\" \/>\n<link rel=\"canonical\" href=\"https:\/\/museojudiodecordoba.org\/linea_tiempo\/david-ben-gurion-pisa-suelo-argentino\/\" \/>\n<meta property=\"og:locale\" content=\"en_US\" \/>\n<meta property=\"og:type\" content=\"article\" \/>\n<meta property=\"og:title\" content=\"David Ben Guri\u00f3n pisa suelo argentino - MUJU\" \/>\n<meta property=\"og:description\" content=\"[...]Read More...\" \/>\n<meta property=\"og:url\" content=\"https:\/\/museojudiodecordoba.org\/linea_tiempo\/david-ben-gurion-pisa-suelo-argentino\/\" \/>\n<meta property=\"og:site_name\" content=\"MUJU\" \/>\n<meta property=\"og:image\" content=\"https:\/\/museojudiodecordoba.org\/wp-content\/uploads\/2021\/08\/1969-ben-gurion.-borges.jpg\" \/>\n\t<meta property=\"og:image:width\" content=\"706\" \/>\n\t<meta property=\"og:image:height\" content=\"397\" \/>\n\t<meta property=\"og:image:type\" content=\"image\/jpeg\" \/>\n<meta name=\"twitter:card\" content=\"summary_large_image\" \/>\n<script type=\"application\/ld+json\" class=\"yoast-schema-graph\">{\"@context\":\"https:\/\/schema.org\",\"@graph\":[{\"@type\":\"WebPage\",\"@id\":\"https:\/\/museojudiodecordoba.org\/linea_tiempo\/david-ben-gurion-pisa-suelo-argentino\/\",\"url\":\"https:\/\/museojudiodecordoba.org\/linea_tiempo\/david-ben-gurion-pisa-suelo-argentino\/\",\"name\":\"David Ben Guri\u00f3n pisa suelo argentino - MUJU\",\"isPartOf\":{\"@id\":\"https:\/\/museojudiodecordoba.org\/en\/#website\"},\"primaryImageOfPage\":{\"@id\":\"https:\/\/museojudiodecordoba.org\/linea_tiempo\/david-ben-gurion-pisa-suelo-argentino\/#primaryimage\"},\"image\":{\"@id\":\"https:\/\/museojudiodecordoba.org\/linea_tiempo\/david-ben-gurion-pisa-suelo-argentino\/#primaryimage\"},\"thumbnailUrl\":\"https:\/\/museojudiodecordoba.org\/wp-content\/uploads\/2021\/08\/1969-ben-gurion.-borges.jpg\",\"datePublished\":\"2021-08-03T18:01:12+00:00\",\"dateModified\":\"2021-08-03T18:01:12+00:00\",\"breadcrumb\":{\"@id\":\"https:\/\/museojudiodecordoba.org\/linea_tiempo\/david-ben-gurion-pisa-suelo-argentino\/#breadcrumb\"},\"inLanguage\":\"iw-IL\",\"potentialAction\":[{\"@type\":\"ReadAction\",\"target\":[\"https:\/\/museojudiodecordoba.org\/linea_tiempo\/david-ben-gurion-pisa-suelo-argentino\/\"]}]},{\"@type\":\"ImageObject\",\"inLanguage\":\"iw-IL\",\"@id\":\"https:\/\/museojudiodecordoba.org\/linea_tiempo\/david-ben-gurion-pisa-suelo-argentino\/#primaryimage\",\"url\":\"https:\/\/museojudiodecordoba.org\/wp-content\/uploads\/2021\/08\/1969-ben-gurion.-borges.jpg\",\"contentUrl\":\"https:\/\/museojudiodecordoba.org\/wp-content\/uploads\/2021\/08\/1969-ben-gurion.-borges.jpg\",\"width\":706,\"height\":397},{\"@type\":\"BreadcrumbList\",\"@id\":\"https:\/\/museojudiodecordoba.org\/linea_tiempo\/david-ben-gurion-pisa-suelo-argentino\/#breadcrumb\",\"itemListElement\":[{\"@type\":\"ListItem\",\"position\":1,\"name\":\"Portada\",\"item\":\"https:\/\/museojudiodecordoba.org\/en\/\"},{\"@type\":\"ListItem\",\"position\":2,\"name\":\"Items linea del tiempo\",\"item\":\"https:\/\/museojudiodecordoba.org\/en\/linea_tiempo\/\"},{\"@type\":\"ListItem\",\"position\":3,\"name\":\"David Ben Guri\u00f3n pisa suelo argentino\"}]},{\"@type\":\"WebSite\",\"@id\":\"https:\/\/museojudiodecordoba.org\/en\/#website\",\"url\":\"https:\/\/museojudiodecordoba.org\/en\/\",\"name\":\"MUJU\",\"description\":\"\",\"potentialAction\":[{\"@type\":\"SearchAction\",\"target\":{\"@type\":\"EntryPoint\",\"urlTemplate\":\"https:\/\/museojudiodecordoba.org\/en\/?s={search_term_string}\"},\"query-input\":\"required name=search_term_string\"}],\"inLanguage\":\"iw-IL\"}]}<\/script>\n<!-- \/ Yoast SEO plugin. -->","yoast_head_json":{"title":"David Ben Guri\u00f3n pisa suelo argentino - MUJU","robots":{"index":"index","follow":"follow","max-snippet":"max-snippet:-1","max-image-preview":"max-image-preview:large","max-video-preview":"max-video-preview:-1"},"canonical":"https:\/\/museojudiodecordoba.org\/linea_tiempo\/david-ben-gurion-pisa-suelo-argentino\/","og_locale":"en_US","og_type":"article","og_title":"David Ben Guri\u00f3n pisa suelo argentino - MUJU","og_description":"[...]Read More...","og_url":"https:\/\/museojudiodecordoba.org\/linea_tiempo\/david-ben-gurion-pisa-suelo-argentino\/","og_site_name":"MUJU","og_image":[{"width":706,"height":397,"url":"https:\/\/museojudiodecordoba.org\/wp-content\/uploads\/2021\/08\/1969-ben-gurion.-borges.jpg","type":"image\/jpeg"}],"twitter_card":"summary_large_image","schema":{"@context":"https:\/\/schema.org","@graph":[{"@type":"WebPage","@id":"https:\/\/museojudiodecordoba.org\/linea_tiempo\/david-ben-gurion-pisa-suelo-argentino\/","url":"https:\/\/museojudiodecordoba.org\/linea_tiempo\/david-ben-gurion-pisa-suelo-argentino\/","name":"David Ben Guri\u00f3n pisa suelo argentino - MUJU","isPartOf":{"@id":"https:\/\/museojudiodecordoba.org\/en\/#website"},"primaryImageOfPage":{"@id":"https:\/\/museojudiodecordoba.org\/linea_tiempo\/david-ben-gurion-pisa-suelo-argentino\/#primaryimage"},"image":{"@id":"https:\/\/museojudiodecordoba.org\/linea_tiempo\/david-ben-gurion-pisa-suelo-argentino\/#primaryimage"},"thumbnailUrl":"https:\/\/museojudiodecordoba.org\/wp-content\/uploads\/2021\/08\/1969-ben-gurion.-borges.jpg","datePublished":"2021-08-03T18:01:12+00:00","dateModified":"2021-08-03T18:01:12+00:00","breadcrumb":{"@id":"https:\/\/museojudiodecordoba.org\/linea_tiempo\/david-ben-gurion-pisa-suelo-argentino\/#breadcrumb"},"inLanguage":"iw-IL","potentialAction":[{"@type":"ReadAction","target":["https:\/\/museojudiodecordoba.org\/linea_tiempo\/david-ben-gurion-pisa-suelo-argentino\/"]}]},{"@type":"ImageObject","inLanguage":"iw-IL","@id":"https:\/\/museojudiodecordoba.org\/linea_tiempo\/david-ben-gurion-pisa-suelo-argentino\/#primaryimage","url":"https:\/\/museojudiodecordoba.org\/wp-content\/uploads\/2021\/08\/1969-ben-gurion.-borges.jpg","contentUrl":"https:\/\/museojudiodecordoba.org\/wp-content\/uploads\/2021\/08\/1969-ben-gurion.-borges.jpg","width":706,"height":397},{"@type":"BreadcrumbList","@id":"https:\/\/museojudiodecordoba.org\/linea_tiempo\/david-ben-gurion-pisa-suelo-argentino\/#breadcrumb","itemListElement":[{"@type":"ListItem","position":1,"name":"Portada","item":"https:\/\/museojudiodecordoba.org\/en\/"},{"@type":"ListItem","position":2,"name":"Items linea del tiempo","item":"https:\/\/museojudiodecordoba.org\/en\/linea_tiempo\/"},{"@type":"ListItem","position":3,"name":"David Ben Guri\u00f3n pisa suelo argentino"}]},{"@type":"WebSite","@id":"https:\/\/museojudiodecordoba.org\/en\/#website","url":"https:\/\/museojudiodecordoba.org\/en\/","name":"MUJU","description":"","potentialAction":[{"@type":"SearchAction","target":{"@type":"EntryPoint","urlTemplate":"https:\/\/museojudiodecordoba.org\/en\/?s={search_term_string}"},"query-input":"required name=search_term_string"}],"inLanguage":"iw-IL"}]}},"acf":{"year":"1969","end_year":"1969","display_date":"1969","headline":"David Ben Guri\u00f3n pisa suelo argentino","text":"David Ben Guri\u00f3n ejerci\u00f3 el cargo de Primer Ministro de Israel entre 1948 y 1954, y luego nuevamente entre 1955 y 1963. Ben Guri\u00f3n vino a Buenos Aires en 1969; su viaje tuvo un objetivo no oficial y por dem\u00e1s curioso: dictar un seminario sobre el fil\u00f3sofo Baruch Spinoza junto a Jorge Luis Borges. ","media":"http:\/\/museojudiodecordoba.org\/wp-content\/uploads\/2020\/12\/1969-ben-gurion.-borges.jpg"},"_links":{"self":[{"href":"https:\/\/museojudiodecordoba.org\/iw\/wp-json\/wp\/v2\/ltiempo\/4175","targetHints":{"allow":["GET"]}}],"collection":[{"href":"https:\/\/museojudiodecordoba.org\/iw\/wp-json\/wp\/v2\/ltiempo"}],"about":[{"href":"https:\/\/museojudiodecordoba.org\/iw\/wp-json\/wp\/v2\/types\/linea_tiempo"}],"wp:featuredmedia":[{"embeddable":true,"href":"https:\/\/museojudiodecordoba.org\/iw\/wp-json\/wp\/v2\/media\/4176"}],"wp:attachment":[{"href":"https:\/\/museojudiodecordoba.org\/iw\/wp-json\/wp\/v2\/media?parent=4175"}],"wp:term":[{"taxonomy":"category","embeddable":true,"href":"https:\/\/museojudiodecordoba.org\/iw\/wp-json\/wp\/v2\/categories?post=4175"}],"curies":[{"name":"wp","href":"https:\/\/api.w.org\/{rel}","templated":true}]}}

David Ben Gurión pisa suelo argentino

<!-- This site is optimized with the Yoast SEO plugin v23.3 - https://yoast.com/wordpress/plugins/seo/ -->
<title>David Ben Gurión pisa suelo argentino - MUJU</title>
<meta name="robots" content="index, follow, max-snippet:-1, max-image-preview:large, max-video-preview:-1" />
<link rel="canonical" href="https://museojudiodecordoba.org/linea_tiempo/david-ben-gurion-pisa-suelo-argentino/" />
<meta property="og:locale" content="en_US" />
<meta property="og:type" content="article" />
<meta property="og:title" content="David Ben Gurión pisa suelo argentino - MUJU" />
<meta property="og:description" content="[...]Read More..." />
<meta property="og:url" content="https://museojudiodecordoba.org/linea_tiempo/david-ben-gurion-pisa-suelo-argentino/" />
<meta property="og:site_name" content="MUJU" />
<meta property="og:image" content="https://museojudiodecordoba.org/wp-content/uploads/2021/08/1969-ben-gurion.-borges.jpg" />
	<meta property="og:image:width" content="706" />
	<meta property="og:image:height" content="397" />
	<meta property="og:image:type" content="image/jpeg" />
<meta name="twitter:card" content="summary_large_image" />
<script type="application/ld+json" class="yoast-schema-graph">{"@context":"https://schema.org","@graph":[{"@type":"WebPage","@id":"https://museojudiodecordoba.org/linea_tiempo/david-ben-gurion-pisa-suelo-argentino/","url":"https://museojudiodecordoba.org/linea_tiempo/david-ben-gurion-pisa-suelo-argentino/","name":"David Ben Gurión pisa suelo argentino - MUJU","isPartOf":{"@id":"https://museojudiodecordoba.org/en/#website"},"primaryImageOfPage":{"@id":"https://museojudiodecordoba.org/linea_tiempo/david-ben-gurion-pisa-suelo-argentino/#primaryimage"},"image":{"@id":"https://museojudiodecordoba.org/linea_tiempo/david-ben-gurion-pisa-suelo-argentino/#primaryimage"},"thumbnailUrl":"https://museojudiodecordoba.org/wp-content/uploads/2021/08/1969-ben-gurion.-borges.jpg","datePublished":"2021-08-03T18:01:12+00:00","dateModified":"2021-08-03T18:01:12+00:00","breadcrumb":{"@id":"https://museojudiodecordoba.org/linea_tiempo/david-ben-gurion-pisa-suelo-argentino/#breadcrumb"},"inLanguage":"iw-IL","potentialAction":[{"@type":"ReadAction","target":["https://museojudiodecordoba.org/linea_tiempo/david-ben-gurion-pisa-suelo-argentino/"]}]},{"@type":"ImageObject","inLanguage":"iw-IL","@id":"https://museojudiodecordoba.org/linea_tiempo/david-ben-gurion-pisa-suelo-argentino/#primaryimage","url":"https://museojudiodecordoba.org/wp-content/uploads/2021/08/1969-ben-gurion.-borges.jpg","contentUrl":"https://museojudiodecordoba.org/wp-content/uploads/2021/08/1969-ben-gurion.-borges.jpg","width":706,"height":397},{"@type":"BreadcrumbList","@id":"https://museojudiodecordoba.org/linea_tiempo/david-ben-gurion-pisa-suelo-argentino/#breadcrumb","itemListElement":[{"@type":"ListItem","position":1,"name":"Portada","item":"https://museojudiodecordoba.org/en/"},{"@type":"ListItem","position":2,"name":"Items linea del tiempo","item":"https://museojudiodecordoba.org/en/linea_tiempo/"},{"@type":"ListItem","position":3,"name":"David Ben Gurión pisa suelo argentino"}]},{"@type":"WebSite","@id":"https://museojudiodecordoba.org/en/#website","url":"https://museojudiodecordoba.org/en/","name":"MUJU","description":"","potentialAction":[{"@type":"SearchAction","target":{"@type":"EntryPoint","urlTemplate":"https://museojudiodecordoba.org/en/?s={search_term_string}"},"query-input":"required name=search_term_string"}],"inLanguage":"iw-IL"}]}</script>
<!-- / Yoast SEO plugin. -->

David Ben Gurión pisa suelo argentino - MUJU

David Ben Gurión ejerció el cargo de Primer Ministro de Israel entre 1948 y 1954, y luego nuevamente entre 1955 y 1963. Ben Gurión vino a Buenos Aires en 1969; su viaje tuvo un objetivo no oficial y por demás curioso: dictar un seminario sobre el filósofo Baruch Spinoza junto a Jorge Luis Borges.
