{"id":4213,"date":"2021-08-03T18:00:38","date_gmt":"2021-08-03T18:00:38","guid":{"rendered":"http:\/\/museojudiodecordoba.org\/?post_type=linea_tiempo&#038;p=4213"},"modified":"2021-08-03T18:00:38","modified_gmt":"2021-08-03T18:00:38","slug":"la-comunidad-se-une-a-los-festejos-por-la-democracia","status":"publish","type":"linea_tiempo","link":"https:\/\/museojudiodecordoba.org\/iw\/linea_tiempo\/la-comunidad-se-une-a-los-festejos-por-la-democracia\/","title":{"rendered":"La comunidad se une a los festejos por la democracia"},"featured_media":4214,"template":"","meta":{"inline_featured_image":false},"categories":[206],"class_list":["post-4213","linea_tiempo","type-linea_tiempo","status-publish","has-post-thumbnail","hentry","category-206"],"yoast_head":"<!-- This site is optimized with the Yoast SEO plugin v23.3 - https:\/\/yoast.com\/wordpress\/plugins\/seo\/ -->\n<title>La comunidad se une a los festejos por la democracia - MUJU<\/title>\n<meta name=\"robots\" content=\"index, follow, max-snippet:-1, max-image-preview:large, max-video-preview:-1\" \/>\n<link rel=\"canonical\" href=\"https:\/\/museojudiodecordoba.org\/linea_tiempo\/la-comunidad-se-une-a-los-festejos-por-la-democracia\/\" \/>\n<meta property=\"og:locale\" content=\"en_US\" \/>\n<meta property=\"og:type\" content=\"article\" \/>\n<meta property=\"og:title\" content=\"La comunidad se une a los festejos por la democracia - MUJU\" \/>\n<meta property=\"og:description\" content=\"[...]Read More...\" \/>\n<meta property=\"og:url\" content=\"https:\/\/museojudiodecordoba.org\/linea_tiempo\/la-comunidad-se-une-a-los-festejos-por-la-democracia\/\" \/>\n<meta property=\"og:site_name\" content=\"MUJU\" \/>\n<meta property=\"og:image\" content=\"https:\/\/museojudiodecordoba.org\/wp-content\/uploads\/2021\/08\/1983-imagen-de-desaparecidos-libro-30-an\u0303os.jpeg\" \/>\n\t<meta property=\"og:image:width\" content=\"377\" \/>\n\t<meta property=\"og:image:height\" content=\"2153\" \/>\n\t<meta property=\"og:image:type\" content=\"image\/jpeg\" \/>\n<meta name=\"twitter:card\" content=\"summary_large_image\" \/>\n<script type=\"application\/ld+json\" class=\"yoast-schema-graph\">{\"@context\":\"https:\/\/schema.org\",\"@graph\":[{\"@type\":\"WebPage\",\"@id\":\"https:\/\/museojudiodecordoba.org\/linea_tiempo\/la-comunidad-se-une-a-los-festejos-por-la-democracia\/\",\"url\":\"https:\/\/museojudiodecordoba.org\/linea_tiempo\/la-comunidad-se-une-a-los-festejos-por-la-democracia\/\",\"name\":\"La comunidad se une a los festejos por la democracia - MUJU\",\"isPartOf\":{\"@id\":\"https:\/\/museojudiodecordoba.org\/en\/#website\"},\"primaryImageOfPage\":{\"@id\":\"https:\/\/museojudiodecordoba.org\/linea_tiempo\/la-comunidad-se-une-a-los-festejos-por-la-democracia\/#primaryimage\"},\"image\":{\"@id\":\"https:\/\/museojudiodecordoba.org\/linea_tiempo\/la-comunidad-se-une-a-los-festejos-por-la-democracia\/#primaryimage\"},\"thumbnailUrl\":\"https:\/\/museojudiodecordoba.org\/wp-content\/uploads\/2021\/08\/1983-imagen-de-desaparecidos-libro-30-an\u0303os.jpeg\",\"datePublished\":\"2021-08-03T18:00:38+00:00\",\"dateModified\":\"2021-08-03T18:00:38+00:00\",\"breadcrumb\":{\"@id\":\"https:\/\/museojudiodecordoba.org\/linea_tiempo\/la-comunidad-se-une-a-los-festejos-por-la-democracia\/#breadcrumb\"},\"inLanguage\":\"iw-IL\",\"potentialAction\":[{\"@type\":\"ReadAction\",\"target\":[\"https:\/\/museojudiodecordoba.org\/linea_tiempo\/la-comunidad-se-une-a-los-festejos-por-la-democracia\/\"]}]},{\"@type\":\"ImageObject\",\"inLanguage\":\"iw-IL\",\"@id\":\"https:\/\/museojudiodecordoba.org\/linea_tiempo\/la-comunidad-se-une-a-los-festejos-por-la-democracia\/#primaryimage\",\"url\":\"https:\/\/museojudiodecordoba.org\/wp-content\/uploads\/2021\/08\/1983-imagen-de-desaparecidos-libro-30-an\u0303os.jpeg\",\"contentUrl\":\"https:\/\/museojudiodecordoba.org\/wp-content\/uploads\/2021\/08\/1983-imagen-de-desaparecidos-libro-30-an\u0303os.jpeg\",\"width\":377,\"height\":2153},{\"@type\":\"BreadcrumbList\",\"@id\":\"https:\/\/museojudiodecordoba.org\/linea_tiempo\/la-comunidad-se-une-a-los-festejos-por-la-democracia\/#breadcrumb\",\"itemListElement\":[{\"@type\":\"ListItem\",\"position\":1,\"name\":\"Portada\",\"item\":\"https:\/\/museojudiodecordoba.org\/en\/\"},{\"@type\":\"ListItem\",\"position\":2,\"name\":\"Items linea del tiempo\",\"item\":\"https:\/\/museojudiodecordoba.org\/en\/linea_tiempo\/\"},{\"@type\":\"ListItem\",\"position\":3,\"name\":\"La comunidad se une a los festejos por la democracia\"}]},{\"@type\":\"WebSite\",\"@id\":\"https:\/\/museojudiodecordoba.org\/en\/#website\",\"url\":\"https:\/\/museojudiodecordoba.org\/en\/\",\"name\":\"MUJU\",\"description\":\"\",\"potentialAction\":[{\"@type\":\"SearchAction\",\"target\":{\"@type\":\"EntryPoint\",\"urlTemplate\":\"https:\/\/museojudiodecordoba.org\/en\/?s={search_term_string}\"},\"query-input\":\"required name=search_term_string\"}],\"inLanguage\":\"iw-IL\"}]}<\/script>\n<!-- \/ Yoast SEO plugin. -->","yoast_head_json":{"title":"La comunidad se une a los festejos por la democracia - MUJU","robots":{"index":"index","follow":"follow","max-snippet":"max-snippet:-1","max-image-preview":"max-image-preview:large","max-video-preview":"max-video-preview:-1"},"canonical":"https:\/\/museojudiodecordoba.org\/linea_tiempo\/la-comunidad-se-une-a-los-festejos-por-la-democracia\/","og_locale":"en_US","og_type":"article","og_title":"La comunidad se une a los festejos por la democracia - MUJU","og_description":"[...]Read More...","og_url":"https:\/\/museojudiodecordoba.org\/linea_tiempo\/la-comunidad-se-une-a-los-festejos-por-la-democracia\/","og_site_name":"MUJU","og_image":[{"width":377,"height":2153,"url":"https:\/\/museojudiodecordoba.org\/wp-content\/uploads\/2021\/08\/1983-imagen-de-desaparecidos-libro-30-an\u0303os.jpeg","type":"image\/jpeg"}],"twitter_card":"summary_large_image","schema":{"@context":"https:\/\/schema.org","@graph":[{"@type":"WebPage","@id":"https:\/\/museojudiodecordoba.org\/linea_tiempo\/la-comunidad-se-une-a-los-festejos-por-la-democracia\/","url":"https:\/\/museojudiodecordoba.org\/linea_tiempo\/la-comunidad-se-une-a-los-festejos-por-la-democracia\/","name":"La comunidad se une a los festejos por la democracia - MUJU","isPartOf":{"@id":"https:\/\/museojudiodecordoba.org\/en\/#website"},"primaryImageOfPage":{"@id":"https:\/\/museojudiodecordoba.org\/linea_tiempo\/la-comunidad-se-une-a-los-festejos-por-la-democracia\/#primaryimage"},"image":{"@id":"https:\/\/museojudiodecordoba.org\/linea_tiempo\/la-comunidad-se-une-a-los-festejos-por-la-democracia\/#primaryimage"},"thumbnailUrl":"https:\/\/museojudiodecordoba.org\/wp-content\/uploads\/2021\/08\/1983-imagen-de-desaparecidos-libro-30-an\u0303os.jpeg","datePublished":"2021-08-03T18:00:38+00:00","dateModified":"2021-08-03T18:00:38+00:00","breadcrumb":{"@id":"https:\/\/museojudiodecordoba.org\/linea_tiempo\/la-comunidad-se-une-a-los-festejos-por-la-democracia\/#breadcrumb"},"inLanguage":"iw-IL","potentialAction":[{"@type":"ReadAction","target":["https:\/\/museojudiodecordoba.org\/linea_tiempo\/la-comunidad-se-une-a-los-festejos-por-la-democracia\/"]}]},{"@type":"ImageObject","inLanguage":"iw-IL","@id":"https:\/\/museojudiodecordoba.org\/linea_tiempo\/la-comunidad-se-une-a-los-festejos-por-la-democracia\/#primaryimage","url":"https:\/\/museojudiodecordoba.org\/wp-content\/uploads\/2021\/08\/1983-imagen-de-desaparecidos-libro-30-an\u0303os.jpeg","contentUrl":"https:\/\/museojudiodecordoba.org\/wp-content\/uploads\/2021\/08\/1983-imagen-de-desaparecidos-libro-30-an\u0303os.jpeg","width":377,"height":2153},{"@type":"BreadcrumbList","@id":"https:\/\/museojudiodecordoba.org\/linea_tiempo\/la-comunidad-se-une-a-los-festejos-por-la-democracia\/#breadcrumb","itemListElement":[{"@type":"ListItem","position":1,"name":"Portada","item":"https:\/\/museojudiodecordoba.org\/en\/"},{"@type":"ListItem","position":2,"name":"Items linea del tiempo","item":"https:\/\/museojudiodecordoba.org\/en\/linea_tiempo\/"},{"@type":"ListItem","position":3,"name":"La comunidad se une a los festejos por la democracia"}]},{"@type":"WebSite","@id":"https:\/\/museojudiodecordoba.org\/en\/#website","url":"https:\/\/museojudiodecordoba.org\/en\/","name":"MUJU","description":"","potentialAction":[{"@type":"SearchAction","target":{"@type":"EntryPoint","urlTemplate":"https:\/\/museojudiodecordoba.org\/en\/?s={search_term_string}"},"query-input":"required name=search_term_string"}],"inLanguage":"iw-IL"}]}},"acf":{"year":"1983","end_year":"1983","display_date":"1983","headline":"La comunidad se une a los festejos por la democracia","text":"Las elecciones y el retorno a la democracia fueron sin lugar a dudas los hechos que marcaron la d\u00e9cada. La recuperaci\u00f3n de la democracia despert\u00f3 grandes expectativas en la sociedad. El Dr. Ra\u00fal Alfons\u00edn asumi\u00f3 como Presidente de la Rep\u00fablica en 1983.El rab. Felipe Yaffe participa de la Comisi\u00f3n Nacional sobre la Desaparici\u00f3n de Personas (CONADEP).","media":"http:\/\/museojudiodecordoba.org\/wp-content\/uploads\/2021\/02\/1983-imagen-de-desaparecidos-libro-30-an\u0303os.jpeg"},"_links":{"self":[{"href":"https:\/\/museojudiodecordoba.org\/iw\/wp-json\/wp\/v2\/ltiempo\/4213","targetHints":{"allow":["GET"]}}],"collection":[{"href":"https:\/\/museojudiodecordoba.org\/iw\/wp-json\/wp\/v2\/ltiempo"}],"about":[{"href":"https:\/\/museojudiodecordoba.org\/iw\/wp-json\/wp\/v2\/types\/linea_tiempo"}],"wp:featuredmedia":[{"embeddable":true,"href":"https:\/\/museojudiodecordoba.org\/iw\/wp-json\/wp\/v2\/media\/4214"}],"wp:attachment":[{"href":"https:\/\/museojudiodecordoba.org\/iw\/wp-json\/wp\/v2\/media?parent=4213"}],"wp:term":[{"taxonomy":"category","embeddable":true,"href":"https:\/\/museojudiodecordoba.org\/iw\/wp-json\/wp\/v2\/categories?post=4213"}],"curies":[{"name":"wp","href":"https:\/\/api.w.org\/{rel}","templated":true}]}}

Las elecciones y el retorno a la democracia fueron sin lugar a dudas los hechos que marcaron la década. La recuperación de la democracia despertó grandes expectativas en la sociedad. El Dr. Raúl Alfonsín asumió como Presidente de la República en 1983.El rab. Felipe Yaffe participa de la Comisión Nacional sobre la Desaparición de Personas (CONADEP).
