{"id":4228,"date":"2021-08-03T18:00:21","date_gmt":"2021-08-03T18:00:21","guid":{"rendered":"http:\/\/museojudiodecordoba.org\/?post_type=linea_tiempo&#038;p=4228"},"modified":"2021-08-03T18:00:21","modified_gmt":"2021-08-03T18:00:21","slug":"encuentro-de-dirigentes-comunitarios-con-el-papa-juan-pablo-ii","status":"publish","type":"linea_tiempo","link":"https:\/\/museojudiodecordoba.org\/iw\/linea_tiempo\/encuentro-de-dirigentes-comunitarios-con-el-papa-juan-pablo-ii\/","title":{"rendered":"Encuentro de dirigentes comunitarios con el Papa Juan Pablo II"},"featured_media":4229,"template":"","meta":{"inline_featured_image":false},"categories":[206],"class_list":["post-4228","linea_tiempo","type-linea_tiempo","status-publish","has-post-thumbnail","hentry","category-206"],"yoast_head":"<!-- This site is optimized with the Yoast SEO plugin v23.3 - https:\/\/yoast.com\/wordpress\/plugins\/seo\/ -->\n<title>Encuentro de dirigentes comunitarios con el Papa Juan Pablo II - MUJU<\/title>\n<meta name=\"robots\" content=\"index, follow, max-snippet:-1, max-image-preview:large, max-video-preview:-1\" \/>\n<link rel=\"canonical\" href=\"https:\/\/museojudiodecordoba.org\/linea_tiempo\/encuentro-de-dirigentes-comunitarios-con-el-papa-juan-pablo-ii\/\" \/>\n<meta property=\"og:locale\" content=\"en_US\" \/>\n<meta property=\"og:type\" content=\"article\" \/>\n<meta property=\"og:title\" content=\"Encuentro de dirigentes comunitarios con el Papa Juan Pablo II - MUJU\" \/>\n<meta property=\"og:description\" content=\"[...]Read More...\" \/>\n<meta property=\"og:url\" content=\"https:\/\/museojudiodecordoba.org\/linea_tiempo\/encuentro-de-dirigentes-comunitarios-con-el-papa-juan-pablo-ii\/\" \/>\n<meta property=\"og:site_name\" content=\"MUJU\" \/>\n<meta property=\"og:image\" content=\"https:\/\/museojudiodecordoba.org\/wp-content\/uploads\/2021\/08\/1987B.png\" \/>\n\t<meta property=\"og:image:width\" content=\"704\" \/>\n\t<meta property=\"og:image:height\" content=\"397\" \/>\n\t<meta property=\"og:image:type\" content=\"image\/png\" \/>\n<meta name=\"twitter:card\" content=\"summary_large_image\" \/>\n<script type=\"application\/ld+json\" class=\"yoast-schema-graph\">{\"@context\":\"https:\/\/schema.org\",\"@graph\":[{\"@type\":\"WebPage\",\"@id\":\"https:\/\/museojudiodecordoba.org\/linea_tiempo\/encuentro-de-dirigentes-comunitarios-con-el-papa-juan-pablo-ii\/\",\"url\":\"https:\/\/museojudiodecordoba.org\/linea_tiempo\/encuentro-de-dirigentes-comunitarios-con-el-papa-juan-pablo-ii\/\",\"name\":\"Encuentro de dirigentes comunitarios con el Papa Juan Pablo II - MUJU\",\"isPartOf\":{\"@id\":\"https:\/\/museojudiodecordoba.org\/en\/#website\"},\"primaryImageOfPage\":{\"@id\":\"https:\/\/museojudiodecordoba.org\/linea_tiempo\/encuentro-de-dirigentes-comunitarios-con-el-papa-juan-pablo-ii\/#primaryimage\"},\"image\":{\"@id\":\"https:\/\/museojudiodecordoba.org\/linea_tiempo\/encuentro-de-dirigentes-comunitarios-con-el-papa-juan-pablo-ii\/#primaryimage\"},\"thumbnailUrl\":\"https:\/\/museojudiodecordoba.org\/wp-content\/uploads\/2021\/08\/1987B.png\",\"datePublished\":\"2021-08-03T18:00:21+00:00\",\"dateModified\":\"2021-08-03T18:00:21+00:00\",\"breadcrumb\":{\"@id\":\"https:\/\/museojudiodecordoba.org\/linea_tiempo\/encuentro-de-dirigentes-comunitarios-con-el-papa-juan-pablo-ii\/#breadcrumb\"},\"inLanguage\":\"iw-IL\",\"potentialAction\":[{\"@type\":\"ReadAction\",\"target\":[\"https:\/\/museojudiodecordoba.org\/linea_tiempo\/encuentro-de-dirigentes-comunitarios-con-el-papa-juan-pablo-ii\/\"]}]},{\"@type\":\"ImageObject\",\"inLanguage\":\"iw-IL\",\"@id\":\"https:\/\/museojudiodecordoba.org\/linea_tiempo\/encuentro-de-dirigentes-comunitarios-con-el-papa-juan-pablo-ii\/#primaryimage\",\"url\":\"https:\/\/museojudiodecordoba.org\/wp-content\/uploads\/2021\/08\/1987B.png\",\"contentUrl\":\"https:\/\/museojudiodecordoba.org\/wp-content\/uploads\/2021\/08\/1987B.png\",\"width\":704,\"height\":397},{\"@type\":\"BreadcrumbList\",\"@id\":\"https:\/\/museojudiodecordoba.org\/linea_tiempo\/encuentro-de-dirigentes-comunitarios-con-el-papa-juan-pablo-ii\/#breadcrumb\",\"itemListElement\":[{\"@type\":\"ListItem\",\"position\":1,\"name\":\"Portada\",\"item\":\"https:\/\/museojudiodecordoba.org\/en\/\"},{\"@type\":\"ListItem\",\"position\":2,\"name\":\"Items linea del tiempo\",\"item\":\"https:\/\/museojudiodecordoba.org\/en\/linea_tiempo\/\"},{\"@type\":\"ListItem\",\"position\":3,\"name\":\"Encuentro de dirigentes comunitarios con el Papa Juan Pablo II\"}]},{\"@type\":\"WebSite\",\"@id\":\"https:\/\/museojudiodecordoba.org\/en\/#website\",\"url\":\"https:\/\/museojudiodecordoba.org\/en\/\",\"name\":\"MUJU\",\"description\":\"\",\"potentialAction\":[{\"@type\":\"SearchAction\",\"target\":{\"@type\":\"EntryPoint\",\"urlTemplate\":\"https:\/\/museojudiodecordoba.org\/en\/?s={search_term_string}\"},\"query-input\":\"required name=search_term_string\"}],\"inLanguage\":\"iw-IL\"}]}<\/script>\n<!-- \/ Yoast SEO plugin. -->","yoast_head_json":{"title":"Encuentro de dirigentes comunitarios con el Papa Juan Pablo II - MUJU","robots":{"index":"index","follow":"follow","max-snippet":"max-snippet:-1","max-image-preview":"max-image-preview:large","max-video-preview":"max-video-preview:-1"},"canonical":"https:\/\/museojudiodecordoba.org\/linea_tiempo\/encuentro-de-dirigentes-comunitarios-con-el-papa-juan-pablo-ii\/","og_locale":"en_US","og_type":"article","og_title":"Encuentro de dirigentes comunitarios con el Papa Juan Pablo II - MUJU","og_description":"[...]Read More...","og_url":"https:\/\/museojudiodecordoba.org\/linea_tiempo\/encuentro-de-dirigentes-comunitarios-con-el-papa-juan-pablo-ii\/","og_site_name":"MUJU","og_image":[{"width":704,"height":397,"url":"https:\/\/museojudiodecordoba.org\/wp-content\/uploads\/2021\/08\/1987B.png","type":"image\/png"}],"twitter_card":"summary_large_image","schema":{"@context":"https:\/\/schema.org","@graph":[{"@type":"WebPage","@id":"https:\/\/museojudiodecordoba.org\/linea_tiempo\/encuentro-de-dirigentes-comunitarios-con-el-papa-juan-pablo-ii\/","url":"https:\/\/museojudiodecordoba.org\/linea_tiempo\/encuentro-de-dirigentes-comunitarios-con-el-papa-juan-pablo-ii\/","name":"Encuentro de dirigentes comunitarios con el Papa Juan Pablo II - MUJU","isPartOf":{"@id":"https:\/\/museojudiodecordoba.org\/en\/#website"},"primaryImageOfPage":{"@id":"https:\/\/museojudiodecordoba.org\/linea_tiempo\/encuentro-de-dirigentes-comunitarios-con-el-papa-juan-pablo-ii\/#primaryimage"},"image":{"@id":"https:\/\/museojudiodecordoba.org\/linea_tiempo\/encuentro-de-dirigentes-comunitarios-con-el-papa-juan-pablo-ii\/#primaryimage"},"thumbnailUrl":"https:\/\/museojudiodecordoba.org\/wp-content\/uploads\/2021\/08\/1987B.png","datePublished":"2021-08-03T18:00:21+00:00","dateModified":"2021-08-03T18:00:21+00:00","breadcrumb":{"@id":"https:\/\/museojudiodecordoba.org\/linea_tiempo\/encuentro-de-dirigentes-comunitarios-con-el-papa-juan-pablo-ii\/#breadcrumb"},"inLanguage":"iw-IL","potentialAction":[{"@type":"ReadAction","target":["https:\/\/museojudiodecordoba.org\/linea_tiempo\/encuentro-de-dirigentes-comunitarios-con-el-papa-juan-pablo-ii\/"]}]},{"@type":"ImageObject","inLanguage":"iw-IL","@id":"https:\/\/museojudiodecordoba.org\/linea_tiempo\/encuentro-de-dirigentes-comunitarios-con-el-papa-juan-pablo-ii\/#primaryimage","url":"https:\/\/museojudiodecordoba.org\/wp-content\/uploads\/2021\/08\/1987B.png","contentUrl":"https:\/\/museojudiodecordoba.org\/wp-content\/uploads\/2021\/08\/1987B.png","width":704,"height":397},{"@type":"BreadcrumbList","@id":"https:\/\/museojudiodecordoba.org\/linea_tiempo\/encuentro-de-dirigentes-comunitarios-con-el-papa-juan-pablo-ii\/#breadcrumb","itemListElement":[{"@type":"ListItem","position":1,"name":"Portada","item":"https:\/\/museojudiodecordoba.org\/en\/"},{"@type":"ListItem","position":2,"name":"Items linea del tiempo","item":"https:\/\/museojudiodecordoba.org\/en\/linea_tiempo\/"},{"@type":"ListItem","position":3,"name":"Encuentro de dirigentes comunitarios con el Papa Juan Pablo II"}]},{"@type":"WebSite","@id":"https:\/\/museojudiodecordoba.org\/en\/#website","url":"https:\/\/museojudiodecordoba.org\/en\/","name":"MUJU","description":"","potentialAction":[{"@type":"SearchAction","target":{"@type":"EntryPoint","urlTemplate":"https:\/\/museojudiodecordoba.org\/en\/?s={search_term_string}"},"query-input":"required name=search_term_string"}],"inLanguage":"iw-IL"}]}},"acf":{"year":"1987","end_year":"1987","display_date":"1987","headline":"Encuentro de dirigentes comunitarios con el Papa Juan Pablo II","text":"Del 6 al 12 de abril de 1987, el papa Juan Pablo II realiz\u00f3 su segundo viaje apost\u00f3lico a la Argentina, en el que visit\u00f3 las ciudades de Buenos Aires, Bah\u00eda Blanca, Viedma, Mendoza, C\u00f3rdoba, San Miguel de Tucum\u00e1n, Salta, Corrientes, Paran\u00e1 y Rosario.Fueron seis d\u00edas intensos, en los que el pueblo argentino aclam\u00f3 al Papa polaco en cada lugar donde estuvo: en estadios, en un Mercado Central colmado de trabajadores o en una Jornada Mundial de la Juventud in\u00e9dita fuera de Roma, ante la multitud estimada en 1 mill\u00f3n de personas reunida en la avenida 9 de Julio.Seis jornadas, en las que Karol Wojtyla apel\u00f3 a su carisma para transmitir sus ense\u00f1anzas. En esa oportunidad tuvo un encuentro con los representantes de la comunidad jud\u00eda.Este a\u00f1o se realiz\u00f3 un acto p\u00fablico para reclamar la sanci\u00f3n de una Ley Antidiscriminatoria; concurren l\u00edderes pol\u00edticos, gremiales y religiosos.","media":"http:\/\/museojudiodecordoba.org\/wp-content\/uploads\/2021\/02\/1987B.png"},"_links":{"self":[{"href":"https:\/\/museojudiodecordoba.org\/iw\/wp-json\/wp\/v2\/ltiempo\/4228","targetHints":{"allow":["GET"]}}],"collection":[{"href":"https:\/\/museojudiodecordoba.org\/iw\/wp-json\/wp\/v2\/ltiempo"}],"about":[{"href":"https:\/\/museojudiodecordoba.org\/iw\/wp-json\/wp\/v2\/types\/linea_tiempo"}],"wp:featuredmedia":[{"embeddable":true,"href":"https:\/\/museojudiodecordoba.org\/iw\/wp-json\/wp\/v2\/media\/4229"}],"wp:attachment":[{"href":"https:\/\/museojudiodecordoba.org\/iw\/wp-json\/wp\/v2\/media?parent=4228"}],"wp:term":[{"taxonomy":"category","embeddable":true,"href":"https:\/\/museojudiodecordoba.org\/iw\/wp-json\/wp\/v2\/categories?post=4228"}],"curies":[{"name":"wp","href":"https:\/\/api.w.org\/{rel}","templated":true}]}}

Del 6 al 12 de abril de 1987, el papa Juan Pablo II realizó su segundo viaje apostólico a la Argentina, en el que visitó las ciudades de Buenos Aires, Bahía Blanca, Viedma, Mendoza, Córdoba, San Miguel de Tucumán, Salta, Corrientes, Paraná y Rosario.Fueron seis días intensos, en los que el pueblo argentino aclamó al Papa polaco en cada lugar donde estuvo: en estadios, en un Mercado Central colmado de trabajadores o en una Jornada Mundial de la Juventud inédita fuera de Roma, ante la multitud estimada en 1 millón de personas reunida en la avenida 9 de Julio.Seis jornadas, en las que Karol Wojtyla apeló a su carisma para transmitir sus enseñanzas. En esa oportunidad tuvo un encuentro con los representantes de la comunidad judía.Este año se realizó un acto público para reclamar la sanción de una Ley Antidiscriminatoria; concurren líderes políticos, gremiales y religiosos.
