{"id":2826,"date":"2021-02-05T21:54:52","date_gmt":"2021-02-05T21:54:52","guid":{"rendered":"http:\/\/museojudiodecordoba.org\/?post_type=mapas&#038;p=2826"},"modified":"2021-02-09T22:18:53","modified_gmt":"2021-02-09T22:18:53","slug":"distribucion-de-la-poblacion-judia-en-america-latina-segun-estimaciones-del-congreso-judio-latinoamericano-ano-2009","status":"publish","type":"mapas","link":"https:\/\/museojudiodecordoba.org\/iw\/mapas\/distribucion-de-la-poblacion-judia-en-america-latina-segun-estimaciones-del-congreso-judio-latinoamericano-ano-2009\/","title":{"rendered":"Distribuci\u00f3n de la poblaci\u00f3n jud\u00eda en Am\u00e9rica Latina seg\u00fan estimaciones del Congreso Jud\u00edo Latinoamericano a\u00f1o 2009"},"content":{"rendered":"","protected":false},"featured_media":2827,"template":"","categories":[],"class_list":["post-2826","mapas","type-mapas","status-publish","has-post-thumbnail","hentry"],"yoast_head":"<!-- This site is optimized with the Yoast SEO plugin v23.3 - https:\/\/yoast.com\/wordpress\/plugins\/seo\/ -->\n<title><\/title>\n<meta name=\"robots\" content=\"index, follow, max-snippet:-1, max-image-preview:large, max-video-preview:-1\" \/>\n<link rel=\"canonical\" href=\"https:\/\/museojudiodecordoba.org\/mapas\/distribucion-de-la-poblacion-judia-en-america-latina-segun-estimaciones-del-congreso-judio-latinoamericano-ano-2009\/\" \/>\n<meta property=\"og:locale\" content=\"en_US\" \/>\n<meta property=\"og:type\" content=\"article\" \/>\n<meta property=\"og:title\" content=\"[:es]Distribuci\u00f3n de la poblaci\u00f3n jud\u00eda en Am\u00e9rica Latina seg\u00fan estimaciones del Congreso Jud\u00edo Latinoamericano a\u00f1o 2009[:] - MUJU\" \/>\n<meta property=\"og:description\" content=\"[...]Read More...\" \/>\n<meta property=\"og:url\" content=\"https:\/\/museojudiodecordoba.org\/mapas\/distribucion-de-la-poblacion-judia-en-america-latina-segun-estimaciones-del-congreso-judio-latinoamericano-ano-2009\/\" \/>\n<meta property=\"og:site_name\" content=\"MUJU\" \/>\n<meta property=\"article:modified_time\" content=\"2021-02-09T22:18:53+00:00\" \/>\n<meta property=\"og:image\" content=\"https:\/\/museojudiodecordoba.org\/wp-content\/uploads\/2021\/02\/POBLACION_JUDIA_2009-1.png\" \/>\n\t<meta property=\"og:image:width\" content=\"782\" \/>\n\t<meta property=\"og:image:height\" content=\"374\" \/>\n\t<meta property=\"og:image:type\" content=\"image\/png\" \/>\n<meta name=\"twitter:card\" content=\"summary_large_image\" \/>\n<script type=\"application\/ld+json\" class=\"yoast-schema-graph\">{\"@context\":\"https:\/\/schema.org\",\"@graph\":[{\"@type\":\"WebPage\",\"@id\":\"https:\/\/museojudiodecordoba.org\/mapas\/distribucion-de-la-poblacion-judia-en-america-latina-segun-estimaciones-del-congreso-judio-latinoamericano-ano-2009\/\",\"url\":\"https:\/\/museojudiodecordoba.org\/mapas\/distribucion-de-la-poblacion-judia-en-america-latina-segun-estimaciones-del-congreso-judio-latinoamericano-ano-2009\/\",\"name\":\"[:es]Distribuci\u00f3n de la poblaci\u00f3n jud\u00eda en Am\u00e9rica Latina seg\u00fan estimaciones del Congreso Jud\u00edo Latinoamericano a\u00f1o 2009[:] - MUJU\",\"isPartOf\":{\"@id\":\"https:\/\/museojudiodecordoba.org\/en\/#website\"},\"primaryImageOfPage\":{\"@id\":\"https:\/\/museojudiodecordoba.org\/mapas\/distribucion-de-la-poblacion-judia-en-america-latina-segun-estimaciones-del-congreso-judio-latinoamericano-ano-2009\/#primaryimage\"},\"image\":{\"@id\":\"https:\/\/museojudiodecordoba.org\/mapas\/distribucion-de-la-poblacion-judia-en-america-latina-segun-estimaciones-del-congreso-judio-latinoamericano-ano-2009\/#primaryimage\"},\"thumbnailUrl\":\"https:\/\/museojudiodecordoba.org\/wp-content\/uploads\/2021\/02\/POBLACION_JUDIA_2009-1.png\",\"datePublished\":\"2021-02-05T21:54:52+00:00\",\"dateModified\":\"2021-02-09T22:18:53+00:00\",\"breadcrumb\":{\"@id\":\"https:\/\/museojudiodecordoba.org\/mapas\/distribucion-de-la-poblacion-judia-en-america-latina-segun-estimaciones-del-congreso-judio-latinoamericano-ano-2009\/#breadcrumb\"},\"inLanguage\":\"iw-IL\",\"potentialAction\":[{\"@type\":\"ReadAction\",\"target\":[\"https:\/\/museojudiodecordoba.org\/mapas\/distribucion-de-la-poblacion-judia-en-america-latina-segun-estimaciones-del-congreso-judio-latinoamericano-ano-2009\/\"]}]},{\"@type\":\"ImageObject\",\"inLanguage\":\"iw-IL\",\"@id\":\"https:\/\/museojudiodecordoba.org\/mapas\/distribucion-de-la-poblacion-judia-en-america-latina-segun-estimaciones-del-congreso-judio-latinoamericano-ano-2009\/#primaryimage\",\"url\":\"https:\/\/museojudiodecordoba.org\/wp-content\/uploads\/2021\/02\/POBLACION_JUDIA_2009-1.png\",\"contentUrl\":\"https:\/\/museojudiodecordoba.org\/wp-content\/uploads\/2021\/02\/POBLACION_JUDIA_2009-1.png\",\"width\":782,\"height\":374},{\"@type\":\"BreadcrumbList\",\"@id\":\"https:\/\/museojudiodecordoba.org\/mapas\/distribucion-de-la-poblacion-judia-en-america-latina-segun-estimaciones-del-congreso-judio-latinoamericano-ano-2009\/#breadcrumb\",\"itemListElement\":[{\"@type\":\"ListItem\",\"position\":1,\"name\":\"Portada\",\"item\":\"https:\/\/museojudiodecordoba.org\/en\/\"},{\"@type\":\"ListItem\",\"position\":2,\"name\":\"Distribuci\u00f3n de la poblaci\u00f3n jud\u00eda en Am\u00e9rica Latina seg\u00fan estimaciones del Congreso Jud\u00edo Latinoamericano a\u00f1o 2009\"}]},{\"@type\":\"WebSite\",\"@id\":\"https:\/\/museojudiodecordoba.org\/en\/#website\",\"url\":\"https:\/\/museojudiodecordoba.org\/en\/\",\"name\":\"MUJU\",\"description\":\"\",\"potentialAction\":[{\"@type\":\"SearchAction\",\"target\":{\"@type\":\"EntryPoint\",\"urlTemplate\":\"https:\/\/museojudiodecordoba.org\/en\/?s={search_term_string}\"},\"query-input\":\"required name=search_term_string\"}],\"inLanguage\":\"iw-IL\"}]}<\/script>\n<!-- \/ Yoast SEO plugin. -->","yoast_head_json":{"title":"[:es]Distribuci\u00f3n de la poblaci\u00f3n jud\u00eda en Am\u00e9rica Latina seg\u00fan estimaciones del Congreso Jud\u00edo Latinoamericano a\u00f1o 2009[:] - MUJU","robots":{"index":"index","follow":"follow","max-snippet":"max-snippet:-1","max-image-preview":"max-image-preview:large","max-video-preview":"max-video-preview:-1"},"canonical":"https:\/\/museojudiodecordoba.org\/mapas\/distribucion-de-la-poblacion-judia-en-america-latina-segun-estimaciones-del-congreso-judio-latinoamericano-ano-2009\/","og_locale":"en_US","og_type":"article","og_title":"[:es]Distribuci\u00f3n de la poblaci\u00f3n jud\u00eda en Am\u00e9rica Latina seg\u00fan estimaciones del Congreso Jud\u00edo Latinoamericano a\u00f1o 2009[:] - MUJU","og_description":"[...]Read More...","og_url":"https:\/\/museojudiodecordoba.org\/mapas\/distribucion-de-la-poblacion-judia-en-america-latina-segun-estimaciones-del-congreso-judio-latinoamericano-ano-2009\/","og_site_name":"MUJU","article_modified_time":"2021-02-09T22:18:53+00:00","og_image":[{"width":782,"height":374,"url":"https:\/\/museojudiodecordoba.org\/wp-content\/uploads\/2021\/02\/POBLACION_JUDIA_2009-1.png","type":"image\/png"}],"twitter_card":"summary_large_image","schema":{"@context":"https:\/\/schema.org","@graph":[{"@type":"WebPage","@id":"https:\/\/museojudiodecordoba.org\/mapas\/distribucion-de-la-poblacion-judia-en-america-latina-segun-estimaciones-del-congreso-judio-latinoamericano-ano-2009\/","url":"https:\/\/museojudiodecordoba.org\/mapas\/distribucion-de-la-poblacion-judia-en-america-latina-segun-estimaciones-del-congreso-judio-latinoamericano-ano-2009\/","name":"[:es]Distribuci\u00f3n de la poblaci\u00f3n jud\u00eda en Am\u00e9rica Latina seg\u00fan estimaciones del Congreso Jud\u00edo Latinoamericano a\u00f1o 2009[:] - MUJU","isPartOf":{"@id":"https:\/\/museojudiodecordoba.org\/en\/#website"},"primaryImageOfPage":{"@id":"https:\/\/museojudiodecordoba.org\/mapas\/distribucion-de-la-poblacion-judia-en-america-latina-segun-estimaciones-del-congreso-judio-latinoamericano-ano-2009\/#primaryimage"},"image":{"@id":"https:\/\/museojudiodecordoba.org\/mapas\/distribucion-de-la-poblacion-judia-en-america-latina-segun-estimaciones-del-congreso-judio-latinoamericano-ano-2009\/#primaryimage"},"thumbnailUrl":"https:\/\/museojudiodecordoba.org\/wp-content\/uploads\/2021\/02\/POBLACION_JUDIA_2009-1.png","datePublished":"2021-02-05T21:54:52+00:00","dateModified":"2021-02-09T22:18:53+00:00","breadcrumb":{"@id":"https:\/\/museojudiodecordoba.org\/mapas\/distribucion-de-la-poblacion-judia-en-america-latina-segun-estimaciones-del-congreso-judio-latinoamericano-ano-2009\/#breadcrumb"},"inLanguage":"iw-IL","potentialAction":[{"@type":"ReadAction","target":["https:\/\/museojudiodecordoba.org\/mapas\/distribucion-de-la-poblacion-judia-en-america-latina-segun-estimaciones-del-congreso-judio-latinoamericano-ano-2009\/"]}]},{"@type":"ImageObject","inLanguage":"iw-IL","@id":"https:\/\/museojudiodecordoba.org\/mapas\/distribucion-de-la-poblacion-judia-en-america-latina-segun-estimaciones-del-congreso-judio-latinoamericano-ano-2009\/#primaryimage","url":"https:\/\/museojudiodecordoba.org\/wp-content\/uploads\/2021\/02\/POBLACION_JUDIA_2009-1.png","contentUrl":"https:\/\/museojudiodecordoba.org\/wp-content\/uploads\/2021\/02\/POBLACION_JUDIA_2009-1.png","width":782,"height":374},{"@type":"BreadcrumbList","@id":"https:\/\/museojudiodecordoba.org\/mapas\/distribucion-de-la-poblacion-judia-en-america-latina-segun-estimaciones-del-congreso-judio-latinoamericano-ano-2009\/#breadcrumb","itemListElement":[{"@type":"ListItem","position":1,"name":"Portada","item":"https:\/\/museojudiodecordoba.org\/en\/"},{"@type":"ListItem","position":2,"name":"Distribuci\u00f3n de la poblaci\u00f3n jud\u00eda en Am\u00e9rica Latina seg\u00fan estimaciones del Congreso Jud\u00edo Latinoamericano a\u00f1o 2009"}]},{"@type":"WebSite","@id":"https:\/\/museojudiodecordoba.org\/en\/#website","url":"https:\/\/museojudiodecordoba.org\/en\/","name":"MUJU","description":"","potentialAction":[{"@type":"SearchAction","target":{"@type":"EntryPoint","urlTemplate":"https:\/\/museojudiodecordoba.org\/en\/?s={search_term_string}"},"query-input":"required name=search_term_string"}],"inLanguage":"iw-IL"}]}},"acf":{"map_color_box_1":"#a282bb","map_color_box_2":"#ebebeb","leyenda_mapa_1":"Pa\u00edses con presencia de comunidades, de m\u00e1s claro a mas oscuro seg\u00fan cantidad de jud\u00edos.","leyenda_mapa_2":"Pa\u00edses sin datos. Fuente Congreso Jud\u00edo Latinoamericano."},"_links":{"self":[{"href":"https:\/\/museojudiodecordoba.org\/iw\/wp-json\/wp\/v2\/mapas\/2826","targetHints":{"allow":["GET"]}}],"collection":[{"href":"https:\/\/museojudiodecordoba.org\/iw\/wp-json\/wp\/v2\/mapas"}],"about":[{"href":"https:\/\/museojudiodecordoba.org\/iw\/wp-json\/wp\/v2\/types\/mapas"}],"wp:featuredmedia":[{"embeddable":true,"href":"https:\/\/museojudiodecordoba.org\/iw\/wp-json\/wp\/v2\/media\/2827"}],"wp:attachment":[{"href":"https:\/\/museojudiodecordoba.org\/iw\/wp-json\/wp\/v2\/media?parent=2826"}],"wp:term":[{"taxonomy":"category","embeddable":true,"href":"https:\/\/museojudiodecordoba.org\/iw\/wp-json\/wp\/v2\/categories?post=2826"}],"curies":[{"name":"wp","href":"https:\/\/api.w.org\/{rel}","templated":true}]}}

Distribución de la población judía en América Latina según estimaciones del Congreso Judío Latinoamericano año 2009

<!-- This site is optimized with the Yoast SEO plugin v23.3 - https://yoast.com/wordpress/plugins/seo/ -->
<title></title>
<meta name="robots" content="index, follow, max-snippet:-1, max-image-preview:large, max-video-preview:-1" />
<link rel="canonical" href="https://museojudiodecordoba.org/mapas/distribucion-de-la-poblacion-judia-en-america-latina-segun-estimaciones-del-congreso-judio-latinoamericano-ano-2009/" />
<meta property="og:locale" content="en_US" />
<meta property="og:type" content="article" />
<meta property="og:title" content="[:es]Distribución de la población judía en América Latina según estimaciones del Congreso Judío Latinoamericano año 2009[:] - MUJU" />
<meta property="og:description" content="[...]Read More..." />
<meta property="og:url" content="https://museojudiodecordoba.org/mapas/distribucion-de-la-poblacion-judia-en-america-latina-segun-estimaciones-del-congreso-judio-latinoamericano-ano-2009/" />
<meta property="og:site_name" content="MUJU" />
<meta property="article:modified_time" content="2021-02-09T22:18:53+00:00" />
<meta property="og:image" content="https://museojudiodecordoba.org/wp-content/uploads/2021/02/POBLACION_JUDIA_2009-1.png" />
	<meta property="og:image:width" content="782" />
	<meta property="og:image:height" content="374" />
	<meta property="og:image:type" content="image/png" />
<meta name="twitter:card" content="summary_large_image" />
<script type="application/ld+json" class="yoast-schema-graph">{"@context":"https://schema.org","@graph":[{"@type":"WebPage","@id":"https://museojudiodecordoba.org/mapas/distribucion-de-la-poblacion-judia-en-america-latina-segun-estimaciones-del-congreso-judio-latinoamericano-ano-2009/","url":"https://museojudiodecordoba.org/mapas/distribucion-de-la-poblacion-judia-en-america-latina-segun-estimaciones-del-congreso-judio-latinoamericano-ano-2009/","name":"[:es]Distribución de la población judía en América Latina según estimaciones del Congreso Judío Latinoamericano año 2009[:] - MUJU","isPartOf":{"@id":"https://museojudiodecordoba.org/en/#website"},"primaryImageOfPage":{"@id":"https://museojudiodecordoba.org/mapas/distribucion-de-la-poblacion-judia-en-america-latina-segun-estimaciones-del-congreso-judio-latinoamericano-ano-2009/#primaryimage"},"image":{"@id":"https://museojudiodecordoba.org/mapas/distribucion-de-la-poblacion-judia-en-america-latina-segun-estimaciones-del-congreso-judio-latinoamericano-ano-2009/#primaryimage"},"thumbnailUrl":"https://museojudiodecordoba.org/wp-content/uploads/2021/02/POBLACION_JUDIA_2009-1.png","datePublished":"2021-02-05T21:54:52+00:00","dateModified":"2021-02-09T22:18:53+00:00","breadcrumb":{"@id":"https://museojudiodecordoba.org/mapas/distribucion-de-la-poblacion-judia-en-america-latina-segun-estimaciones-del-congreso-judio-latinoamericano-ano-2009/#breadcrumb"},"inLanguage":"iw-IL","potentialAction":[{"@type":"ReadAction","target":["https://museojudiodecordoba.org/mapas/distribucion-de-la-poblacion-judia-en-america-latina-segun-estimaciones-del-congreso-judio-latinoamericano-ano-2009/"]}]},{"@type":"ImageObject","inLanguage":"iw-IL","@id":"https://museojudiodecordoba.org/mapas/distribucion-de-la-poblacion-judia-en-america-latina-segun-estimaciones-del-congreso-judio-latinoamericano-ano-2009/#primaryimage","url":"https://museojudiodecordoba.org/wp-content/uploads/2021/02/POBLACION_JUDIA_2009-1.png","contentUrl":"https://museojudiodecordoba.org/wp-content/uploads/2021/02/POBLACION_JUDIA_2009-1.png","width":782,"height":374},{"@type":"BreadcrumbList","@id":"https://museojudiodecordoba.org/mapas/distribucion-de-la-poblacion-judia-en-america-latina-segun-estimaciones-del-congreso-judio-latinoamericano-ano-2009/#breadcrumb","itemListElement":[{"@type":"ListItem","position":1,"name":"Portada","item":"https://museojudiodecordoba.org/en/"},{"@type":"ListItem","position":2,"name":"Distribución de la población judía en América Latina según estimaciones del Congreso Judío Latinoamericano año 2009"}]},{"@type":"WebSite","@id":"https://museojudiodecordoba.org/en/#website","url":"https://museojudiodecordoba.org/en/","name":"MUJU","description":"","potentialAction":[{"@type":"SearchAction","target":{"@type":"EntryPoint","urlTemplate":"https://museojudiodecordoba.org/en/?s={search_term_string}"},"query-input":"required name=search_term_string"}],"inLanguage":"iw-IL"}]}</script>
<!-- / Yoast SEO plugin. -->

[:es]Distribución de la población judía en América Latina según estimaciones del Congreso Judío Latinoamericano año 2009[:] - MUJU

Países con presencia de comunidades, de más claro a mas oscuro según cantidad de judíos.

Países sin datos. Fuente Congreso Judío Latinoamericano.
